74.7.227.30 - - [29/Jun/2026:06:04:43 +0700] "GET /268014619 HTTP/1.1" 404 40679 "http://me.proid.vn/?sitemap320.xml" "Mozilla/5.0 AppleWebKit/537.36 (KHTML, like Gecko; compatible; GPTBot/1.4; +https://openai.com/gptbot)"
74.7.227.30 - - [29/Jun/2026:06:05:45 +0700] "GET /164004675 HTTP/1.1" 404 40679 "http://me.proid.vn/?sitemap320.xml" "Mozilla/5.0 AppleWebKit/537.36 (KHTML, like Gecko; compatible; GPTBot/1.4; +https://openai.com/gptbot)"
74.7.227.30 - - [29/Jun/2026:06:06:50 +0700] "GET /296017203 HTTP/1.1" 404 40679 "http://me.proid.vn/?sitemap626.xml" "Mozilla/5.0 AppleWebKit/537.36 (KHTML, like Gecko; compatible; GPTBot/1.4; +https://openai.com/gptbot)"
74.7.227.30 - - [29/Jun/2026:06:07:55 +0700] "GET /148028721 HTTP/1.1" 404 40679 "http://me.proid.vn/?sitemap626.xml" "Mozilla/5.0 AppleWebKit/537.36 (KHTML, like Gecko; compatible; GPTBot/1.4; +https://openai.com/gptbot)"
74.7.227.30 - - [29/Jun/2026:06:08:56 +0700] "GET /267012320 HTTP/1.1" 404 40679 "http://me.proid.vn/?sitemap790.xml" "Mozilla/5.0 AppleWebKit/537.36 (KHTML, like Gecko; compatible; GPTBot/1.4; +https://openai.com/gptbot)"
177.54.192.112 - - [29/Jun/2026:06:09:08 +0700] "POST /wp/xmlrpc.php HTTP/1.1" 404 47690 "https://me.proid.vn/xmlrpc.php" "Mozilla/5.0 (Windows NT 10.0; Win64; x64) AppleWebKit/537.36 (KHTML, like Gecko) Chrome/130.0.0.0 Safari/537.36"
74.7.227.30 - - [29/Jun/2026:06:09:56 +0700] "GET /237048352 HTTP/1.1" 404 40679 "http://me.proid.vn/?sitemap267.xml" "Mozilla/5.0 AppleWebKit/537.36 (KHTML, like Gecko; compatible; GPTBot/1.4; +https://openai.com/gptbot)"
186.54.49.193 - - [29/Jun/2026:06:10:50 +0700] "POST /wp/xmlrpc.php HTTP/1.1" 404 47690 "https://me.proid.vn/xmlrpc.php" "Mozilla/5.0 (Windows NT 10.0; Win64; x64) AppleWebKit/537.36 (KHTML, like Gecko) Chrome/132.0.0.0 Safari/537.36 Edg/132.0.0.0"
74.7.227.30 - - [29/Jun/2026:06:10:59 +0700] "GET /059007484 HTTP/1.1" 404 40679 "http://me.proid.vn/?sitemap267.xml" "Mozilla/5.0 AppleWebKit/537.36 (KHTML, like Gecko; compatible; GPTBot/1.4; +https://openai.com/gptbot)"
74.7.227.30 - - [29/Jun/2026:06:12:04 +0700] "GET /149021098 HTTP/1.1" 404 40679 "http://me.proid.vn/?sitemap267.xml" "Mozilla/5.0 AppleWebKit/537.36 (KHTML, like Gecko; compatible; GPTBot/1.4; +https://openai.com/gptbot)"
74.7.227.30 - - [29/Jun/2026:06:13:05 +0700] "GET /254042967 HTTP/1.1" 404 40679 "http://me.proid.vn/?sitemap320.xml" "Mozilla/5.0 AppleWebKit/537.36 (KHTML, like Gecko; compatible; GPTBot/1.4; +https://openai.com/gptbot)"
74.7.227.30 - - [29/Jun/2026:06:14:11 +0700] "GET /237001688 HTTP/1.1" 404 40679 "http://me.proid.vn/?sitemap626.xml" "Mozilla/5.0 AppleWebKit/537.36 (KHTML, like Gecko; compatible; GPTBot/1.4; +https://openai.com/gptbot)"
74.7.227.30 - - [29/Jun/2026:06:15:12 +0700] "GET /164038443 HTTP/1.1" 404 40679 "http://me.proid.vn/?sitemap748.xml" "Mozilla/5.0 AppleWebKit/537.36 (KHTML, like Gecko; compatible; GPTBot/1.4; +https://openai.com/gptbot)"
103.131.71.51 - - [29/Jun/2026:06:16:01 +0700] "GET /robots.txt HTTP/1.1" 200 112 "-" "Mozilla/5.0 (compatible; coccocbot-image/1.0; +http://help.coccoc.com/searchengine)"
74.7.227.30 - - [29/Jun/2026:06:16:14 +0700] "GET /054003575 HTTP/1.1" 404 40679 "http://me.proid.vn/?sitemap320.xml" "Mozilla/5.0 AppleWebKit/537.36 (KHTML, like Gecko; compatible; GPTBot/1.4; +https://openai.com/gptbot)"
74.7.227.30 - - [29/Jun/2026:06:17:14 +0700] "GET /152009425 HTTP/1.1" 404 40679 "http://me.proid.vn/?sitemap790.xml" "Mozilla/5.0 AppleWebKit/537.36 (KHTML, like Gecko; compatible; GPTBot/1.4; +https://openai.com/gptbot)"
103.131.71.53 - - [29/Jun/2026:06:17:43 +0700] "GET /?sitemap603.xml HTTP/1.1" 301 0 "-" "Mozilla/5.0 (compatible; coccocbot-image/1.0; +http://help.coccoc.com/searchengine)"
103.131.71.53 - - [29/Jun/2026:06:17:53 +0700] "GET /?sitemap444.xml HTTP/1.1" 301 0 "-" "Mozilla/5.0 (compatible; coccocbot-image/1.0; +http://help.coccoc.com/searchengine)"
103.131.71.53 - - [29/Jun/2026:06:18:03 +0700] "GET /?sitemap576.xml HTTP/1.1" 301 0 "-" "Mozilla/5.0 (compatible; coccocbot-image/1.0; +http://help.coccoc.com/searchengine)"
103.131.71.53 - - [29/Jun/2026:06:18:13 +0700] "GET /?sitemap598.xml HTTP/1.1" 301 0 "-" "Mozilla/5.0 (compatible; coccocbot-image/1.0; +http://help.coccoc.com/searchengine)"
74.7.227.30 - - [29/Jun/2026:06:18:17 +0700] "GET /183012178 HTTP/1.1" 404 40679 "http://me.proid.vn/?sitemap320.xml" "Mozilla/5.0 AppleWebKit/537.36 (KHTML, like Gecko; compatible; GPTBot/1.4; +https://openai.com/gptbot)"
103.131.71.53 - - [29/Jun/2026:06:18:23 +0700] "GET /?sitemap732.xml HTTP/1.1" 301 0 "-" "Mozilla/5.0 (compatible; coccocbot-image/1.0; +http://help.coccoc.com/searchengine)"
74.7.227.30 - - [29/Jun/2026:06:19:22 +0700] "GET /062028575 HTTP/1.1" 404 40679 "http://me.proid.vn/?sitemap790.xml" "Mozilla/5.0 AppleWebKit/537.36 (KHTML, like Gecko; compatible; GPTBot/1.4; +https://openai.com/gptbot)"
74.7.227.30 - - [29/Jun/2026:06:20:25 +0700] "GET /242043549 HTTP/1.1" 404 40679 "http://me.proid.vn/?sitemap626.xml" "Mozilla/5.0 AppleWebKit/537.36 (KHTML, like Gecko; compatible; GPTBot/1.4; +https://openai.com/gptbot)"
216.73.217.174 - - [29/Jun/2026:06:20:43 +0700] "GET / HTTP/1.1" 301 0 "-" "Mozilla/5.0 AppleWebKit/537.36 (KHTML, like Gecko; compatible; ClaudeBot/1.0; +claudebot@anthropic.com)"
74.7.227.30 - - [29/Jun/2026:06:21:30 +0700] "GET /051019764 HTTP/1.1" 404 40679 "http://me.proid.vn/?sitemap790.xml" "Mozilla/5.0 AppleWebKit/537.36 (KHTML, like Gecko; compatible; GPTBot/1.4; +https://openai.com/gptbot)"
3.139.242.79 - - [29/Jun/2026:06:21:40 +0700] "GET / HTTP/1.1" 301 0 "-" "visionheight.com/scan Mozilla/5.0 (Macintosh; Intel Mac OS X 10_15_7) Chrome/126.0.0.0 Safari/537.36"
74.7.227.30 - - [29/Jun/2026:06:22:32 +0700] "GET /107021190 HTTP/1.1" 404 40679 "http://me.proid.vn/?sitemap267.xml" "Mozilla/5.0 AppleWebKit/537.36 (KHTML, like Gecko; compatible; GPTBot/1.4; +https://openai.com/gptbot)"
74.7.227.30 - - [29/Jun/2026:06:23:34 +0700] "GET /162007551 HTTP/1.1" 404 40679 "http://me.proid.vn/?sitemap626.xml" "Mozilla/5.0 AppleWebKit/537.36 (KHTML, like Gecko; compatible; GPTBot/1.4; +https://openai.com/gptbot)"
74.7.227.30 - - [29/Jun/2026:06:24:36 +0700] "GET /062019287 HTTP/1.1" 404 40679 "http://me.proid.vn/?sitemap267.xml" "Mozilla/5.0 AppleWebKit/537.36 (KHTML, like Gecko; compatible; GPTBot/1.4; +https://openai.com/gptbot)"
74.7.227.30 - - [29/Jun/2026:06:25:41 +0700] "GET /150042021 HTTP/1.1" 404 40679 "http://me.proid.vn/?sitemap267.xml" "Mozilla/5.0 AppleWebKit/537.36 (KHTML, like Gecko; compatible; GPTBot/1.4; +https://openai.com/gptbot)"
74.7.227.30 - - [29/Jun/2026:06:26:41 +0700] "GET /080037175 HTTP/1.1" 404 40679 "http://me.proid.vn/?sitemap626.xml" "Mozilla/5.0 AppleWebKit/537.36 (KHTML, like Gecko; compatible; GPTBot/1.4; +https://openai.com/gptbot)"
74.7.227.30 - - [29/Jun/2026:06:27:44 +0700] "GET /233026800 HTTP/1.1" 404 40679 "http://me.proid.vn/?sitemap320.xml" "Mozilla/5.0 AppleWebKit/537.36 (KHTML, like Gecko; compatible; GPTBot/1.4; +https://openai.com/gptbot)"
74.7.227.30 - - [29/Jun/2026:06:28:48 +0700] "GET /297022740 HTTP/1.1" 404 40679 "http://me.proid.vn/?sitemap626.xml" "Mozilla/5.0 AppleWebKit/537.36 (KHTML, like Gecko; compatible; GPTBot/1.4; +https://openai.com/gptbot)"
74.7.227.30 - - [29/Jun/2026:06:29:49 +0700] "GET /199045680 HTTP/1.1" 404 40679 "http://me.proid.vn/?sitemap748.xml" "Mozilla/5.0 AppleWebKit/537.36 (KHTML, like Gecko; compatible; GPTBot/1.4; +https://openai.com/gptbot)"
74.7.227.30 - - [29/Jun/2026:06:30:52 +0700] "GET /242028067 HTTP/1.1" 404 40679 "http://me.proid.vn/?sitemap790.xml" "Mozilla/5.0 AppleWebKit/537.36 (KHTML, like Gecko; compatible; GPTBot/1.4; +https://openai.com/gptbot)"
74.7.227.30 - - [29/Jun/2026:06:31:57 +0700] "GET /159041624 HTTP/1.1" 404 40679 "http://me.proid.vn/?sitemap790.xml" "Mozilla/5.0 AppleWebKit/537.36 (KHTML, like Gecko; compatible; GPTBot/1.4; +https://openai.com/gptbot)"
74.7.227.30 - - [29/Jun/2026:06:33:02 +0700] "GET /170046907 HTTP/1.1" 404 40679 "http://me.proid.vn/?sitemap748.xml" "Mozilla/5.0 AppleWebKit/537.36 (KHTML, like Gecko; compatible; GPTBot/1.4; +https://openai.com/gptbot)"
74.7.227.30 - - [29/Jun/2026:06:34:03 +0700] "GET /209044060 HTTP/1.1" 404 40679 "http://me.proid.vn/?sitemap267.xml" "Mozilla/5.0 AppleWebKit/537.36 (KHTML, like Gecko; compatible; GPTBot/1.4; +https://openai.com/gptbot)"
74.7.227.30 - - [29/Jun/2026:06:35:04 +0700] "GET /181045198 HTTP/1.1" 404 40679 "http://me.proid.vn/?sitemap626.xml" "Mozilla/5.0 AppleWebKit/537.36 (KHTML, like Gecko; compatible; GPTBot/1.4; +https://openai.com/gptbot)"
74.7.227.30 - - [29/Jun/2026:06:36:06 +0700] "GET /274002117 HTTP/1.1" 404 40679 "http://me.proid.vn/?sitemap790.xml" "Mozilla/5.0 AppleWebKit/537.36 (KHTML, like Gecko; compatible; GPTBot/1.4; +https://openai.com/gptbot)"
14.225.203.84 - - [29/Jun/2026:06:36:06 +0700] "POST /wp-cron.php?doing_wp_cron=1782689766.5514669418334960937500 HTTP/1.1" 200 0 "-" "WordPress/7.0; https://me.proid.vn"
74.7.227.30 - - [29/Jun/2026:06:37:08 +0700] "GET /236034717 HTTP/1.1" 404 40679 "http://me.proid.vn/?sitemap626.xml" "Mozilla/5.0 AppleWebKit/537.36 (KHTML, like Gecko; compatible; GPTBot/1.4; +https://openai.com/gptbot)"
74.7.227.30 - - [29/Jun/2026:06:38:14 +0700] "GET /046012055 HTTP/1.1" 404 40679 "http://me.proid.vn/?sitemap790.xml" "Mozilla/5.0 AppleWebKit/537.36 (KHTML, like Gecko; compatible; GPTBot/1.4; +https://openai.com/gptbot)"
74.7.227.30 - - [29/Jun/2026:06:39:19 +0700] "GET /247009466 HTTP/1.1" 404 40679 "http://me.proid.vn/?sitemap790.xml" "Mozilla/5.0 AppleWebKit/537.36 (KHTML, like Gecko; compatible; GPTBot/1.4; +https://openai.com/gptbot)"
74.7.227.30 - - [29/Jun/2026:06:40:19 +0700] "GET /083037228 HTTP/1.1" 404 40679 "http://me.proid.vn/?sitemap748.xml" "Mozilla/5.0 AppleWebKit/537.36 (KHTML, like Gecko; compatible; GPTBot/1.4; +https://openai.com/gptbot)"
74.7.227.30 - - [29/Jun/2026:06:41:21 +0700] "GET /176003461 HTTP/1.1" 404 40679 "http://me.proid.vn/?sitemap748.xml" "Mozilla/5.0 AppleWebKit/537.36 (KHTML, like Gecko; compatible; GPTBot/1.4; +https://openai.com/gptbot)"
74.7.227.30 - - [29/Jun/2026:06:42:22 +0700] "GET /229026210 HTTP/1.1" 404 40679 "http://me.proid.vn/?sitemap748.xml" "Mozilla/5.0 AppleWebKit/537.36 (KHTML, like Gecko; compatible; GPTBot/1.4; +https://openai.com/gptbot)"
74.7.227.30 - - [29/Jun/2026:06:43:22 +0700] "GET /118048963 HTTP/1.1" 404 40679 "http://me.proid.vn/?sitemap626.xml" "Mozilla/5.0 AppleWebKit/537.36 (KHTML, like Gecko; compatible; GPTBot/1.4; +https://openai.com/gptbot)"
74.7.227.30 - - [29/Jun/2026:06:44:24 +0700] "GET /053002384 HTTP/1.1" 404 40679 "http://me.proid.vn/?sitemap790.xml" "Mozilla/5.0 AppleWebKit/537.36 (KHTML, like Gecko; compatible; GPTBot/1.4; +https://openai.com/gptbot)"
74.7.227.30 - - [29/Jun/2026:06:45:26 +0700] "GET /119015636 HTTP/1.1" 404 40679 "http://me.proid.vn/?sitemap748.xml" "Mozilla/5.0 AppleWebKit/537.36 (KHTML, like Gecko; compatible; GPTBot/1.4; +https://openai.com/gptbot)"
74.7.227.30 - - [29/Jun/2026:06:46:30 +0700] "GET /189039364 HTTP/1.1" 404 40679 "http://me.proid.vn/?sitemap748.xml" "Mozilla/5.0 AppleWebKit/537.36 (KHTML, like Gecko; compatible; GPTBot/1.4; +https://openai.com/gptbot)"
74.7.227.30 - - [29/Jun/2026:06:47:35 +0700] "GET /034029397 HTTP/1.1" 404 40679 "http://me.proid.vn/?sitemap267.xml" "Mozilla/5.0 AppleWebKit/537.36 (KHTML, like Gecko; compatible; GPTBot/1.4; +https://openai.com/gptbot)"
74.7.227.30 - - [29/Jun/2026:06:48:39 +0700] "GET /020011327 HTTP/1.1" 404 40679 "http://me.proid.vn/?sitemap626.xml" "Mozilla/5.0 AppleWebKit/537.36 (KHTML, like Gecko; compatible; GPTBot/1.4; +https://openai.com/gptbot)"
74.7.227.30 - - [29/Jun/2026:06:49:41 +0700] "GET /051045434 HTTP/1.1" 404 40677 "http://me.proid.vn/?sitemap626.xml" "Mozilla/5.0 AppleWebKit/537.36 (KHTML, like Gecko; compatible; GPTBot/1.4; +https://openai.com/gptbot)"
74.7.227.30 - - [29/Jun/2026:06:50:44 +0700] "GET /127037752 HTTP/1.1" 404 40679 "http://me.proid.vn/?sitemap748.xml" "Mozilla/5.0 AppleWebKit/537.36 (KHTML, like Gecko; compatible; GPTBot/1.4; +https://openai.com/gptbot)"
74.7.227.30 - - [29/Jun/2026:06:51:47 +0700] "GET /239044314 HTTP/1.1" 404 40679 "http://me.proid.vn/?sitemap790.xml" "Mozilla/5.0 AppleWebKit/537.36 (KHTML, like Gecko; compatible; GPTBot/1.4; +https://openai.com/gptbot)"
74.7.227.30 - - [29/Jun/2026:06:52:49 +0700] "GET /183017324 HTTP/1.1" 404 40679 "http://me.proid.vn/?sitemap626.xml" "Mozilla/5.0 AppleWebKit/537.36 (KHTML, like Gecko; compatible; GPTBot/1.4; +https://openai.com/gptbot)"
74.7.227.30 - - [29/Jun/2026:06:53:53 +0700] "GET /083022706 HTTP/1.1" 404 40679 "http://me.proid.vn/?sitemap267.xml" "Mozilla/5.0 AppleWebKit/537.36 (KHTML, like Gecko; compatible; GPTBot/1.4; +https://openai.com/gptbot)"
74.7.227.30 - - [29/Jun/2026:06:54:56 +0700] "GET /212046277 HTTP/1.1" 404 40679 "http://me.proid.vn/?sitemap320.xml" "Mozilla/5.0 AppleWebKit/537.36 (KHTML, like Gecko; compatible; GPTBot/1.4; +https://openai.com/gptbot)"
74.7.227.30 - - [29/Jun/2026:06:56:00 +0700] "GET /006033779 HTTP/1.1" 404 40679 "http://me.proid.vn/?sitemap748.xml" "Mozilla/5.0 AppleWebKit/537.36 (KHTML, like Gecko; compatible; GPTBot/1.4; +https://openai.com/gptbot)"
74.7.227.30 - - [29/Jun/2026:06:57:04 +0700] "GET /142019591 HTTP/1.1" 404 40679 "http://me.proid.vn/?sitemap626.xml" "Mozilla/5.0 AppleWebKit/537.36 (KHTML, like Gecko; compatible; GPTBot/1.4; +https://openai.com/gptbot)"
14.225.203.84 - - [29/Jun/2026:06:57:26 +0700] "GET /.well-known/acme-challenge/3-1FW0WS859FCV5Q2BCNI5ZF0__BUMKB HTTP/1.1" 200 64 "-" "Cpanel-HTTP-Client/1.0"
74.7.227.30 - - [29/Jun/2026:06:58:08 +0700] "GET /115002706 HTTP/1.1" 404 40679 "http://me.proid.vn/?sitemap320.xml" "Mozilla/5.0 AppleWebKit/537.36 (KHTML, like Gecko; compatible; GPTBot/1.4; +https://openai.com/gptbot)"
74.7.227.30 - - [29/Jun/2026:06:59:09 +0700] "GET /154007765 HTTP/1.1" 404 40679 "http://me.proid.vn/?sitemap320.xml" "Mozilla/5.0 AppleWebKit/537.36 (KHTML, like Gecko; compatible; GPTBot/1.4; +https://openai.com/gptbot)"
74.7.244.17 - - [29/Jun/2026:06:59:11 +0700] "GET /robots.txt HTTP/1.1" 200 95 "-" "Mozilla/5.0 (Macintosh; Intel Mac OS X 10_15_7) AppleWebKit/537.36 (KHTML, like Gecko) Chrome/131.0.0.0 Safari/537.36; compatible; OAI-SearchBot/1.4; robots.txt; +https://openai.com/searchbot"
74.7.227.30 - - [29/Jun/2026:07:00:10 +0700] "GET /198014397 HTTP/1.1" 404 40686 "http://me.proid.vn/?sitemap626.xml" "Mozilla/5.0 AppleWebKit/537.36 (KHTML, like Gecko; compatible; GPTBot/1.4; +https://openai.com/gptbot)"
74.7.227.30 - - [29/Jun/2026:07:01:10 +0700] "GET /289027644 HTTP/1.1" 404 40686 "http://me.proid.vn/?sitemap748.xml" "Mozilla/5.0 AppleWebKit/537.36 (KHTML, like Gecko; compatible; GPTBot/1.4; +https://openai.com/gptbot)"
74.7.227.30 - - [29/Jun/2026:07:02:14 +0700] "GET /227010730 HTTP/1.1" 404 40686 "http://me.proid.vn/?sitemap748.xml" "Mozilla/5.0 AppleWebKit/537.36 (KHTML, like Gecko; compatible; GPTBot/1.4; +https://openai.com/gptbot)"
74.7.227.30 - - [29/Jun/2026:07:03:15 +0700] "GET /113047948 HTTP/1.1" 404 40686 "http://me.proid.vn/?sitemap748.xml" "Mozilla/5.0 AppleWebKit/537.36 (KHTML, like Gecko; compatible; GPTBot/1.4; +https://openai.com/gptbot)"
74.7.227.30 - - [29/Jun/2026:07:04:16 +0700] "GET /079048756 HTTP/1.1" 404 40686 "http://me.proid.vn/?sitemap320.xml" "Mozilla/5.0 AppleWebKit/537.36 (KHTML, like Gecko; compatible; GPTBot/1.4; +https://openai.com/gptbot)"
74.7.227.30 - - [29/Jun/2026:07:05:21 +0700] "GET /142001573 HTTP/1.1" 404 40686 "http://me.proid.vn/?sitemap320.xml" "Mozilla/5.0 AppleWebKit/537.36 (KHTML, like Gecko; compatible; GPTBot/1.4; +https://openai.com/gptbot)"
216.73.217.174 - - [29/Jun/2026:07:05:44 +0700] "GET /robots.txt HTTP/1.1" 200 95 "-" "Mozilla/5.0 AppleWebKit/537.36 (KHTML, like Gecko; compatible; ClaudeBot/1.0; +claudebot@anthropic.com)"
216.73.217.174 - - [29/Jun/2026:07:05:45 +0700] "GET / HTTP/1.1" 301 0 "-" "Mozilla/5.0 AppleWebKit/537.36 (KHTML, like Gecko; compatible; ClaudeBot/1.0; +claudebot@anthropic.com)"
74.7.227.30 - - [29/Jun/2026:07:06:24 +0700] "GET /025003464 HTTP/1.1" 404 40686 "http://me.proid.vn/?sitemap748.xml" "Mozilla/5.0 AppleWebKit/537.36 (KHTML, like Gecko; compatible; GPTBot/1.4; +https://openai.com/gptbot)"
74.7.227.30 - - [29/Jun/2026:07:07:27 +0700] "GET /186002387 HTTP/1.1" 404 40686 "http://me.proid.vn/?sitemap320.xml" "Mozilla/5.0 AppleWebKit/537.36 (KHTML, like Gecko; compatible; GPTBot/1.4; +https://openai.com/gptbot)"
74.7.227.30 - - [29/Jun/2026:07:08:28 +0700] "GET /079037388 HTTP/1.1" 404 40686 "http://me.proid.vn/?sitemap320.xml" "Mozilla/5.0 AppleWebKit/537.36 (KHTML, like Gecko; compatible; GPTBot/1.4; +https://openai.com/gptbot)"
74.7.227.30 - - [29/Jun/2026:07:09:29 +0700] "GET /212004525 HTTP/1.1" 404 40686 "http://me.proid.vn/?sitemap320.xml" "Mozilla/5.0 AppleWebKit/537.36 (KHTML, like Gecko; compatible; GPTBot/1.4; +https://openai.com/gptbot)"
74.7.227.30 - - [29/Jun/2026:07:10:33 +0700] "GET /044031163 HTTP/1.1" 404 40686 "http://me.proid.vn/?sitemap626.xml" "Mozilla/5.0 AppleWebKit/537.36 (KHTML, like Gecko; compatible; GPTBot/1.4; +https://openai.com/gptbot)"
74.7.227.30 - - [29/Jun/2026:07:11:37 +0700] "GET /257031718 HTTP/1.1" 404 40686 "http://me.proid.vn/?sitemap790.xml" "Mozilla/5.0 AppleWebKit/537.36 (KHTML, like Gecko; compatible; GPTBot/1.4; +https://openai.com/gptbot)"
74.7.227.30 - - [29/Jun/2026:07:12:38 +0700] "GET /013043296 HTTP/1.1" 404 40686 "http://me.proid.vn/?sitemap748.xml" "Mozilla/5.0 AppleWebKit/537.36 (KHTML, like Gecko; compatible; GPTBot/1.4; +https://openai.com/gptbot)"
74.7.227.30 - - [29/Jun/2026:07:13:38 +0700] "GET /226023881 HTTP/1.1" 404 40686 "http://me.proid.vn/?sitemap320.xml" "Mozilla/5.0 AppleWebKit/537.36 (KHTML, like Gecko; compatible; GPTBot/1.4; +https://openai.com/gptbot)"
74.7.227.30 - - [29/Jun/2026:07:14:40 +0700] "GET /220021627 HTTP/1.1" 404 40686 "http://me.proid.vn/?sitemap626.xml" "Mozilla/5.0 AppleWebKit/537.36 (KHTML, like Gecko; compatible; GPTBot/1.4; +https://openai.com/gptbot)"
180.252.88.41 - - [29/Jun/2026:07:15:25 +0700] "GET /BsMPQ6Wavdefault.php HTTP/1.1" 404 47727 "-" "Mozilla/5.0 (Windows NT 10.0; Win64; x64) AppleWebKit/537.36 (KHTML, like Gecko) Chrome/91.0.4472.124 Safari/537.36"
74.7.227.30 - - [29/Jun/2026:07:15:40 +0700] "GET /025016746 HTTP/1.1" 404 40686 "http://me.proid.vn/?sitemap626.xml" "Mozilla/5.0 AppleWebKit/537.36 (KHTML, like Gecko; compatible; GPTBot/1.4; +https://openai.com/gptbot)"
74.7.227.30 - - [29/Jun/2026:07:16:41 +0700] "GET /224028761 HTTP/1.1" 404 40686 "http://me.proid.vn/?sitemap790.xml" "Mozilla/5.0 AppleWebKit/537.36 (KHTML, like Gecko; compatible; GPTBot/1.4; +https://openai.com/gptbot)"
74.7.227.30 - - [29/Jun/2026:07:17:45 +0700] "GET /015009456 HTTP/1.1" 404 40686 "http://me.proid.vn/?sitemap320.xml" "Mozilla/5.0 AppleWebKit/537.36 (KHTML, like Gecko; compatible; GPTBot/1.4; +https://openai.com/gptbot)"
74.7.227.30 - - [29/Jun/2026:07:18:47 +0700] "GET /265001448 HTTP/1.1" 404 40686 "http://me.proid.vn/?sitemap748.xml" "Mozilla/5.0 AppleWebKit/537.36 (KHTML, like Gecko; compatible; GPTBot/1.4; +https://openai.com/gptbot)"
74.7.227.30 - - [29/Jun/2026:07:19:48 +0700] "GET /063045400 HTTP/1.1" 404 40686 "http://me.proid.vn/?sitemap790.xml" "Mozilla/5.0 AppleWebKit/537.36 (KHTML, like Gecko; compatible; GPTBot/1.4; +https://openai.com/gptbot)"
74.7.227.30 - - [29/Jun/2026:07:20:48 +0700] "GET /195028594 HTTP/1.1" 404 40686 "http://me.proid.vn/?sitemap267.xml" "Mozilla/5.0 AppleWebKit/537.36 (KHTML, like Gecko; compatible; GPTBot/1.4; +https://openai.com/gptbot)"
74.7.227.30 - - [29/Jun/2026:07:21:53 +0700] "GET /239038604 HTTP/1.1" 404 40686 "http://me.proid.vn/?sitemap320.xml" "Mozilla/5.0 AppleWebKit/537.36 (KHTML, like Gecko; compatible; GPTBot/1.4; +https://openai.com/gptbot)"
74.7.227.30 - - [29/Jun/2026:07:22:58 +0700] "GET /069025842 HTTP/1.1" 404 40686 "http://me.proid.vn/?sitemap320.xml" "Mozilla/5.0 AppleWebKit/537.36 (KHTML, like Gecko; compatible; GPTBot/1.4; +https://openai.com/gptbot)"
74.7.227.30 - - [29/Jun/2026:07:24:03 +0700] "GET /201032168 HTTP/1.1" 404 40686 "http://me.proid.vn/?sitemap320.xml" "Mozilla/5.0 AppleWebKit/537.36 (KHTML, like Gecko; compatible; GPTBot/1.4; +https://openai.com/gptbot)"
74.7.227.30 - - [29/Jun/2026:07:25:05 +0700] "GET /071009628 HTTP/1.1" 404 40686 "http://me.proid.vn/?sitemap790.xml" "Mozilla/5.0 AppleWebKit/537.36 (KHTML, like Gecko; compatible; GPTBot/1.4; +https://openai.com/gptbot)"
74.7.227.30 - - [29/Jun/2026:07:26:05 +0700] "GET /241014068 HTTP/1.1" 404 40686 "http://me.proid.vn/?sitemap748.xml" "Mozilla/5.0 AppleWebKit/537.36 (KHTML, like Gecko; compatible; GPTBot/1.4; +https://openai.com/gptbot)"
14.225.203.84 - - [29/Jun/2026:07:26:06 +0700] "POST /wp-cron.php?doing_wp_cron=1782692766.0983610153198242187500 HTTP/1.1" 200 0 "-" "WordPress/7.0; https://me.proid.vn"
74.7.227.30 - - [29/Jun/2026:07:27:06 +0700] "GET /038002577 HTTP/1.1" 404 40686 "http://me.proid.vn/?sitemap790.xml" "Mozilla/5.0 AppleWebKit/537.36 (KHTML, like Gecko; compatible; GPTBot/1.4; +https://openai.com/gptbot)"
74.7.227.30 - - [29/Jun/2026:07:28:08 +0700] "GET /168010629 HTTP/1.1" 404 40686 "http://me.proid.vn/?sitemap790.xml" "Mozilla/5.0 AppleWebKit/537.36 (KHTML, like Gecko; compatible; GPTBot/1.4; +https://openai.com/gptbot)"
74.7.227.30 - - [29/Jun/2026:07:29:11 +0700] "GET /219028554 HTTP/1.1" 404 40686 "http://me.proid.vn/?sitemap790.xml" "Mozilla/5.0 AppleWebKit/537.36 (KHTML, like Gecko; compatible; GPTBot/1.4; +https://openai.com/gptbot)"
74.7.227.30 - - [29/Jun/2026:07:30:15 +0700] "GET /183047210 HTTP/1.1" 404 40686 "http://me.proid.vn/?sitemap790.xml" "Mozilla/5.0 AppleWebKit/537.36 (KHTML, like Gecko; compatible; GPTBot/1.4; +https://openai.com/gptbot)"
193.34.73.191 - - [29/Jun/2026:07:31:16 +0700] "GET /wp-login.php HTTP/1.1" 302 0 "-" "Mozilla/5.0 (Macintosh; Intel Mac OS X 10_12_6) AppleWebKit/603.3.8 (KHTML, like Gecko) Version/10.1.2 Safari/603.3.8"
193.34.73.191 - - [29/Jun/2026:07:31:18 +0700] "POST /wp-login.php HTTP/1.1" 302 0 "-" "Mozilla/5.0 (Macintosh; Intel Mac OS X 10_12_6) AppleWebKit/603.3.8 (KHTML, like Gecko) Version/10.1.2 Safari/603.3.8"
74.7.227.30 - - [29/Jun/2026:07:31:18 +0700] "GET /128022453 HTTP/1.1" 404 40686 "http://me.proid.vn/?sitemap267.xml" "Mozilla/5.0 AppleWebKit/537.36 (KHTML, like Gecko; compatible; GPTBot/1.4; +https://openai.com/gptbot)"
193.34.73.191 - - [29/Jun/2026:07:31:19 +0700] "GET /wp-admin/post-new.php HTTP/1.1" 302 0 "-" "Mozilla/5.0 (Macintosh; Intel Mac OS X 10_12_6) AppleWebKit/603.3.8 (KHTML, like Gecko) Version/10.1.2 Safari/603.3.8"
74.7.227.30 - - [29/Jun/2026:07:32:18 +0700] "GET /178005685 HTTP/1.1" 404 40686 "http://me.proid.vn/?sitemap790.xml" "Mozilla/5.0 AppleWebKit/537.36 (KHTML, like Gecko; compatible; GPTBot/1.4; +https://openai.com/gptbot)"
74.7.227.30 - - [29/Jun/2026:07:33:19 +0700] "GET /061032842 HTTP/1.1" 404 40686 "http://me.proid.vn/?sitemap267.xml" "Mozilla/5.0 AppleWebKit/537.36 (KHTML, like Gecko; compatible; GPTBot/1.4; +https://openai.com/gptbot)"
45.8.19.15 - - [29/Jun/2026:07:34:17 +0700] "GET /wp-includes/ HTTP/1.1" 200 7437 "https://www.google.com" "Mozilla/5.0 (Linux; Android 7.0; SM-G892A Build/NRD90M; wv) AppleWebKit/537.36 (KHTML, like Gecko) Version/4.0 Chrome/60.0.3112.107 Mobile Safari/537.36"
74.7.227.30 - - [29/Jun/2026:07:34:21 +0700] "GET /090017503 HTTP/1.1" 404 40686 "http://me.proid.vn/?sitemap748.xml" "Mozilla/5.0 AppleWebKit/537.36 (KHTML, like Gecko; compatible; GPTBot/1.4; +https://openai.com/gptbot)"
216.73.161.234 - - [29/Jun/2026:07:34:26 +0700] "GET /.well-known/ HTTP/1.1" 200 781 "https://www.google.com" "Mozilla/5.0 (Linux; Android 7.0; SM-G892A Build/NRD90M; wv) AppleWebKit/537.36 (KHTML, like Gecko) Version/4.0 Chrome/60.0.3112.107 Mobile Safari/537.36"
216.73.161.233 - - [29/Jun/2026:07:34:27 +0700] "GET /autoload_classmap/ HTTP/1.1" 404 47727 "https://www.google.com" "Mozilla/5.0 (Linux; Android 7.0; SM-G892A Build/NRD90M; wv) AppleWebKit/537.36 (KHTML, like Gecko) Version/4.0 Chrome/60.0.3112.107 Mobile Safari/537.36"
216.73.161.230 - - [29/Jun/2026:07:34:34 +0700] "GET /cgi-bin/ HTTP/1.1" 404 47727 "https://www.google.com" "Mozilla/5.0 (Linux; Android 7.0; SM-G892A Build/NRD90M; wv) AppleWebKit/537.36 (KHTML, like Gecko) Version/4.0 Chrome/60.0.3112.107 Mobile Safari/537.36"
45.8.19.11 - - [29/Jun/2026:07:34:39 +0700] "GET /.well-known/acme-challenge/ HTTP/1.1" 200 669 "https://www.google.com" "Mozilla/5.0 (Linux; Android 7.0; SM-G892A Build/NRD90M; wv) AppleWebKit/537.36 (KHTML, like Gecko) Version/4.0 Chrome/60.0.3112.107 Mobile Safari/537.36"
216.73.161.224 - - [29/Jun/2026:07:34:47 +0700] "GET /.well-known/pki-validation/ HTTP/1.1" 200 670 "https://www.google.com" "Mozilla/5.0 (Linux; Android 7.0; SM-G892A Build/NRD90M; wv) AppleWebKit/537.36 (KHTML, like Gecko) Version/4.0 Chrome/60.0.3112.107 Mobile Safari/537.36"
45.92.229.72 - - [29/Jun/2026:07:34:56 +0700] "GET /.well-known/pkivalidation/ HTTP/1.1" 404 47727 "https://www.google.com" "Mozilla/5.0 (Linux; Android 7.0; SM-G892A Build/NRD90M; wv) AppleWebKit/537.36 (KHTML, like Gecko) Version/4.0 Chrome/60.0.3112.107 Mobile Safari/537.36"
45.92.229.78 - - [29/Jun/2026:07:35:16 +0700] "GET /.well-knownold/ HTTP/1.1" 404 47727 "https://www.google.com" "Mozilla/5.0 (Linux; Android 7.0; SM-G892A Build/NRD90M; wv) AppleWebKit/537.36 (KHTML, like Gecko) Version/4.0 Chrome/60.0.3112.107 Mobile Safari/537.36"
45.92.229.76 - - [29/Jun/2026:07:35:22 +0700] "GET /ALFA_DATA/ HTTP/1.1" 404 47727 "https://www.google.com" "Mozilla/5.0 (Linux; Android 7.0; SM-G892A Build/NRD90M; wv) AppleWebKit/537.36 (KHTML, like Gecko) Version/4.0 Chrome/60.0.3112.107 Mobile Safari/537.36"
74.7.227.30 - - [29/Jun/2026:07:35:25 +0700] "GET /151009246 HTTP/1.1" 404 40686 "http://me.proid.vn/?sitemap790.xml" "Mozilla/5.0 AppleWebKit/537.36 (KHTML, like Gecko; compatible; GPTBot/1.4; +https://openai.com/gptbot)"
216.73.161.235 - - [29/Jun/2026:07:35:26 +0700] "GET /ALFA_DATA/alfacgiapi/ HTTP/1.1" 404 47727 "https://www.google.com" "Mozilla/5.0 (Linux; Android 7.0; SM-G892A Build/NRD90M; wv) AppleWebKit/537.36 (KHTML, like Gecko) Version/4.0 Chrome/60.0.3112.107 Mobile Safari/537.36"
216.73.161.227 - - [29/Jun/2026:07:35:40 +0700] "GET /administrator/components/ HTTP/1.1" 404 47727 "https://www.google.com" "Mozilla/5.0 (Linux; Android 7.0; SM-G892A Build/NRD90M; wv) AppleWebKit/537.36 (KHTML, like Gecko) Version/4.0 Chrome/60.0.3112.107 Mobile Safari/537.36"
45.8.19.14 - - [29/Jun/2026:07:35:48 +0700] "GET /administrator/modules/ HTTP/1.1" 404 47727 "https://www.google.com" "Mozilla/5.0 (Linux; Android 7.0; SM-G892A Build/NRD90M; wv) AppleWebKit/537.36 (KHTML, like Gecko) Version/4.0 Chrome/60.0.3112.107 Mobile Safari/537.36"
45.92.229.72 - - [29/Jun/2026:07:35:54 +0700] "GET /administrator/templates/ HTTP/1.1" 404 47727 "https://www.google.com" "Mozilla/5.0 (Linux; Android 7.0; SM-G892A Build/NRD90M; wv) AppleWebKit/537.36 (KHTML, like Gecko) Version/4.0 Chrome/60.0.3112.107 Mobile Safari/537.36"
216.73.161.242 - - [29/Jun/2026:07:35:59 +0700] "GET /app/ HTTP/1.1" 404 47727 "https://www.google.com" "Mozilla/5.0 (Linux; Android 7.0; SM-G892A Build/NRD90M; wv) AppleWebKit/537.36 (KHTML, like Gecko) Version/4.0 Chrome/60.0.3112.107 Mobile Safari/537.36"
216.73.161.231 - - [29/Jun/2026:07:36:03 +0700] "GET /bootstrap/cache/ HTTP/1.1" 404 47727 "https://www.google.com" "Mozilla/5.0 (Linux; Android 7.0; SM-G892A Build/NRD90M; wv) AppleWebKit/537.36 (KHTML, like Gecko) Version/4.0 Chrome/60.0.3112.107 Mobile Safari/537.36"
216.73.161.232 - - [29/Jun/2026:07:36:14 +0700] "GET /cache/ HTTP/1.1" 404 47727 "https://www.google.com" "Mozilla/5.0 (Linux; Android 7.0; SM-G892A Build/NRD90M; wv) AppleWebKit/537.36 (KHTML, like Gecko) Version/4.0 Chrome/60.0.3112.107 Mobile Safari/537.36"
216.73.161.233 - - [29/Jun/2026:07:36:18 +0700] "GET /components/ HTTP/1.1" 404 47727 "https://www.google.com" "Mozilla/5.0 (Linux; Android 7.0; SM-G892A Build/NRD90M; wv) AppleWebKit/537.36 (KHTML, like Gecko) Version/4.0 Chrome/60.0.3112.107 Mobile Safari/537.36"
74.7.227.30 - - [29/Jun/2026:07:36:28 +0700] "GET /124011575 HTTP/1.1" 404 40686 "http://me.proid.vn/?sitemap626.xml" "Mozilla/5.0 AppleWebKit/537.36 (KHTML, like Gecko; compatible; GPTBot/1.4; +https://openai.com/gptbot)"
45.92.229.82 - - [29/Jun/2026:07:36:27 +0700] "GET /config/ HTTP/1.1" 404 47727 "https://www.google.com" "Mozilla/5.0 (Linux; Android 7.0; SM-G892A Build/NRD90M; wv) AppleWebKit/537.36 (KHTML, like Gecko) Version/4.0 Chrome/60.0.3112.107 Mobile Safari/537.36"
45.92.229.71 - - [29/Jun/2026:07:36:44 +0700] "GET /core/lib/Drupal/ HTTP/1.1" 404 47788 "https://www.google.com" "Mozilla/5.0 (Linux; Android 7.0; SM-G892A Build/NRD90M; wv) AppleWebKit/537.36 (KHTML, like Gecko) Version/4.0 Chrome/60.0.3112.107 Mobile Safari/537.36"
45.92.229.70 - - [29/Jun/2026:07:36:55 +0700] "GET /core/vendor/ HTTP/1.1" 404 47727 "https://www.google.com" "Mozilla/5.0 (Linux; Android 7.0; SM-G892A Build/NRD90M; wv) AppleWebKit/537.36 (KHTML, like Gecko) Version/4.0 Chrome/60.0.3112.107 Mobile Safari/537.36"
45.8.19.5 - - [29/Jun/2026:07:37:02 +0700] "GET /database/migrations/ HTTP/1.1" 404 47727 "https://www.google.com" "Mozilla/5.0 (Linux; Android 7.0; SM-G892A Build/NRD90M; wv) AppleWebKit/537.36 (KHTML, like Gecko) Version/4.0 Chrome/60.0.3112.107 Mobile Safari/537.36"
216.73.161.240 - - [29/Jun/2026:07:37:18 +0700] "GET /function/ HTTP/1.1" 404 47727 "https://www.google.com" "Mozilla/5.0 (Linux; Android 7.0; SM-G892A Build/NRD90M; wv) AppleWebKit/537.36 (KHTML, like Gecko) Version/4.0 Chrome/60.0.3112.107 Mobile Safari/537.36"
45.8.19.4 - - [29/Jun/2026:07:37:26 +0700] "GET /images/ HTTP/1.1" 200 742 "https://www.google.com" "Mozilla/5.0 (Linux; Android 7.0; SM-G892A Build/NRD90M; wv) AppleWebKit/537.36 (KHTML, like Gecko) Version/4.0 Chrome/60.0.3112.107 Mobile Safari/537.36"
216.73.161.236 - - [29/Jun/2026:07:37:28 +0700] "GET /images/stories/ HTTP/1.1" 404 47727 "https://www.google.com" "Mozilla/5.0 (Linux; Android 7.0; SM-G892A Build/NRD90M; wv) AppleWebKit/537.36 (KHTML, like Gecko) Version/4.0 Chrome/60.0.3112.107 Mobile Safari/537.36"
74.7.227.30 - - [29/Jun/2026:07:37:29 +0700] "GET /003020768 HTTP/1.1" 404 40686 "http://me.proid.vn/?sitemap320.xml" "Mozilla/5.0 AppleWebKit/537.36 (KHTML, like Gecko; compatible; GPTBot/1.4; +https://openai.com/gptbot)"
216.73.161.234 - - [29/Jun/2026:07:37:30 +0700] "GET /libraries/ HTTP/1.1" 404 47727 "https://www.google.com" "Mozilla/5.0 (Linux; Android 7.0; SM-G892A Build/NRD90M; wv) AppleWebKit/537.36 (KHTML, like Gecko) Version/4.0 Chrome/60.0.3112.107 Mobile Safari/537.36"
216.73.161.230 - - [29/Jun/2026:07:37:38 +0700] "GET /libraries/vendor/ HTTP/1.1" 404 47727 "https://www.google.com" "Mozilla/5.0 (Linux; Android 7.0; SM-G892A Build/NRD90M; wv) AppleWebKit/537.36 (KHTML, like Gecko) Version/4.0 Chrome/60.0.3112.107 Mobile Safari/537.36"
216.73.161.231 - - [29/Jun/2026:07:37:46 +0700] "GET /logs/ HTTP/1.1" 404 47727 "https://www.google.com" "Mozilla/5.0 (Linux; Android 7.0; SM-G892A Build/NRD90M; wv) AppleWebKit/537.36 (KHTML, like Gecko) Version/4.0 Chrome/60.0.3112.107 Mobile Safari/537.36"
45.8.19.12 - - [29/Jun/2026:07:37:49 +0700] "GET /media/ HTTP/1.1" 404 47727 "https://www.google.com" "Mozilla/5.0 (Linux; Android 7.0; SM-G892A Build/NRD90M; wv) AppleWebKit/537.36 (KHTML, like Gecko) Version/4.0 Chrome/60.0.3112.107 Mobile Safari/537.36"
216.73.161.225 - - [29/Jun/2026:07:38:00 +0700] "GET /modules/ HTTP/1.1" 404 47727 "https://www.google.com" "Mozilla/5.0 (Linux; Android 7.0; SM-G892A Build/NRD90M; wv) AppleWebKit/537.36 (KHTML, like Gecko) Version/4.0 Chrome/60.0.3112.107 Mobile Safari/537.36"
216.73.161.232 - - [29/Jun/2026:07:38:06 +0700] "GET /modules/contrib/ HTTP/1.1" 404 47727 "https://www.google.com" "Mozilla/5.0 (Linux; Android 7.0; SM-G892A Build/NRD90M; wv) AppleWebKit/537.36 (KHTML, like Gecko) Version/4.0 Chrome/60.0.3112.107 Mobile Safari/537.36"
45.8.19.10 - - [29/Jun/2026:07:38:12 +0700] "GET /modules/custom/ HTTP/1.1" 404 47727 "https://www.google.com" "Mozilla/5.0 (Linux; Android 7.0; SM-G892A Build/NRD90M; wv) AppleWebKit/537.36 (KHTML, like Gecko) Version/4.0 Chrome/60.0.3112.107 Mobile Safari/537.36"
216.73.161.235 - - [29/Jun/2026:07:38:17 +0700] "GET /plugins/ HTTP/1.1" 404 47727 "https://www.google.com" "Mozilla/5.0 (Linux; Android 7.0; SM-G892A Build/NRD90M; wv) AppleWebKit/537.36 (KHTML, like Gecko) Version/4.0 Chrome/60.0.3112.107 Mobile Safari/537.36"
45.8.19.7 - - [29/Jun/2026:07:38:24 +0700] "GET /plugins/editor/ HTTP/1.1" 404 47727 "https://www.google.com" "Mozilla/5.0 (Linux; Android 7.0; SM-G892A Build/NRD90M; wv) AppleWebKit/537.36 (KHTML, like Gecko) Version/4.0 Chrome/60.0.3112.107 Mobile Safari/537.36"
45.8.19.13 - - [29/Jun/2026:07:38:28 +0700] "GET /plugins/system/ HTTP/1.1" 404 47727 "https://www.google.com" "Mozilla/5.0 (Linux; Android 7.0; SM-G892A Build/NRD90M; wv) AppleWebKit/537.36 (KHTML, like Gecko) Version/4.0 Chrome/60.0.3112.107 Mobile Safari/537.36"
74.7.227.30 - - [29/Jun/2026:07:38:31 +0700] "GET /096011055 HTTP/1.1" 404 40686 "http://me.proid.vn/?sitemap267.xml" "Mozilla/5.0 AppleWebKit/537.36 (KHTML, like Gecko; compatible; GPTBot/1.4; +https://openai.com/gptbot)"
45.8.19.2 - - [29/Jun/2026:07:38:33 +0700] "GET /prayer_intentions.php HTTP/1.1" 404 47727 "https://www.google.com" "Mozilla/5.0 (Linux; Android 7.0; SM-G892A Build/NRD90M; wv) AppleWebKit/537.36 (KHTML, like Gecko) Version/4.0 Chrome/60.0.3112.107 Mobile Safari/537.36"
45.92.229.77 - - [29/Jun/2026:07:38:42 +0700] "GET /profiles/ HTTP/1.1" 404 47727 "https://www.google.com" "Mozilla/5.0 (Linux; Android 7.0; SM-G892A Build/NRD90M; wv) AppleWebKit/537.36 (KHTML, like Gecko) Version/4.0 Chrome/60.0.3112.107 Mobile Safari/537.36"
45.8.19.9 - - [29/Jun/2026:07:38:46 +0700] "GET /files/ HTTP/1.1" 404 47727 "https://www.google.com" "Mozilla/5.0 (Linux; Android 7.0; SM-G892A Build/NRD90M; wv) AppleWebKit/537.36 (KHTML, like Gecko) Version/4.0 Chrome/60.0.3112.107 Mobile Safari/537.36"
45.8.19.15 - - [29/Jun/2026:07:38:49 +0700] "GET /cms/ HTTP/1.1" 404 47727 "https://www.google.com" "Mozilla/5.0 (Linux; Android 7.0; SM-G892A Build/NRD90M; wv) AppleWebKit/537.36 (KHTML, like Gecko) Version/4.0 Chrome/60.0.3112.107 Mobile Safari/537.36"
45.92.229.71 - - [29/Jun/2026:07:38:56 +0700] "GET /assets/ HTTP/1.1" 404 47727 "https://www.google.com" "Mozilla/5.0 (Linux; Android 7.0; SM-G892A Build/NRD90M; wv) AppleWebKit/537.36 (KHTML, like Gecko) Version/4.0 Chrome/60.0.3112.107 Mobile Safari/537.36"
45.92.229.80 - - [29/Jun/2026:07:38:59 +0700] "GET /fonts/ HTTP/1.1" 404 47727 "https://www.google.com" "Mozilla/5.0 (Linux; Android 7.0; SM-G892A Build/NRD90M; wv) AppleWebKit/537.36 (KHTML, like Gecko) Version/4.0 Chrome/60.0.3112.107 Mobile Safari/537.36"
216.73.161.231 - - [29/Jun/2026:07:39:01 +0700] "GET /routes/ HTTP/1.1" 404 47727 "https://www.google.com" "Mozilla/5.0 (Linux; Android 7.0; SM-G892A Build/NRD90M; wv) AppleWebKit/537.36 (KHTML, like Gecko) Version/4.0 Chrome/60.0.3112.107 Mobile Safari/537.36"
216.73.161.226 - - [29/Jun/2026:07:39:17 +0700] "GET /sites/all/modules/ HTTP/1.1" 404 47788 "https://www.google.com" "Mozilla/5.0 (Linux; Android 7.0; SM-G892A Build/NRD90M; wv) AppleWebKit/537.36 (KHTML, like Gecko) Version/4.0 Chrome/60.0.3112.107 Mobile Safari/537.36"
45.92.229.72 - - [29/Jun/2026:07:39:31 +0700] "GET /sites/all/themes/ HTTP/1.1" 404 47788 "https://www.google.com" "Mozilla/5.0 (Linux; Android 7.0; SM-G892A Build/NRD90M; wv) AppleWebKit/537.36 (KHTML, like Gecko) Version/4.0 Chrome/60.0.3112.107 Mobile Safari/537.36"
45.92.229.80 - - [29/Jun/2026:07:39:35 +0700] "GET /sites/default/files/ HTTP/1.1" 404 47788 "https://www.google.com" "Mozilla/5.0 (Linux; Android 7.0; SM-G892A Build/NRD90M; wv) AppleWebKit/537.36 (KHTML, like Gecko) Version/4.0 Chrome/60.0.3112.107 Mobile Safari/537.36"
74.7.227.30 - - [29/Jun/2026:07:39:35 +0700] "GET /110017583 HTTP/1.1" 404 40686 "http://me.proid.vn/?sitemap748.xml" "Mozilla/5.0 AppleWebKit/537.36 (KHTML, like Gecko; compatible; GPTBot/1.4; +https://openai.com/gptbot)"
45.92.229.81 - - [29/Jun/2026:07:39:43 +0700] "GET /sites/default/files/private/ HTTP/1.1" 404 47788 "https://www.google.com" "Mozilla/5.0 (Linux; Android 7.0; SM-G892A Build/NRD90M; wv) AppleWebKit/537.36 (KHTML, like Gecko) Version/4.0 Chrome/60.0.3112.107 Mobile Safari/537.36"
45.8.19.13 - - [29/Jun/2026:07:40:13 +0700] "GET /sites/default/private/ HTTP/1.1" 404 47788 "https://www.google.com" "Mozilla/5.0 (Linux; Android 7.0; SM-G892A Build/NRD90M; wv) AppleWebKit/537.36 (KHTML, like Gecko) Version/4.0 Chrome/60.0.3112.107 Mobile Safari/537.36"
216.73.161.232 - - [29/Jun/2026:07:40:25 +0700] "GET /storage/framework/cache/ HTTP/1.1" 404 47788 "https://www.google.com" "Mozilla/5.0 (Linux; Android 7.0; SM-G892A Build/NRD90M; wv) AppleWebKit/537.36 (KHTML, like Gecko) Version/4.0 Chrome/60.0.3112.107 Mobile Safari/537.36"
216.73.161.239 - - [29/Jun/2026:07:40:35 +0700] "GET /storage/framework/sessions/ HTTP/1.1" 404 47788 "https://www.google.com" "Mozilla/5.0 (Linux; Android 7.0; SM-G892A Build/NRD90M; wv) AppleWebKit/537.36 (KHTML, like Gecko) Version/4.0 Chrome/60.0.3112.107 Mobile Safari/537.36"
74.7.227.30 - - [29/Jun/2026:07:40:39 +0700] "GET /266016943 HTTP/1.1" 404 40686 "http://me.proid.vn/?sitemap748.xml" "Mozilla/5.0 AppleWebKit/537.36 (KHTML, like Gecko; compatible; GPTBot/1.4; +https://openai.com/gptbot)"
216.73.161.234 - - [29/Jun/2026:07:40:43 +0700] "GET /storage/framework/views/ HTTP/1.1" 404 47788 "https://www.google.com" "Mozilla/5.0 (Linux; Android 7.0; SM-G892A Build/NRD90M; wv) AppleWebKit/537.36 (KHTML, like Gecko) Version/4.0 Chrome/60.0.3112.107 Mobile Safari/537.36"
45.92.229.82 - - [29/Jun/2026:07:40:47 +0700] "GET /storage/logs/ HTTP/1.1" 404 47727 "https://www.google.com" "Mozilla/5.0 (Linux; Android 7.0; SM-G892A Build/NRD90M; wv) AppleWebKit/537.36 (KHTML, like Gecko) Version/4.0 Chrome/60.0.3112.107 Mobile Safari/537.36"
45.8.19.14 - - [29/Jun/2026:07:41:03 +0700] "GET /templates/ HTTP/1.1" 404 47727 "https://www.google.com" "Mozilla/5.0 (Linux; Android 7.0; SM-G892A Build/NRD90M; wv) AppleWebKit/537.36 (KHTML, like Gecko) Version/4.0 Chrome/60.0.3112.107 Mobile Safari/537.36"
45.92.229.81 - - [29/Jun/2026:07:41:06 +0700] "GET /tests/ HTTP/1.1" 404 47727 "https://www.google.com" "Mozilla/5.0 (Linux; Android 7.0; SM-G892A Build/NRD90M; wv) AppleWebKit/537.36 (KHTML, like Gecko) Version/4.0 Chrome/60.0.3112.107 Mobile Safari/537.36"
216.73.161.238 - - [29/Jun/2026:07:41:11 +0700] "GET /themes/contrib/ HTTP/1.1" 404 47727 "https://www.google.com" "Mozilla/5.0 (Linux; Android 7.0; SM-G892A Build/NRD90M; wv) AppleWebKit/537.36 (KHTML, like Gecko) Version/4.0 Chrome/60.0.3112.107 Mobile Safari/537.36"
45.92.229.78 - - [29/Jun/2026:07:41:16 +0700] "GET /themes/custom/ HTTP/1.1" 404 47727 "https://www.google.com" "Mozilla/5.0 (Linux; Android 7.0; SM-G892A Build/NRD90M; wv) AppleWebKit/537.36 (KHTML, like Gecko) Version/4.0 Chrome/60.0.3112.107 Mobile Safari/537.36"
74.7.227.30 - - [29/Jun/2026:07:41:44 +0700] "GET /138031935 HTTP/1.1" 404 40686 "http://me.proid.vn/?sitemap626.xml" "Mozilla/5.0 AppleWebKit/537.36 (KHTML, like Gecko; compatible; GPTBot/1.4; +https://openai.com/gptbot)"
74.7.227.30 - - [29/Jun/2026:07:42:46 +0700] "GET /164018783 HTTP/1.1" 404 40686 "http://me.proid.vn/?sitemap267.xml" "Mozilla/5.0 AppleWebKit/537.36 (KHTML, like Gecko; compatible; GPTBot/1.4; +https://openai.com/gptbot)"
74.7.227.30 - - [29/Jun/2026:07:43:48 +0700] "GET /119033770 HTTP/1.1" 404 40686 "http://me.proid.vn/?sitemap790.xml" "Mozilla/5.0 AppleWebKit/537.36 (KHTML, like Gecko; compatible; GPTBot/1.4; +https://openai.com/gptbot)"
186.179.59.149 - - [29/Jun/2026:07:44:50 +0700] "GET /wp-login.php HTTP/1.1" 302 0 "-" "Mozilla/5.0 (Macintosh; Intel Mac OS X 10_12_6) AppleWebKit/603.3.8 (KHTML, like Gecko) Version/10.1.2 Safari/603.3.8"
186.179.59.149 - - [29/Jun/2026:07:44:52 +0700] "POST /wp-login.php HTTP/1.1" 302 0 "-" "Mozilla/5.0 (Macintosh; Intel Mac OS X 10_12_6) AppleWebKit/603.3.8 (KHTML, like Gecko) Version/10.1.2 Safari/603.3.8"
74.7.227.30 - - [29/Jun/2026:07:44:53 +0700] "GET /274015871 HTTP/1.1" 404 40686 "http://me.proid.vn/?sitemap626.xml" "Mozilla/5.0 AppleWebKit/537.36 (KHTML, like Gecko; compatible; GPTBot/1.4; +https://openai.com/gptbot)"
186.179.59.149 - - [29/Jun/2026:07:44:53 +0700] "GET /wp-admin/post-new.php HTTP/1.1" 302 0 "-" "Mozilla/5.0 (Macintosh; Intel Mac OS X 10_12_6) AppleWebKit/603.3.8 (KHTML, like Gecko) Version/10.1.2 Safari/603.3.8"
74.7.227.30 - - [29/Jun/2026:07:45:57 +0700] "GET /244016595 HTTP/1.1" 404 40686 "http://me.proid.vn/?sitemap748.xml" "Mozilla/5.0 AppleWebKit/537.36 (KHTML, like Gecko; compatible; GPTBot/1.4; +https://openai.com/gptbot)"
74.7.227.30 - - [29/Jun/2026:07:47:01 +0700] "GET /219025124 HTTP/1.1" 404 40686 "http://me.proid.vn/?sitemap748.xml" "Mozilla/5.0 AppleWebKit/537.36 (KHTML, like Gecko; compatible; GPTBot/1.4; +https://openai.com/gptbot)"
74.7.227.30 - - [29/Jun/2026:07:48:03 +0700] "GET /221048346 HTTP/1.1" 404 40686 "http://me.proid.vn/?sitemap320.xml" "Mozilla/5.0 AppleWebKit/537.36 (KHTML, like Gecko; compatible; GPTBot/1.4; +https://openai.com/gptbot)"
74.7.227.30 - - [29/Jun/2026:07:49:08 +0700] "GET /237027856 HTTP/1.1" 404 40686 "http://me.proid.vn/?sitemap790.xml" "Mozilla/5.0 AppleWebKit/537.36 (KHTML, like Gecko; compatible; GPTBot/1.4; +https://openai.com/gptbot)"
74.7.227.30 - - [29/Jun/2026:07:50:13 +0700] "GET /067042108 HTTP/1.1" 404 40686 "http://me.proid.vn/?sitemap320.xml" "Mozilla/5.0 AppleWebKit/537.36 (KHTML, like Gecko; compatible; GPTBot/1.4; +https://openai.com/gptbot)"
74.7.227.30 - - [29/Jun/2026:07:51:14 +0700] "GET /062016541 HTTP/1.1" 404 40686 "http://me.proid.vn/?sitemap320.xml" "Mozilla/5.0 AppleWebKit/537.36 (KHTML, like Gecko; compatible; GPTBot/1.4; +https://openai.com/gptbot)"
74.7.227.30 - - [29/Jun/2026:07:52:20 +0700] "GET /221008688 HTTP/1.1" 404 40686 "http://me.proid.vn/?sitemap790.xml" "Mozilla/5.0 AppleWebKit/537.36 (KHTML, like Gecko; compatible; GPTBot/1.4; +https://openai.com/gptbot)"
74.7.227.30 - - [29/Jun/2026:07:53:23 +0700] "GET /221020430 HTTP/1.1" 404 40686 "http://me.proid.vn/?sitemap267.xml" "Mozilla/5.0 AppleWebKit/537.36 (KHTML, like Gecko; compatible; GPTBot/1.4; +https://openai.com/gptbot)"
74.7.227.30 - - [29/Jun/2026:07:54:26 +0700] "GET /060020595 HTTP/1.1" 404 40686 "http://me.proid.vn/?sitemap626.xml" "Mozilla/5.0 AppleWebKit/537.36 (KHTML, like Gecko; compatible; GPTBot/1.4; +https://openai.com/gptbot)"
74.7.227.30 - - [29/Jun/2026:07:55:27 +0700] "GET /094043291 HTTP/1.1" 404 40686 "http://me.proid.vn/?sitemap320.xml" "Mozilla/5.0 AppleWebKit/537.36 (KHTML, like Gecko; compatible; GPTBot/1.4; +https://openai.com/gptbot)"
74.7.227.30 - - [29/Jun/2026:07:56:33 +0700] "GET /072030625 HTTP/1.1" 404 40686 "http://me.proid.vn/?sitemap626.xml" "Mozilla/5.0 AppleWebKit/537.36 (KHTML, like Gecko; compatible; GPTBot/1.4; +https://openai.com/gptbot)"
74.7.227.30 - - [29/Jun/2026:07:57:36 +0700] "GET /237032914 HTTP/1.1" 404 40686 "http://me.proid.vn/?sitemap267.xml" "Mozilla/5.0 AppleWebKit/537.36 (KHTML, like Gecko; compatible; GPTBot/1.4; +https://openai.com/gptbot)"
74.7.227.30 - - [29/Jun/2026:07:58:37 +0700] "GET /126018569 HTTP/1.1" 404 40686 "http://me.proid.vn/?sitemap267.xml" "Mozilla/5.0 AppleWebKit/537.36 (KHTML, like Gecko; compatible; GPTBot/1.4; +https://openai.com/gptbot)"
74.7.227.30 - - [29/Jun/2026:07:59:38 +0700] "GET /170043679 HTTP/1.1" 404 40686 "http://me.proid.vn/?sitemap626.xml" "Mozilla/5.0 AppleWebKit/537.36 (KHTML, like Gecko; compatible; GPTBot/1.4; +https://openai.com/gptbot)"
74.7.227.30 - - [29/Jun/2026:08:00:41 +0700] "GET /207029594 HTTP/1.1" 404 40686 "http://me.proid.vn/?sitemap320.xml" "Mozilla/5.0 AppleWebKit/537.36 (KHTML, like Gecko; compatible; GPTBot/1.4; +https://openai.com/gptbot)"
74.7.227.30 - - [29/Jun/2026:08:01:44 +0700] "GET /243048750 HTTP/1.1" 404 40686 "http://me.proid.vn/?sitemap320.xml" "Mozilla/5.0 AppleWebKit/537.36 (KHTML, like Gecko; compatible; GPTBot/1.4; +https://openai.com/gptbot)"
74.7.227.30 - - [29/Jun/2026:08:02:48 +0700] "GET /225021572 HTTP/1.1" 404 40686 "http://me.proid.vn/?sitemap320.xml" "Mozilla/5.0 AppleWebKit/537.36 (KHTML, like Gecko; compatible; GPTBot/1.4; +https://openai.com/gptbot)"
74.7.227.30 - - [29/Jun/2026:08:03:52 +0700] "GET /226004699 HTTP/1.1" 404 40686 "http://me.proid.vn/?sitemap320.xml" "Mozilla/5.0 AppleWebKit/537.36 (KHTML, like Gecko; compatible; GPTBot/1.4; +https://openai.com/gptbot)"
74.7.227.30 - - [29/Jun/2026:08:04:57 +0700] "GET /242012531 HTTP/1.1" 404 40686 "http://me.proid.vn/?sitemap320.xml" "Mozilla/5.0 AppleWebKit/537.36 (KHTML, like Gecko; compatible; GPTBot/1.4; +https://openai.com/gptbot)"
74.7.227.30 - - [29/Jun/2026:08:05:58 +0700] "GET /157019276 HTTP/1.1" 404 40686 "http://me.proid.vn/?sitemap267.xml" "Mozilla/5.0 AppleWebKit/537.36 (KHTML, like Gecko; compatible; GPTBot/1.4; +https://openai.com/gptbot)"
74.7.227.30 - - [29/Jun/2026:08:06:59 +0700] "GET /166048255 HTTP/1.1" 404 40686 "http://me.proid.vn/?sitemap626.xml" "Mozilla/5.0 AppleWebKit/537.36 (KHTML, like Gecko; compatible; GPTBot/1.4; +https://openai.com/gptbot)"
74.7.227.30 - - [29/Jun/2026:08:08:00 +0700] "GET /026007851 HTTP/1.1" 404 40686 "http://me.proid.vn/?sitemap626.xml" "Mozilla/5.0 AppleWebKit/537.36 (KHTML, like Gecko; compatible; GPTBot/1.4; +https://openai.com/gptbot)"
74.7.227.30 - - [29/Jun/2026:08:09:03 +0700] "GET /103016402 HTTP/1.1" 404 40686 "http://me.proid.vn/?sitemap267.xml" "Mozilla/5.0 AppleWebKit/537.36 (KHTML, like Gecko; compatible; GPTBot/1.4; +https://openai.com/gptbot)"
74.7.227.30 - - [29/Jun/2026:08:10:07 +0700] "GET /018040929 HTTP/1.1" 404 40686 "http://me.proid.vn/?sitemap626.xml" "Mozilla/5.0 AppleWebKit/537.36 (KHTML, like Gecko; compatible; GPTBot/1.4; +https://openai.com/gptbot)"
74.7.227.30 - - [29/Jun/2026:08:11:08 +0700] "GET /077034056 HTTP/1.1" 404 40686 "http://me.proid.vn/?sitemap790.xml" "Mozilla/5.0 AppleWebKit/537.36 (KHTML, like Gecko; compatible; GPTBot/1.4; +https://openai.com/gptbot)"
74.7.227.30 - - [29/Jun/2026:08:12:13 +0700] "GET /258039773 HTTP/1.1" 404 40686 "http://me.proid.vn/?sitemap320.xml" "Mozilla/5.0 AppleWebKit/537.36 (KHTML, like Gecko; compatible; GPTBot/1.4; +https://openai.com/gptbot)"
74.7.227.30 - - [29/Jun/2026:08:13:15 +0700] "GET /154017051 HTTP/1.1" 404 40686 "http://me.proid.vn/?sitemap267.xml" "Mozilla/5.0 AppleWebKit/537.36 (KHTML, like Gecko; compatible; GPTBot/1.4; +https://openai.com/gptbot)"
74.7.227.30 - - [29/Jun/2026:08:14:20 +0700] "GET /006014475 HTTP/1.1" 404 40686 "http://me.proid.vn/?sitemap626.xml" "Mozilla/5.0 AppleWebKit/537.36 (KHTML, like Gecko; compatible; GPTBot/1.4; +https://openai.com/gptbot)"
74.7.227.30 - - [29/Jun/2026:08:15:25 +0700] "GET /239013700 HTTP/1.1" 404 40686 "http://me.proid.vn/?sitemap790.xml" "Mozilla/5.0 AppleWebKit/537.36 (KHTML, like Gecko; compatible; GPTBot/1.4; +https://openai.com/gptbot)"
74.7.227.30 - - [29/Jun/2026:08:16:27 +0700] "GET /016041065 HTTP/1.1" 404 40686 "http://me.proid.vn/?sitemap748.xml" "Mozilla/5.0 AppleWebKit/537.36 (KHTML, like Gecko; compatible; GPTBot/1.4; +https://openai.com/gptbot)"
74.7.227.30 - - [29/Jun/2026:08:17:29 +0700] "GET /114041691 HTTP/1.1" 404 40686 "http://me.proid.vn/?sitemap320.xml" "Mozilla/5.0 AppleWebKit/537.36 (KHTML, like Gecko; compatible; GPTBot/1.4; +https://openai.com/gptbot)"
74.7.227.30 - - [29/Jun/2026:08:18:35 +0700] "GET /050045735 HTTP/1.1" 404 40686 "http://me.proid.vn/?sitemap267.xml" "Mozilla/5.0 AppleWebKit/537.36 (KHTML, like Gecko; compatible; GPTBot/1.4; +https://openai.com/gptbot)"
74.7.227.30 - - [29/Jun/2026:08:19:37 +0700] "GET /228021355 HTTP/1.1" 404 40686 "http://me.proid.vn/?sitemap748.xml" "Mozilla/5.0 AppleWebKit/537.36 (KHTML, like Gecko; compatible; GPTBot/1.4; +https://openai.com/gptbot)"
74.7.227.30 - - [29/Jun/2026:08:20:37 +0700] "GET /290019417 HTTP/1.1" 404 40686 "http://me.proid.vn/?sitemap626.xml" "Mozilla/5.0 AppleWebKit/537.36 (KHTML, like Gecko; compatible; GPTBot/1.4; +https://openai.com/gptbot)"
74.7.227.30 - - [29/Jun/2026:08:21:43 +0700] "GET /247043892 HTTP/1.1" 404 40686 "http://me.proid.vn/?sitemap626.xml" "Mozilla/5.0 AppleWebKit/537.36 (KHTML, like Gecko; compatible; GPTBot/1.4; +https://openai.com/gptbot)"
74.7.227.30 - - [29/Jun/2026:08:22:46 +0700] "GET /032021019 HTTP/1.1" 404 40686 "http://me.proid.vn/?sitemap790.xml" "Mozilla/5.0 AppleWebKit/537.36 (KHTML, like Gecko; compatible; GPTBot/1.4; +https://openai.com/gptbot)"
74.7.227.30 - - [29/Jun/2026:08:23:48 +0700] "GET /155001654 HTTP/1.1" 404 40686 "http://me.proid.vn/?sitemap748.xml" "Mozilla/5.0 AppleWebKit/537.36 (KHTML, like Gecko; compatible; GPTBot/1.4; +https://openai.com/gptbot)"
52.146.92.163 - - [29/Jun/2026:08:24:43 +0700] "POST /xmlrpc.php HTTP/1.1" 405 422 "-" "Mozilla/5.0 (Windows NT 10.0; Win64; x64) AppleWebKit/537.36 (KHTML, like Gecko) Chrome/138.0.0.0 Safari/537.36"
52.146.92.163 - - [29/Jun/2026:08:24:44 +0700] "GET /wp-json/wp/v2/users?per_page=2 HTTP/1.1" 404 212 "-" "Mozilla/5.0 (Windows NT 10.0; Win64; x64) AppleWebKit/537.36 (KHTML, like Gecko) Chrome/138.0.0.0 Safari/537.36 Edg/138.0.0.0"
52.146.92.163 - - [29/Jun/2026:08:24:44 +0700] "GET /?author=1 HTTP/1.1" 301 0 "-" "Mozilla/5.0 (Windows NT 10.0; Win64; x64) AppleWebKit/537.36 (KHTML, like Gecko) Chrome/138.0.0.0 Safari/537.36"
52.146.92.163 - - [29/Jun/2026:08:24:47 +0700] "GET /?author=2 HTTP/1.1" 404 65536 "-" "Mozilla/5.0 (Windows NT 10.0; Win64; x64) AppleWebKit/537.36 (KHTML, like Gecko) Chrome/138.0.0.0 Safari/537.36 Edg/138.0.0.0"
74.7.227.30 - - [29/Jun/2026:08:24:49 +0700] "GET /178008845 HTTP/1.1" 404 40686 "http://me.proid.vn/?sitemap748.xml" "Mozilla/5.0 AppleWebKit/537.36 (KHTML, like Gecko; compatible; GPTBot/1.4; +https://openai.com/gptbot)"
