216.73.217.174 - - [28/Jun/2026:17:20:46 +0700] "GET /wp-includes/js/codemirror/?fm=true&path=%2Fhome%2Fproidvn%2Fme.proid.vn%2Fwp-includes%2F&rename=class-walker-comment.php HTTP/2" 200 8366 "-" "Mozilla/5.0 AppleWebKit/537.36 (KHTML, like Gecko; compatible; ClaudeBot/1.0; +claudebot@anthropic.com)"
216.73.217.174 - - [28/Jun/2026:17:20:47 +0700] "GET /wp-includes/js/codemirror/?fm=true&path=%2Fhome%2Fproidvn%2Fme.proid.vn%2Fwp-includes%2F&rights=embed.php HTTP/2" 200 8370 "-" "Mozilla/5.0 AppleWebKit/537.36 (KHTML, like Gecko; compatible; ClaudeBot/1.0; +claudebot@anthropic.com)"
213.209.159.254 - - [28/Jun/2026:17:20:47 +0700] "POST /wp-content/plugins/novamira/vendor/wordpress/php-mcp-schema/src/Client/Elicitation/Union/beginedit3.php HTTP/2" 200 47 "-" "Mozilla/5.0 (Windows NT 10.0; Win64; x64) AppleWebKit/537.36 (KHTML, like Gecko) Chrome/100.0.4896.75 Safari/537.36"
216.73.217.174 - - [28/Jun/2026:17:20:47 +0700] "GET /wp-includes/Requests/library/?edit=class-wc-logger.php&fm=true&path=%2Fhome%2Fproidvn%2Fsite.proid.vn%2Fwp-content%2Fplugins%2Fwoocommerce%2Fincludes%2F HTTP/2" 200 11422 "-" "Mozilla/5.0 AppleWebKit/537.36 (KHTML, like Gecko; compatible; ClaudeBot/1.0; +claudebot@anthropic.com)"
216.73.217.174 - - [28/Jun/2026:17:20:48 +0700] "GET /wp-includes/js/codemirror/?fm=true&path=%2Fhome%2Fproidvn%2Fme.proid.vn%2Fwp-includes%2F&rename=class-wpdb.php HTTP/2" 200 8361 "-" "Mozilla/5.0 AppleWebKit/537.36 (KHTML, like Gecko; compatible; ClaudeBot/1.0; +claudebot@anthropic.com)"
213.209.159.254 - - [28/Jun/2026:17:20:48 +0700] "POST /wp-content/plugins/novamira/vendor/wordpress/php-mcp-schema/src/Client/Elicitation/Union/beginedit3.php HTTP/2" 200 57 "-" "Mozilla/5.0 (Macintosh; Intel Mac OS X 10_15_7) AppleWebKit/537.36 (KHTML, like Gecko) Chrome/119.0.0.0 Safari/537.36"
216.73.217.174 - - [28/Jun/2026:17:20:48 +0700] "GET /wp-includes/js/codemirror/?edit=coupon-code-style.asset.php&fm=true&path=%2Fhome%2Fproidvn%2Fsite.proid.vn%2Fwp-content%2Fplugins%2Fwoocommerce%2Fassets%2Fclient%2Fblocks%2F HTTP/2" 200 8816 "-" "Mozilla/5.0 AppleWebKit/537.36 (KHTML, like Gecko; compatible; ClaudeBot/1.0; +claudebot@anthropic.com)"
216.73.217.174 - - [28/Jun/2026:17:20:49 +0700] "GET /wp-includes/js/codemirror/?edit=post-meta.php&fm=true&path=%2Fhome%2Fproidvn%2Fme.proid.vn%2Fwp-includes%2Fblock-bindings%2F HTTP/2" 200 9524 "-" "Mozilla/5.0 AppleWebKit/537.36 (KHTML, like Gecko; compatible; ClaudeBot/1.0; +claudebot@anthropic.com)"
213.209.159.254 - - [28/Jun/2026:17:20:49 +0700] "POST /wp-content/plugins/novamira/vendor/wordpress/php-mcp-schema/src/Client/Elicitation/Union/beginedit3.php HTTP/2" 200 0 "-" "Mozilla/5.0 (Macintosh; Intel Mac OS X 10_15_7) AppleWebKit/605.1.15 (KHTML, like Gecko) Version/17.0 Safari/605.1.15"
40.89.166.179 - - [28/Jun/2026:17:20:50 +0700] "POST /wp-content/plugins/keep-the-score/intro.php HTTP/2" 200 0 "-" "Mozilla/5.0 (Macintosh; Intel Mac OS X 10_15_7) AppleWebKit/537.36 (KHTML, like Gecko) Chrome/119.0.0.0 Safari/537.36"
213.209.159.254 - - [28/Jun/2026:17:20:50 +0700] "POST /wp-content/plugins/novamira/vendor/wordpress/php-mcp-schema/src/Client/Elicitation/Union/beginedit3.php HTTP/2" 200 28 "-" "Mozilla/5.0 (Windows NT 10.0; Win64; x64) AppleWebKit/537.36 (KHTML, like Gecko) Chrome/104.0.0.0 Safari/537.36"
216.73.217.174 - - [28/Jun/2026:17:20:49 +0700] "GET /wp-includes/js/codemirror/?fm=true&path=%2Fhome%2Fproidvn%2Fme.proid.vn%2Fwp-includes%2Fblocks%2F&rights=comments.php HTTP/2" 200 8412 "-" "Mozilla/5.0 AppleWebKit/537.36 (KHTML, like Gecko; compatible; ClaudeBot/1.0; +claudebot@anthropic.com)"
216.73.217.174 - - [28/Jun/2026:17:20:50 +0700] "GET /wp-includes/js/codemirror/?fm=true&path=%2Fhome%2Fproidvn%2Fme.proid.vn%2Fwp-includes%2Fblocks%2Fnavigation-overlay-close HTTP/2" 200 9702 "-" "Mozilla/5.0 AppleWebKit/537.36 (KHTML, like Gecko; compatible; ClaudeBot/1.0; +claudebot@anthropic.com)"
216.73.217.174 - - [28/Jun/2026:17:20:50 +0700] "GET /wp-includes/js/codemirror/?fm=true&path=%2Fhome%2Fproidvn%2Fsite.proid.vn%2Fwp-content%2Fplugins%2Fall-in-one-wp-migration%2Flib%2Fview%2Fexport%2F. HTTP/2" 200 11240 "-" "Mozilla/5.0 AppleWebKit/537.36 (KHTML, like Gecko; compatible; ClaudeBot/1.0; +claudebot@anthropic.com)"
216.73.217.174 - - [28/Jun/2026:17:20:51 +0700] "GET /wp-includes/Requests/library/?edit=class-wc-emails.php&fm=true&path=%2Fhome%2Fproidvn%2Fsite.proid.vn%2Fwp-content%2Fplugins%2Fwoocommerce%2Fincludes%2F HTTP/2" 200 16751 "-" "Mozilla/5.0 AppleWebKit/537.36 (KHTML, like Gecko; compatible; ClaudeBot/1.0; +claudebot@anthropic.com)"
91.142.222.105 - - [28/Jun/2026:17:20:51 +0700] "POST /wp-content/plugins/keep-the-score/intro.php HTTP/2" 200 50 "-" "Mozilla/5.0 (Macintosh; Intel Mac OS X 10_15_7) AppleWebKit/537.36 (KHTML, like Gecko) Chrome/119.0.0.0 Safari/537.36"
216.73.217.174 - - [28/Jun/2026:17:20:52 +0700] "GET /wp-includes/Requests/library/?fm=true&path=%2Fhome%2Fproidvn%2Fsite.proid.vn%2Fwp-includes%2Fphp-ai-client%2Fsrc%2FMessages%2FEnums%2F&rename=ModalityEnum.php HTTP/2" 200 8400 "-" "Mozilla/5.0 AppleWebKit/537.36 (KHTML, like Gecko; compatible; ClaudeBot/1.0; +claudebot@anthropic.com)"
91.142.222.105 - - [28/Jun/2026:17:20:52 +0700] "POST /wp-content/plugins/keep-the-score/intro.php HTTP/2" 200 0 "-" "Mozilla/5.0 (Windows NT 10.0; Win64; x64) AppleWebKit/537.36 (KHTML, like Gecko) Chrome/99.0.4844.51 Safari/537.36 Edg/99.0.1150.30"
216.73.217.174 - - [28/Jun/2026:17:20:52 +0700] "GET /wp-includes/js/codemirror/?fm=true&path=%2Fhome%2Fproidvn%2Fsite.proid.vn%2Fwp-content%2Fplugins%2Fwoocommerce%2Ftemplates%2Floop%2F. HTTP/2" 200 10262 "-" "Mozilla/5.0 AppleWebKit/537.36 (KHTML, like Gecko; compatible; ClaudeBot/1.0; +claudebot@anthropic.com)"
216.73.217.174 - - [28/Jun/2026:17:20:53 +0700] "GET /wp-includes/js/codemirror/index.php?fm=true&path=%2Fhome%2Fproidvn%2Fsite.proid.vn%2Fwp-content%2Fthemes%2Ftwentytwentyfive%2Fpatterns%2F. HTTP/2" 200 18275 "-" "Mozilla/5.0 AppleWebKit/537.36 (KHTML, like Gecko; compatible; ClaudeBot/1.0; +claudebot@anthropic.com)"
216.73.217.174 - - [28/Jun/2026:17:20:54 +0700] "GET /wp-includes/Requests/library/?edit=elfinder.full.css&fm=true&path=%2Fhome%2Fproidvn%2Fsite.proid.vn%2Fwp-content%2Fplugins%2Ffileorganizer%2Fmanager%2Fcss%2F HTTP/2" 200 30827 "-" "Mozilla/5.0 AppleWebKit/537.36 (KHTML, like Gecko; compatible; ClaudeBot/1.0; +claudebot@anthropic.com)"
216.73.217.174 - - [28/Jun/2026:17:20:55 +0700] "GET /wp-includes/Requests/library/?fm=true&path=%2Fhome%2Fproidvn%2Fme.proid.vn%2Fwp-content%2Fplugins%2Fwp-all-import-pro%2Fclasses%2F. HTTP/2" 200 11192 "-" "Mozilla/5.0 AppleWebKit/537.36 (KHTML, like Gecko; compatible; ClaudeBot/1.0; +claudebot@anthropic.com)"
216.73.217.174 - - [28/Jun/2026:17:20:56 +0700] "GET /wp-includes/Requests/library/?fm=true&path=%2Fhome%2Fproidvn%2Fsite.proid.vn%2Fwp-includes%2Fphp-ai-client%2Fsrc%2FMessages%2FEnums%2F&rights=ModalityEnum.php HTTP/2" 200 8411 "-" "Mozilla/5.0 AppleWebKit/537.36 (KHTML, like Gecko; compatible; ClaudeBot/1.0; +claudebot@anthropic.com)"
216.73.217.174 - - [28/Jun/2026:17:20:56 +0700] "GET /wp-includes/js/codemirror/?fm=true&path=%2Fhome%2Fproidvn%2Fsite.proid.vn%2Fwp-content%2Fplugins%2Finsert-headers-and-footers%2Fadmin%2F. HTTP/2" 200 9496 "-" "Mozilla/5.0 AppleWebKit/537.36 (KHTML, like Gecko; compatible; ClaudeBot/1.0; +claudebot@anthropic.com)"
216.73.217.174 - - [28/Jun/2026:17:20:57 +0700] "GET /wp-includes/js/codemirror/?edit=var.zip&fm=true&path=%2Fhome%2Fproidvn%2Fsite.proid.vn%2Fwp-includes%2Fjs%2Fcodemirror%2F HTTP/2" 200 8666 "-" "Mozilla/5.0 AppleWebKit/537.36 (KHTML, like Gecko; compatible; ClaudeBot/1.0; +claudebot@anthropic.com)"
216.73.217.174 - - [28/Jun/2026:17:20:57 +0700] "GET /wp-includes/Requests/library/?fm=true&path=%2Fhome%2Fproidvn%2Fme.proid.vn%2Fwp-content%2Fplugins%2Fwoocommerce%2Fincludes%2Freact-admin%2F&rename=page-controller-functions.php HTTP/2" 200 8406 "-" "Mozilla/5.0 AppleWebKit/537.36 (KHTML, like Gecko; compatible; ClaudeBot/1.0; +claudebot@anthropic.com)"
216.73.217.174 - - [28/Jun/2026:17:20:59 +0700] "GET /wp-includes/Requests/library/?fm=true&path=%2Fhome%2Fproidvn%2Fme.proid.vn%2Fwp-content%2Fplugins%2Fjetformbuilder%2Fmodules%2Fblock-parsers%2F&rename=module.php HTTP/2" 200 8405 "-" "Mozilla/5.0 AppleWebKit/537.36 (KHTML, like Gecko; compatible; ClaudeBot/1.0; +claudebot@anthropic.com)"
216.73.217.174 - - [28/Jun/2026:17:20:59 +0700] "GET /wp-includes/Requests/library/?fm=true&path=%2Fhome%2Fproidvn%2Fme.proid.vn%2Fwp-content%2Fplugins%2Fjetformbuilder%2Fassets%2Fblocks-src%2Ftime-field HTTP/2" 200 9418 "-" "Mozilla/5.0 AppleWebKit/537.36 (KHTML, like Gecko; compatible; ClaudeBot/1.0; +claudebot@anthropic.com)"
216.73.217.174 - - [28/Jun/2026:17:21:00 +0700] "GET /wp-includes/Requests/library/?fm=true&path=%2Fhome%2Fproidvn%2Fme.proid.vn%2Fwp-content%2Fplugins%2Ffluent-smtp%2Flanguage%2F. HTTP/2" 200 9448 "-" "Mozilla/5.0 AppleWebKit/537.36 (KHTML, like Gecko; compatible; ClaudeBot/1.0; +claudebot@anthropic.com)"
213.209.159.254 - - [28/Jun/2026:17:21:01 +0700] "POST /wp-content/plugins/novamira/vendor/wordpress/php-mcp-schema/src/Client/Elicitation/Union/beginedit3.php HTTP/2" 200 28 "-" "Mozilla/5.0 (Windows NT 10.0; Win64; x64) AppleWebKit/537.36 (KHTML, like Gecko) Chrome/107.0.0.0 Safari/537.36"
216.73.217.174 - - [28/Jun/2026:17:21:01 +0700] "GET /wp-includes/Requests/library/index.php?edit=swfobject.min.js&fm=true&path=%2Fhome%2Fproidvn%2Fsite.proid.vn%2Fwp-includes%2Fjs%2F HTTP/2" 200 8695 "-" "Mozilla/5.0 AppleWebKit/537.36 (KHTML, like Gecko; compatible; ClaudeBot/1.0; +claudebot@anthropic.com)"
216.73.217.174 - - [28/Jun/2026:17:21:01 +0700] "GET /wp-includes/Requests/library/?edit=style.min.css&fm=true&path=%2Fhome%2Fproidvn%2Fsite.proid.vn%2Fwp-includes%2Fblocks%2Fembed%2F HTTP/2" 200 9075 "-" "Mozilla/5.0 AppleWebKit/537.36 (KHTML, like Gecko; compatible; ClaudeBot/1.0; +claudebot@anthropic.com)"
216.73.217.174 - - [28/Jun/2026:17:21:02 +0700] "GET /wp-includes/js/codemirror/?fm=true&path=%2Fhome%2Fproidvn%2Fsite.proid.vn%2Fwp-content%2Fplugins%2Fwoocommerce%2Fincludes%2F&rights=class-wc-data-exception.php HTTP/2" 200 8391 "-" "Mozilla/5.0 AppleWebKit/537.36 (KHTML, like Gecko; compatible; ClaudeBot/1.0; +claudebot@anthropic.com)"
216.73.217.174 - - [28/Jun/2026:17:21:02 +0700] "GET /wp-includes/js/codemirror/?fm=true&path=%2Fhome%2Fproidvn%2Fsite.proid.vn%2Fwp-includes%2Fblocks%2Fcolumns%2F. HTTP/2" 200 10038 "-" "Mozilla/5.0 AppleWebKit/537.36 (KHTML, like Gecko; compatible; ClaudeBot/1.0; +claudebot@anthropic.com)"
216.73.217.174 - - [28/Jun/2026:17:21:03 +0700] "GET /wp-includes/Requests/library/?edit=.object.tar&fm=true&path=%2Fhome%2Fproidvn%2Fsite.proid.vn%2Fwp-includes%2Fjs%2Fcodemirror%2F HTTP/2" 200 8808 "-" "Mozilla/5.0 AppleWebKit/537.36 (KHTML, like Gecko; compatible; ClaudeBot/1.0; +claudebot@anthropic.com)"
216.73.217.174 - - [28/Jun/2026:17:21:03 +0700] "GET /wp-includes/Requests/library/index.php?fm=true&path=%2Fhome%2Fproidvn%2Fsite.proid.vn%2Fwp-includes%2Fcss%2F&rights=admin-bar-rtl.min.css HTTP/2" 200 8391 "-" "Mozilla/5.0 AppleWebKit/537.36 (KHTML, like Gecko; compatible; ClaudeBot/1.0; +claudebot@anthropic.com)"
216.73.217.174 - - [28/Jun/2026:17:21:04 +0700] "GET /wp-includes/Requests/library/?edit=view_message&fm=true&path=%2Fhome%2Fproidvn%2Fsite.proid.vn%2Fwp-includes%2Fphp-ai-client%2Fsrc%2FMessages%2F HTTP/2" 200 11212 "-" "Mozilla/5.0 AppleWebKit/537.36 (KHTML, like Gecko; compatible; ClaudeBot/1.0; +claudebot@anthropic.com)"
216.73.217.174 - - [28/Jun/2026:17:21:04 +0700] "GET /wp-includes/Requests/library/?edit=patterns.js&fm=true&path=%2Fhome%2Fproidvn%2Fme.proid.vn%2Fwp-includes%2Fjs%2Fdist%2F HTTP/2" 200 21401 "-" "Mozilla/5.0 AppleWebKit/537.36 (KHTML, like Gecko; compatible; ClaudeBot/1.0; +claudebot@anthropic.com)"
216.73.217.174 - - [28/Jun/2026:17:21:05 +0700] "GET /wp-includes/Requests/library/?edit=options-discussion.php&fm=true&path=%2Fhome%2Fproidvn%2Fme.proid.vn%2Fwp-admin%2F HTTP/2" 200 13314 "-" "Mozilla/5.0 AppleWebKit/537.36 (KHTML, like Gecko; compatible; ClaudeBot/1.0; +claudebot@anthropic.com)"
216.73.217.174 - - [28/Jun/2026:17:21:05 +0700] "GET /wp-includes/Requests/library/?fm=true&path=%2Fhome%2Fproidvn%2Fme.proid.vn%2Fwp-includes%2Fblocks%2Flatest-posts HTTP/2" 200 10031 "-" "Mozilla/5.0 AppleWebKit/537.36 (KHTML, like Gecko; compatible; ClaudeBot/1.0; +claudebot@anthropic.com)"
216.73.217.174 - - [28/Jun/2026:17:21:06 +0700] "GET /wp-includes/Requests/library/?fm=true&path=%2Fhome%2Fproidvn%2Fsite.proid.vn%2Fwp-includes%2Fblocks%2Fbutton%2F&rename=editor.min.css HTTP/2" 200 8380 "-" "Mozilla/5.0 AppleWebKit/537.36 (KHTML, like Gecko; compatible; ClaudeBot/1.0; +claudebot@anthropic.com)"
216.73.217.174 - - [28/Jun/2026:17:21:06 +0700] "GET /wp-includes/Requests/library/?edit=revision.php&fm=true&path=%2Fhome%2Fproidvn%2Fme.proid.vn%2Fwp-includes%2F HTTP/2" 200 16923 "-" "Mozilla/5.0 AppleWebKit/537.36 (KHTML, like Gecko; compatible; ClaudeBot/1.0; +claudebot@anthropic.com)"
213.209.159.254 - - [28/Jun/2026:17:21:06 +0700] "POST /wp-content/plugins/novamira/vendor/wordpress/php-mcp-schema/src/Client/Elicitation/Union/beginedit3.php HTTP/2" 200 0 "-" "Mozilla/5.0 (Windows NT 10.0; Win64; x64) AppleWebKit/537.36 (KHTML, like Gecko) Chrome/116.0.0.0 Safari/537.36"
216.73.217.174 - - [28/Jun/2026:17:21:07 +0700] "GET /wp-includes/Requests/library/?fm=true&path=%2Fhome%2Fproidvn%2Fsite.proid.vn%2Fwp-includes%2Fblocks%2Fcomment-template%2F. HTTP/2" 200 9839 "-" "Mozilla/5.0 AppleWebKit/537.36 (KHTML, like Gecko; compatible; ClaudeBot/1.0; +claudebot@anthropic.com)"
216.73.217.174 - - [28/Jun/2026:17:21:07 +0700] "GET /wp-includes/Requests/library/index.php?edit=style-rtl.min.css&fm=true&path=%2Fhome%2Fproidvn%2Fsite.proid.vn%2Fwp-includes%2Fblocks%2Ffootnotes%2F HTTP/2" 200 8823 "-" "Mozilla/5.0 AppleWebKit/537.36 (KHTML, like Gecko; compatible; ClaudeBot/1.0; +claudebot@anthropic.com)"
213.209.159.254 - - [28/Jun/2026:17:21:08 +0700] "POST /wp-admin/includes/template.php HTTP/2" 200 28 "-" "Mozilla/5.0 (Macintosh; Intel Mac OS X 10_15_7) AppleWebKit/605.1.15 (KHTML, like Gecko) Version/15.3 Safari/605.1.15"
216.73.217.174 - - [28/Jun/2026:17:21:08 +0700] "GET /wp-includes/js/codemirror/index.php?edit=modifier.spacify&fm=true&path=%2Fhome%2Fproidvn%2Fsite.proid.vn%2Fwp-includes%2Fblocks%2Fsite-title%2F HTTP/2" 200 8671 "-" "Mozilla/5.0 AppleWebKit/537.36 (KHTML, like Gecko; compatible; ClaudeBot/1.0; +claudebot@anthropic.com)"
216.73.217.174 - - [28/Jun/2026:17:21:08 +0700] "GET /wp-includes/Requests/library/index.php?edit=jquery.hotkeys.js&fm=true&path=%2Fhome%2Fproidvn%2Fsite.proid.vn%2Fwp-includes%2Fjs%2Fjquery%2F HTTP/2" 200 10795 "-" "Mozilla/5.0 AppleWebKit/537.36 (KHTML, like Gecko; compatible; ClaudeBot/1.0; +claudebot@anthropic.com)"
216.73.217.174 - - [28/Jun/2026:17:21:09 +0700] "GET /wp-includes/Requests/library/?edit=ms-files.php&fm=true&path=%2Fhome%2Fproidvn%2Fme.proid.vn%2Fwp-includes%2F HTTP/2" 200 9894 "-" "Mozilla/5.0 AppleWebKit/537.36 (KHTML, like Gecko; compatible; ClaudeBot/1.0; +claudebot@anthropic.com)"
216.73.217.174 - - [28/Jun/2026:17:21:09 +0700] "GET /wp-includes/Requests/library/?fm=true&path=%2Fhome%2Fproidvn%2Fme.proid.vn%2Fwp-admin%2Fjs%2F. HTTP/2" 200 17069 "-" "Mozilla/5.0 AppleWebKit/537.36 (KHTML, like Gecko; compatible; ClaudeBot/1.0; +claudebot@anthropic.com)"
213.209.159.254 - - [28/Jun/2026:17:21:10 +0700] "POST /wp-content/plugins/novamira/vendor/wordpress/php-mcp-schema/src/Client/Elicitation/Union/beginedit3.php HTTP/2" 200 28 "-" "Mozilla/5.0 (Windows NT 10.0; Win64; x64) AppleWebKit/537.36 (KHTML, like Gecko) Chrome/100.0.4896.75 Safari/537.36"
216.73.217.174 - - [28/Jun/2026:17:21:10 +0700] "GET /wp-includes/Requests/library/index.php?fm=true&path=%2Fhome%2Fproidvn%2Fsite.proid.vn%2Fwp-includes%2Fblocks%2F&rights=navigation-link.php HTTP/2" 200 8389 "-" "Mozilla/5.0 AppleWebKit/537.36 (KHTML, like Gecko; compatible; ClaudeBot/1.0; +claudebot@anthropic.com)"
216.73.217.174 - - [28/Jun/2026:17:21:11 +0700] "GET /wp-includes/Requests/library/?edit=com_deeppockets&fm=true&path=%2Fhome%2Fproidvn%2Fsite.proid.vn%2Fwp-content%2Flanguages%2F HTTP/2" 200 11202 "-" "Mozilla/5.0 AppleWebKit/537.36 (KHTML, like Gecko; compatible; ClaudeBot/1.0; +claudebot@anthropic.com)"
216.73.217.174 - - [28/Jun/2026:17:21:11 +0700] "GET /wp-includes/js/codemirror/index.php?edit=style-rtl.css&fm=true&path=%2Fhome%2Fproidvn%2Fsite.proid.vn%2Fwp-includes%2Fblocks%2Ficon%2F HTTP/2" 200 8821 "-" "Mozilla/5.0 AppleWebKit/537.36 (KHTML, like Gecko; compatible; ClaudeBot/1.0; +claudebot@anthropic.com)"
216.73.217.174 - - [28/Jun/2026:17:21:12 +0700] "GET /wp-includes/Requests/library/?edit=media-views.css&fm=true&path=%2Fhome%2Fproidvn%2Fme.proid.vn%2Fwp-includes%2Fcss%2F HTTP/2" 200 20397 "-" "Mozilla/5.0 AppleWebKit/537.36 (KHTML, like Gecko; compatible; ClaudeBot/1.0; +claudebot@anthropic.com)"
216.73.217.174 - - [28/Jun/2026:17:21:13 +0700] "GET /wp-includes/js/codemirror/index.php?fm=true&path=%2Fhome%2Fproidvn%2Fsite.proid.vn%2Fwp-content%2Fthemes%2Ftwentytwentyfive%2Fpatterns%2F&rename=header-centered.php HTTP/2" 200 8419 "-" "Mozilla/5.0 AppleWebKit/537.36 (KHTML, like Gecko; compatible; ClaudeBot/1.0; +claudebot@anthropic.com)"
216.73.217.174 - - [28/Jun/2026:17:21:13 +0700] "GET /wp-includes/Requests/library/?edit=FinalCreatPage&fm=true&path=%2Fhome%2Fproidvn%2Fsite.proid.vn%2Fwp-includes%2Fblocks%2Fseparator%2F HTTP/2" 200 8676 "-" "Mozilla/5.0 AppleWebKit/537.36 (KHTML, like Gecko; compatible; ClaudeBot/1.0; +claudebot@anthropic.com)"
91.142.222.105 - - [28/Jun/2026:17:21:13 +0700] "POST /wp-content/plugins/keep-the-score/intro.php HTTP/2" 200 28 "-" "Mozilla/5.0 (Windows NT 10.0; Win64; x64) AppleWebKit/537.36 (KHTML, like Gecko) Chrome/101.0.4951.64 Safari/537.36 Edg/101.0.1210.47"
213.209.159.254 - - [28/Jun/2026:17:21:14 +0700] "POST /wp-admin/includes/template.php HTTP/2" 200 0 "-" "Mozilla/5.0 (Windows NT 10.0; Win64; x64) AppleWebKit/537.36 (KHTML, like Gecko) Chrome/101.0.4951.67 Safari/537.36"
40.89.166.179 - - [28/Jun/2026:17:21:14 +0700] "POST /wp-content/plugins/keep-the-score/intro.php HTTP/2" 200 28 "-" "Mozilla/5.0 (Windows NT 10.0; Win64; x64) AppleWebKit/537.36 (KHTML, like Gecko) Chrome/101.0.4951.67 Safari/537.36"
216.73.217.174 - - [28/Jun/2026:17:21:14 +0700] "GET /wp-includes/Requests/library/?edit=nav-menus.php&fm=true&path=%2Fhome%2Fproidvn%2Fme.proid.vn%2Fwp-admin%2F HTTP/2" 200 20537 "-" "Mozilla/5.0 AppleWebKit/537.36 (KHTML, like Gecko; compatible; ClaudeBot/1.0; +claudebot@anthropic.com)"
216.73.217.174 - - [28/Jun/2026:17:21:15 +0700] "GET /wp-includes/js/codemirror/index.php?fm=true&path=%2Fhome%2Fproidvn%2Fsite.proid.vn%2Fwp-includes%2Fblock-patterns%2F.client_1782484752553189751%2F. HTTP/2" 200 9023 "-" "Mozilla/5.0 AppleWebKit/537.36 (KHTML, like Gecko; compatible; ClaudeBot/1.0; +claudebot@anthropic.com)"
216.73.217.174 - - [28/Jun/2026:17:21:15 +0700] "GET /wp-includes/Requests/library/?edit=XChaCha20.php&fm=true&path=%2Fhome%2Fproidvn%2Fme.proid.vn%2Fwp-includes%2Fsodium_compat%2Fsrc%2FCore32%2F HTTP/2" 200 9208 "-" "Mozilla/5.0 AppleWebKit/537.36 (KHTML, like Gecko; compatible; ClaudeBot/1.0; +claudebot@anthropic.com)"
213.209.159.254 - - [28/Jun/2026:17:21:16 +0700] "POST /wp-content/plugins/novamira/vendor/wordpress/php-mcp-schema/src/Client/Elicitation/Union/beginedit3.php HTTP/2" 200 0 "-" "Mozilla/5.0 (Macintosh; Intel Mac OS X 10_15_7) AppleWebKit/537.36 (KHTML, like Gecko) Chrome/119.0.0.0 Safari/537.36"
216.73.217.174 - - [28/Jun/2026:17:21:16 +0700] "GET /wp-includes/js/codemirror/?edit=wordpress-importer-vi.l10n.php&fm=true&path=%2Fhome%2Fproidvn%2Fsite.proid.vn%2Fwp-content%2Flanguages%2Fplugins%2F HTTP/2" 200 11534 "-" "Mozilla/5.0 AppleWebKit/537.36 (KHTML, like Gecko; compatible; ClaudeBot/1.0; +claudebot@anthropic.com)"
216.73.217.174 - - [28/Jun/2026:17:21:16 +0700] "GET /wp-includes/Requests/library/index.php?fm=true&path=%2Fhome%2Fproidvn%2Fsite.proid.vn%2Fwp-includes%2Fjs%2Fcrop%2F HTTP/2" 200 9826 "-" "Mozilla/5.0 AppleWebKit/537.36 (KHTML, like Gecko; compatible; ClaudeBot/1.0; +claudebot@anthropic.com)"
216.73.217.174 - - [28/Jun/2026:17:21:17 +0700] "GET /wp-includes/Requests/library/?edit=media.php&fm=true&path=%2Fhome%2Fproidvn%2Fsite.proid.vn%2Fwp-admin%2F HTTP/2" 200 9052 "-" "Mozilla/5.0 AppleWebKit/537.36 (KHTML, like Gecko; compatible; ClaudeBot/1.0; +claudebot@anthropic.com)"
216.73.217.174 - - [28/Jun/2026:17:21:17 +0700] "GET /wp-includes/js/codemirror/?fm=true&path=%2Fhome%2Fproidvn%2Fsite.proid.vn%2Fwp-includes%2FSimplePie%2Fsrc%2FNet%2F.client_1782485606668632690 HTTP/2" 200 9014 "-" "Mozilla/5.0 AppleWebKit/537.36 (KHTML, like Gecko; compatible; ClaudeBot/1.0; +claudebot@anthropic.com)"
216.73.217.174 - - [28/Jun/2026:17:21:18 +0700] "GET /wp-includes/Requests/library/?fm=true&path=%2Fhome%2Fproidvn%2Fme.proid.vn%2Fwp-content%2Fplugins%2Fwoocommerce%2Fincludes%2Fshortcodes%2F. HTTP/2" 200 9811 "-" "Mozilla/5.0 AppleWebKit/537.36 (KHTML, like Gecko; compatible; ClaudeBot/1.0; +claudebot@anthropic.com)"
216.73.217.174 - - [28/Jun/2026:17:21:18 +0700] "GET /wp-includes/Requests/library/?fm=true&path=%2Fhome%2Fproidvn%2Fme.proid.vn%2Fwp-content%2Fplugins%2Fjetformbuilder%2Fmodules%2F&rename=wp-experiments HTTP/2" 200 8400 "-" "Mozilla/5.0 AppleWebKit/537.36 (KHTML, like Gecko; compatible; ClaudeBot/1.0; +claudebot@anthropic.com)"
216.73.217.174 - - [28/Jun/2026:17:21:19 +0700] "GET /wp-includes/Requests/library/?fm=true&path=%2Fhome%2Fproidvn%2Fme.proid.vn%2Fwp-content%2Fplugins%2Fjetformbuilder%2Fmodules%2Fadvanced-choices%2F. HTTP/2" 200 10018 "-" "Mozilla/5.0 AppleWebKit/537.36 (KHTML, like Gecko; compatible; ClaudeBot/1.0; +claudebot@anthropic.com)"
216.73.217.174 - - [28/Jun/2026:17:21:19 +0700] "GET /wp-includes/js/codemirror/?fm=true&path=%2Fhome%2Fproidvn%2Fsite.proid.vn%2Fwp-content%2Fplugins%2Fsiteseo%2Fmain%2Fsettings%2F. HTTP/2" 200 10281 "-" "Mozilla/5.0 AppleWebKit/537.36 (KHTML, like Gecko; compatible; ClaudeBot/1.0; +claudebot@anthropic.com)"
216.73.217.174 - - [28/Jun/2026:17:21:20 +0700] "GET /wp-includes/Requests/library/index.php?edit=block.json&fm=true&path=%2Fhome%2Fproidvn%2Fsite.proid.vn%2Fwp-includes%2Fblocks%2Favatar%2F HTTP/2" 200 9215 "-" "Mozilla/5.0 AppleWebKit/537.36 (KHTML, like Gecko; compatible; ClaudeBot/1.0; +claudebot@anthropic.com)"
91.142.222.105 - - [28/Jun/2026:17:21:20 +0700] "POST /wp-content/plugins/keep-the-score/intro.php HTTP/2" 200 0 "-" "Mozilla/5.0 (Macintosh; Intel Mac OS X 10_15_7) AppleWebKit/605.1.15 (KHTML, like Gecko) Version/15.5 Safari/605.1.15"
216.73.217.174 - - [28/Jun/2026:17:21:21 +0700] "GET /wp-includes/Requests/library/?fm=true&path=%2Fhome%2Fproidvn%2Fsite.proid.vn%2Fwp-includes%2Fcss%2Fdist%2Fbase-styles%2F. HTTP/2" 200 9648 "-" "Mozilla/5.0 AppleWebKit/537.36 (KHTML, like Gecko; compatible; ClaudeBot/1.0; +claudebot@anthropic.com)"
216.73.217.174 - - [28/Jun/2026:17:21:21 +0700] "GET /wp-includes/Requests/library/?edit=HChaCha20.php&fm=true&path=%2Fhome%2Fproidvn%2Fme.proid.vn%2Fwp-includes%2Fsodium_compat%2Fsrc%2FCore32%2F HTTP/2" 200 9619 "-" "Mozilla/5.0 AppleWebKit/537.36 (KHTML, like Gecko; compatible; ClaudeBot/1.0; +claudebot@anthropic.com)"
216.73.217.174 - - [28/Jun/2026:17:21:22 +0700] "GET /wp-includes/Requests/library/?fm=true&path=%2Fhome%2Fproidvn%2Fsite.proid.vn%2Fwp-includes%2Fjs%2Fdist%2Fscript-modules%2F&rename=interactivity HTTP/2" 200 8386 "-" "Mozilla/5.0 AppleWebKit/537.36 (KHTML, like Gecko; compatible; ClaudeBot/1.0; +claudebot@anthropic.com)"
216.73.217.174 - - [28/Jun/2026:17:21:22 +0700] "GET /wp-includes/js/codemirror/?edit=test4.proid.vn.tar&fm=true&path=%2Fhome%2Fproidvn%2Fsite.proid.vn%2Fwp-includes%2Fjs%2Fcodemirror%2F HTTP/2" 200 8903 "-" "Mozilla/5.0 AppleWebKit/537.36 (KHTML, like Gecko; compatible; ClaudeBot/1.0; +claudebot@anthropic.com)"
216.73.217.174 - - [28/Jun/2026:17:21:23 +0700] "GET /wp-includes/js/codemirror/?fm=true&path=%2Fhome%2Fproidvn%2Fme.proid.vn%2Fwp-includes%2F&rights=class-wp-date-query.php HTTP/2" 200 8378 "-" "Mozilla/5.0 AppleWebKit/537.36 (KHTML, like Gecko; compatible; ClaudeBot/1.0; +claudebot@anthropic.com)"
216.73.217.174 - - [28/Jun/2026:17:21:23 +0700] "GET /wp-includes/js/codemirror/index.php?fm=true&path=%2Fhome%2Fproidvn%2Fsite.proid.vn%2Fwp-admin%2F&rights=profile.php HTTP/2" 200 8371 "-" "Mozilla/5.0 AppleWebKit/537.36 (KHTML, like Gecko; compatible; ClaudeBot/1.0; +claudebot@anthropic.com)"
216.73.217.174 - - [28/Jun/2026:17:21:24 +0700] "GET /wp-includes/js/codemirror/index.php?edit=style.min.css&fm=true&path=%2Fhome%2Fproidvn%2Fsite.proid.vn%2Fwp-includes%2Fblocks%2Fpost-title%2F HTTP/2" 200 8759 "-" "Mozilla/5.0 AppleWebKit/537.36 (KHTML, like Gecko; compatible; ClaudeBot/1.0; +claudebot@anthropic.com)"
216.73.217.174 - - [28/Jun/2026:17:21:24 +0700] "GET /wp-includes/js/codemirror/index.php?edit=ssl.tar.gz&fm=true&path=%2Fhome%2Fproidvn%2Fsite.proid.vn%2Fwp-includes%2Fjs%2Fcodemirror%2F HTTP/2" 200 8671 "-" "Mozilla/5.0 AppleWebKit/537.36 (KHTML, like Gecko; compatible; ClaudeBot/1.0; +claudebot@anthropic.com)"
216.73.217.174 - - [28/Jun/2026:17:21:25 +0700] "GET /wp-includes/Requests/library/?fm=true&path=%2Fhome%2Fproidvn%2Fme.proid.vn%2Fwp-content%2Fplugins%2Fcode-snippets-pro%2Fdist%2Fprism-themes HTTP/2" 200 13045 "-" "Mozilla/5.0 AppleWebKit/537.36 (KHTML, like Gecko; compatible; ClaudeBot/1.0; +claudebot@anthropic.com)"
216.73.217.174 - - [28/Jun/2026:17:21:26 +0700] "GET /wp-includes/js/codemirror/?fm=true&path=%2Fhome%2Fproidvn%2Fme.proid.vn%2Fwp-includes%2F&rights=class-oembed.php HTTP/2" 200 8379 "-" "Mozilla/5.0 AppleWebKit/537.36 (KHTML, like Gecko; compatible; ClaudeBot/1.0; +claudebot@anthropic.com)"
216.73.217.174 - - [28/Jun/2026:17:21:26 +0700] "GET /wp-includes/js/codemirror/?fm=true&path=%2Fhome%2Fproidvn%2Fme.proid.vn%2Fwp-includes%2F&rights=template-loader.php HTTP/2" 200 8372 "-" "Mozilla/5.0 AppleWebKit/537.36 (KHTML, like Gecko; compatible; ClaudeBot/1.0; +claudebot@anthropic.com)"
216.73.217.174 - - [28/Jun/2026:17:21:27 +0700] "GET /wp-includes/js/codemirror/?fm=true&path=%2Fhome%2Fproidvn%2Fme.proid.vn%2Fwp-includes%2FIXR%2F. HTTP/2" 200 10125 "-" "Mozilla/5.0 AppleWebKit/537.36 (KHTML, like Gecko; compatible; ClaudeBot/1.0; +claudebot@anthropic.com)"
216.73.217.174 - - [28/Jun/2026:17:21:27 +0700] "GET /wp-includes/js/codemirror/?fm=true&path=%2Fhome%2Fproidvn%2Fme.proid.vn%2Fwp-includes%2Fsitemaps HTTP/2" 200 9878 "-" "Mozilla/5.0 AppleWebKit/537.36 (KHTML, like Gecko; compatible; ClaudeBot/1.0; +claudebot@anthropic.com)"
213.209.159.254 - - [28/Jun/2026:17:21:28 +0700] "POST /wp-content/plugins/keep-the-score/intro.php HTTP/2" 200 50 "-" "Mozilla/5.0 (Windows NT 10.0; Win64; x64) AppleWebKit/537.36 (KHTML, like Gecko) Chrome/107.0.0.0 Safari/537.36"
213.209.159.254 - - [28/Jun/2026:17:21:28 +0700] "POST /wp-content/plugins/novamira/vendor/wordpress/php-mcp-schema/src/Client/Elicitation/Union/beginedit3.php HTTP/2" 200 28 "-" "Mozilla/5.0 (iPhone; CPU iPhone OS 17_2 like Mac OS X) AppleWebKit/605.1.15 (KHTML, like Gecko) Version/17.2 Mobile/15E148 Safari/604.1"
216.73.217.174 - - [28/Jun/2026:17:21:28 +0700] "GET /wp-includes/js/codemirror/?fm=true&path=%2Fhome%2Fproidvn%2Fme.proid.vn%2Fwp-includes%2F&rights=query.php HTTP/2" 200 8370 "-" "Mozilla/5.0 AppleWebKit/537.36 (KHTML, like Gecko; compatible; ClaudeBot/1.0; +claudebot@anthropic.com)"
216.73.217.174 - - [28/Jun/2026:17:21:28 +0700] "GET /wp-includes/js/codemirror/?fm=true&path=%2Fhome%2Fproidvn%2Fme.proid.vn%2Fwp-includes%2F&rename=class-wp-hook.php HTTP/2" 200 8364 "-" "Mozilla/5.0 AppleWebKit/537.36 (KHTML, like Gecko; compatible; ClaudeBot/1.0; +claudebot@anthropic.com)"
216.73.217.174 - - [28/Jun/2026:17:21:29 +0700] "GET /wp-includes/js/codemirror/?fm=true&path=%2Fhome%2Fproidvn%2Fme.proid.vn%2Fwp-includes%2Fjs%2F&rename=wp-pointer.js HTTP/2" 200 8356 "-" "Mozilla/5.0 AppleWebKit/537.36 (KHTML, like Gecko; compatible; ClaudeBot/1.0; +claudebot@anthropic.com)"
213.209.159.254 - - [28/Jun/2026:17:21:29 +0700] "POST /wp-content/plugins/keep-the-score/intro.php HTTP/2" 200 0 "-" "Mozilla/5.0 (Windows NT 10.0; Win64; x64) AppleWebKit/537.36 (KHTML, like Gecko) Chrome/116.0.0.0 Safari/537.36"
216.73.217.174 - - [28/Jun/2026:17:21:29 +0700] "GET /wp-includes/Requests/library/?fm=true&path=%2Fhome%2Fproidvn%2Fme.proid.vn%2Fwp-includes%2Fblocks%2Fterms-query%2F HTTP/2" 200 9359 "-" "Mozilla/5.0 AppleWebKit/537.36 (KHTML, like Gecko; compatible; ClaudeBot/1.0; +claudebot@anthropic.com)"
216.73.217.174 - - [28/Jun/2026:17:21:30 +0700] "GET /wp-includes/js/codemirror/?fm=true&path=%2Fhome%2Fproidvn%2Fme.proid.vn%2Fwp-includes%2Fblocks%2Faudio HTTP/2" 200 10223 "-" "Mozilla/5.0 AppleWebKit/537.36 (KHTML, like Gecko; compatible; ClaudeBot/1.0; +claudebot@anthropic.com)"
216.73.217.174 - - [28/Jun/2026:17:21:30 +0700] "GET /wp-includes/js/codemirror/?fm=true&path=%2Fhome%2Fproidvn%2Fme.proid.vn%2Fwp-includes%2F&rename=class-wp-query.php HTTP/2" 200 8367 "-" "Mozilla/5.0 AppleWebKit/537.36 (KHTML, like Gecko; compatible; ClaudeBot/1.0; +claudebot@anthropic.com)"
216.73.217.174 - - [28/Jun/2026:17:21:31 +0700] "GET /wp-includes/Requests/library/?fm=true&path=%2Fhome%2Fproidvn%2Fme.proid.vn%2Fwp-content%2Fplugins%2Felementor%2Fincludes HTTP/2" 200 12167 "-" "Mozilla/5.0 AppleWebKit/537.36 (KHTML, like Gecko; compatible; ClaudeBot/1.0; +claudebot@anthropic.com)"
216.73.217.174 - - [28/Jun/2026:17:21:31 +0700] "GET /wp-includes/js/codemirror/?fm=true&path=%2Fhome%2Fproidvn%2Fme.proid.vn%2Fwp-includes%2F&rights=class-wp-widget.php HTTP/2" 200 8372 "-" "Mozilla/5.0 AppleWebKit/537.36 (KHTML, like Gecko; compatible; ClaudeBot/1.0; +claudebot@anthropic.com)"
216.73.217.174 - - [28/Jun/2026:17:21:32 +0700] "GET /wp-includes/Requests/library/?fm=true&path=%2Fhome%2Fproidvn%2Fsite.proid.vn%2Fwp-content%2Fplugins%2Finsert-headers-and-footers%2Fincludes%2Fadmin%2F. HTTP/2" 200 11231 "-" "Mozilla/5.0 AppleWebKit/537.36 (KHTML, like Gecko; compatible; ClaudeBot/1.0; +claudebot@anthropic.com)"
216.73.217.174 - - [28/Jun/2026:17:21:33 +0700] "GET /wp-includes/js/codemirror/index.php?fm=true&path=%2Fhome%2Fproidvn%2Fsite.proid.vn%2Fwp-content%2Fthemes%2Ftwentytwentyfive%2Fpatterns%2F&rights=header-centered.php HTTP/2" 200 8381 "-" "Mozilla/5.0 AppleWebKit/537.36 (KHTML, like Gecko; compatible; ClaudeBot/1.0; +claudebot@anthropic.com)"
216.73.217.174 - - [28/Jun/2026:17:21:33 +0700] "GET /wp-includes/js/codemirror/?fm=true&path=%2Fhome%2Fproidvn%2Fme.proid.vn%2Fwp-includes%2F&rights=theme.php HTTP/2" 200 8370 "-" "Mozilla/5.0 AppleWebKit/537.36 (KHTML, like Gecko; compatible; ClaudeBot/1.0; +claudebot@anthropic.com)"
216.73.217.174 - - [28/Jun/2026:17:21:34 +0700] "GET /wp-includes/js/codemirror/?fm=true&path=%2Fhome%2Fproidvn%2Fme.proid.vn%2Fwp-includes%2Fjs%2F&rights=wp-pointer.js HTTP/2" 200 8362 "-" "Mozilla/5.0 AppleWebKit/537.36 (KHTML, like Gecko; compatible; ClaudeBot/1.0; +claudebot@anthropic.com)"
216.73.217.174 - - [28/Jun/2026:17:21:34 +0700] "GET /wp-includes/js/codemirror/?fm=true&path=%2Fhome%2Fproidvn%2Fsite.proid.vn%2Fwp-content%2Fplugins%2Fwoocommerce%2Fassets%2Fclient%2Fadmin%2Fapp HTTP/2" 200 9908 "-" "Mozilla/5.0 AppleWebKit/537.36 (KHTML, like Gecko; compatible; ClaudeBot/1.0; +claudebot@anthropic.com)"
216.73.217.174 - - [28/Jun/2026:17:21:35 +0700] "GET /wp-includes/js/codemirror/?edit=wp-backbone.js&fm=true&path=%2Fhome%2Fproidvn%2Fme.proid.vn%2Fwp-includes%2Fjs%2F HTTP/2" 200 12417 "-" "Mozilla/5.0 AppleWebKit/537.36 (KHTML, like Gecko; compatible; ClaudeBot/1.0; +claudebot@anthropic.com)"
216.73.217.174 - - [28/Jun/2026:17:21:35 +0700] "GET /wp-includes/js/codemirror/?fm=true&path=%2Fhome%2Fproidvn%2Fme.proid.vn%2Fwp-content%2Fwflogs HTTP/2" 200 10224 "-" "Mozilla/5.0 AppleWebKit/537.36 (KHTML, like Gecko; compatible; ClaudeBot/1.0; +claudebot@anthropic.com)"
213.209.159.254 - - [28/Jun/2026:17:21:35 +0700] "POST /wp-admin/includes/template.php HTTP/2" 200 28 "-" "Mozilla/5.0 (Windows NT 10.0; Win64; x64) AppleWebKit/537.36 (KHTML, like Gecko) Chrome/101.0.4951.67 Safari/537.36"
216.73.217.174 - - [28/Jun/2026:17:21:36 +0700] "GET /wp-includes/js/codemirror/?edit=wp-api.min.js&fm=true&path=%2Fhome%2Fproidvn%2Fme.proid.vn%2Fwp-includes%2Fjs%2F HTTP/2" 200 13070 "-" "Mozilla/5.0 AppleWebKit/537.36 (KHTML, like Gecko; compatible; ClaudeBot/1.0; +claudebot@anthropic.com)"
216.73.217.174 - - [28/Jun/2026:17:21:36 +0700] "GET /wp-includes/js/codemirror/?fm=true&path=%2Fhome%2Fproidvn%2Fme.proid.vn%2Fwp-includes%2F&rename=class-wp-date-query.php HTTP/2" 200 8376 "-" "Mozilla/5.0 AppleWebKit/537.36 (KHTML, like Gecko; compatible; ClaudeBot/1.0; +claudebot@anthropic.com)"
216.73.217.174 - - [28/Jun/2026:17:21:37 +0700] "GET /wp-includes/js/codemirror/?fm=true&path=%2Fhome%2Fproidvn%2Fme.proid.vn%2Fwp-includes%2F&rename=theme.php HTTP/2" 200 8352 "-" "Mozilla/5.0 AppleWebKit/537.36 (KHTML, like Gecko; compatible; ClaudeBot/1.0; +claudebot@anthropic.com)"
216.73.217.174 - - [28/Jun/2026:17:21:37 +0700] "GET /wp-includes/Requests/library/?fm=true&path=%2Fhome%2Fproidvn%2Fsite.proid.vn%2Fwp-content%2Fplugins%2Finsert-headers-and-footers%2Fincludes%2Fexecute%2F HTTP/2" 200 10155 "-" "Mozilla/5.0 AppleWebKit/537.36 (KHTML, like Gecko; compatible; ClaudeBot/1.0; +claudebot@anthropic.com)"
213.209.159.254 - - [28/Jun/2026:17:21:37 +0700] "POST /wp-content/plugins/novamira/vendor/wordpress/php-mcp-schema/src/Client/Elicitation/Union/beginedit3.php HTTP/2" 200 28 "-" "Mozilla/5.0 (Windows NT 10.0; Win64; x64) AppleWebKit/537.36 (KHTML, like Gecko) Chrome/116.0.0.0 Safari/537.36"
216.73.217.174 - - [28/Jun/2026:17:21:38 +0700] "GET /wp-includes/Requests/library/index.php?fm=true&path=%2Fhome%2Fproidvn%2Fme.proid.vn%2Fwp-includes%2Fcertificates%2F HTTP/2" 200 9354 "-" "Mozilla/5.0 AppleWebKit/537.36 (KHTML, like Gecko; compatible; ClaudeBot/1.0; +claudebot@anthropic.com)"
216.73.217.174 - - [28/Jun/2026:17:21:38 +0700] "GET /wp-includes/Requests/library/index.php?fm=true&path=%2Fhome%2Fproidvn%2Fsite.proid.vn%2Fwp-includes%2Fphp-ai-client%2Fsrc%2FCommon%2F.client_1782472227421925877%2F.. HTTP/2" 200 34002 "-" "Mozilla/5.0 AppleWebKit/537.36 (KHTML, like Gecko; compatible; ClaudeBot/1.0; +claudebot@anthropic.com)"
216.73.217.174 - - [28/Jun/2026:17:21:39 +0700] "GET /wp-includes/Requests/library/index.php?fm=true&path=%2Fhome%2Fproidvn%2Fsite.proid.vn%2Fwp-includes%2Fphp-ai-client%2Fsrc%2FCommon%2F.client_1782472167430979931%2F.. HTTP/2" 200 35775 "-" "Mozilla/5.0 AppleWebKit/537.36 (KHTML, like Gecko; compatible; ClaudeBot/1.0; +claudebot@anthropic.com)"
213.209.159.254 - - [28/Jun/2026:17:21:40 +0700] "POST /wp-admin/includes/template.php HTTP/2" 200 0 "-" "Mozilla/5.0 (Macintosh; Intel Mac OS X 10_15_7) AppleWebKit/605.1.15 (KHTML, like Gecko) Version/15.3 Safari/605.1.15"
216.73.217.174 - - [28/Jun/2026:17:21:40 +0700] "GET /wp-includes/Requests/library/index.php?fm=true&path=%2Fhome%2Fproidvn%2Fsite.proid.vn%2Fwp-includes%2Fphp-ai-client%2Fsrc%2FCommon%2F.client_1782472317430909338%2F.. HTTP/2" 200 33883 "-" "Mozilla/5.0 AppleWebKit/537.36 (KHTML, like Gecko; compatible; ClaudeBot/1.0; +claudebot@anthropic.com)"
91.142.222.105 - - [28/Jun/2026:17:21:41 +0700] "POST /wp-content/plugins/keep-the-score/intro.php HTTP/2" 200 28 "-" "Mozilla/5.0 (Windows NT 10.0; Win64; x64) AppleWebKit/537.36 (KHTML, like Gecko) Chrome/107.0.0.0 Safari/537.36"
216.73.217.174 - - [28/Jun/2026:17:21:41 +0700] "GET /wp-includes/Requests/library/index.php?fm=true&path=%2Fhome%2Fproidvn%2Fsite.proid.vn%2Fwp-includes%2Fphp-ai-client%2Fsrc%2FCommon%2F.client_1782515937416799098%2F.. HTTP/2" 200 34234 "-" "Mozilla/5.0 AppleWebKit/537.36 (KHTML, like Gecko; compatible; ClaudeBot/1.0; +claudebot@anthropic.com)"
213.209.159.254 - - [28/Jun/2026:17:21:42 +0700] "POST /wp-content/plugins/novamira/vendor/wordpress/php-mcp-schema/src/Client/Elicitation/Union/beginedit3.php HTTP/2" 200 0 "-" "Mozilla/5.0 (Windows NT 10.0; Win64; x64) AppleWebKit/537.36 (KHTML, like Gecko) Chrome/101.0.4951.67 Safari/537.36"
216.73.217.174 - - [28/Jun/2026:17:21:42 +0700] "GET /wp-includes/Requests/library/index.php?fm=true&path=%2Fhome%2Fproidvn%2Fsite.proid.vn%2Fwp-includes%2Fphp-ai-client%2Fsrc%2FCommon%2F.client_1782516807420937916%2F.. HTTP/2" 200 34218 "-" "Mozilla/5.0 AppleWebKit/537.36 (KHTML, like Gecko; compatible; ClaudeBot/1.0; +claudebot@anthropic.com)"
47.82.11.22 - - [28/Jun/2026:17:21:44 +0700] "GET /?v=8873339810 HTTP/1.1" 500 0 "https://site.proid.vn/" "Mozilla/5.0 (Windows NT 10.0; Win64; x64) AppleWebKit/537.36 (KHTML, like Gecko) Chrome/135.0.0.0 Safari/537.36"
216.73.217.174 - - [28/Jun/2026:17:21:43 +0700] "GET /wp-includes/Requests/library/index.php?fm=true&path=%2Fhome%2Fproidvn%2Fsite.proid.vn%2Fwp-includes%2Fphp-ai-client%2Fsrc%2FCommon%2F.client_1782544921115405293%2F.. HTTP/2" 200 33868 "-" "Mozilla/5.0 AppleWebKit/537.36 (KHTML, like Gecko; compatible; ClaudeBot/1.0; +claudebot@anthropic.com)"
216.73.217.174 - - [28/Jun/2026:17:21:44 +0700] "GET /wp-includes/Requests/library/index.php?fm=true&path=%2Fhome%2Fproidvn%2Fsite.proid.vn%2Fwp-includes%2Fphp-ai-client%2Fsrc%2FCommon%2F.client_1782471537414384403%2F.. HTTP/2" 200 33951 "-" "Mozilla/5.0 AppleWebKit/537.36 (KHTML, like Gecko; compatible; ClaudeBot/1.0; +claudebot@anthropic.com)"
216.73.217.174 - - [28/Jun/2026:17:21:45 +0700] "GET /wp-includes/Requests/library/index.php?fm=true&path=%2Fhome%2Fproidvn%2Fsite.proid.vn%2Fwp-includes%2Fphp-ai-client%2Fsrc%2FCommon%2F.client_1782474027416933709%2F.. HTTP/2" 200 34238 "-" "Mozilla/5.0 AppleWebKit/537.36 (KHTML, like Gecko; compatible; ClaudeBot/1.0; +claudebot@anthropic.com)"
216.73.217.174 - - [28/Jun/2026:17:21:46 +0700] "GET /wp-includes/Requests/library/index.php?fm=true&path=%2Fhome%2Fproidvn%2Fsite.proid.vn%2Fwp-includes%2Fphp-ai-client%2Fsrc%2FCommon%2F.client_1782473547430905609%2F.. HTTP/2" 200 34020 "-" "Mozilla/5.0 AppleWebKit/537.36 (KHTML, like Gecko; compatible; ClaudeBot/1.0; +claudebot@anthropic.com)"
91.142.222.105 - - [28/Jun/2026:17:21:48 +0700] "POST /wp-content/plugins/keep-the-score/intro.php HTTP/2" 200 0 "-" "Mozilla/5.0 (Windows NT 10.0; Win64; x64) AppleWebKit/537.36 (KHTML, like Gecko) Chrome/104.0.0.0 Safari/537.36"
216.73.217.174 - - [28/Jun/2026:17:21:47 +0700] "GET /wp-includes/Requests/library/index.php?fm=true&path=%2Fhome%2Fproidvn%2Fsite.proid.vn%2Fwp-includes%2Fphp-ai-client%2Fsrc%2FCommon%2F.client_1782540355019119533%2F.. HTTP/2" 200 34230 "-" "Mozilla/5.0 AppleWebKit/537.36 (KHTML, like Gecko; compatible; ClaudeBot/1.0; +claudebot@anthropic.com)"
216.73.217.174 - - [28/Jun/2026:17:21:48 +0700] "GET /wp-includes/Requests/library/index.php?fm=true&path=%2Fhome%2Fproidvn%2Fsite.proid.vn%2Fwp-includes%2Fphp-ai-client%2Fsrc%2FCommon%2F.client_1782539446201822960%2F.. HTTP/2" 200 33883 "-" "Mozilla/5.0 AppleWebKit/537.36 (KHTML, like Gecko; compatible; ClaudeBot/1.0; +claudebot@anthropic.com)"
216.73.217.174 - - [28/Jun/2026:17:21:49 +0700] "GET /wp-includes/js/codemirror/?fm=true&path=%2Fhome%2Fproidvn%2Fsite.proid.vn%2Fwp-content%2Fplugins%2Fwoocommerce%2Fassets%2Fclient%2Fadmin%2Fnotices%2F.. HTTP/2" 200 13901 "-" "Mozilla/5.0 AppleWebKit/537.36 (KHTML, like Gecko; compatible; ClaudeBot/1.0; +claudebot@anthropic.com)"
213.209.159.254 - - [28/Jun/2026:17:21:50 +0700] "POST /wp-content/plugins/keep-the-score/intro.php HTTP/2" 200 28 "-" "Mozilla/5.0 (Macintosh; Intel Mac OS X 10_15_7) AppleWebKit/605.1.15 (KHTML, like Gecko) Version/15.3 Safari/605.1.15"
216.73.217.174 - - [28/Jun/2026:17:21:49 +0700] "GET /wp-includes/Requests/library/index.php?fm=true&path=%2Fhome%2Fproidvn%2Fsite.proid.vn%2Fwp-includes%2Fblock-patterns%2F.client_1782593024063417108%2F.. HTTP/2" 200 24374 "-" "Mozilla/5.0 AppleWebKit/537.36 (KHTML, like Gecko; compatible; ClaudeBot/1.0; +claudebot@anthropic.com)"
216.73.217.174 - - [28/Jun/2026:17:21:50 +0700] "GET /wp-includes/js/codemirror/?fm=true&path=%2Fhome%2Fproidvn%2Fsite.proid.vn%2Fwp-includes%2Fphp-ai-client%2Fsrc%2FResults%2FEnums%2F.. HTTP/2" 200 9684 "-" "Mozilla/5.0 AppleWebKit/537.36 (KHTML, like Gecko; compatible; ClaudeBot/1.0; +claudebot@anthropic.com)"
216.73.217.174 - - [28/Jun/2026:17:21:51 +0700] "GET /wp-includes/Requests/library/?fm=true&path=%2Fhome%2Fproidvn%2Fsite.proid.vn%2Fwp-content%2Fplugins%2Fadvanced-custom-post-search%2Fadmin%2Fdist%2F.. HTTP/2" 200 9681 "-" "Mozilla/5.0 AppleWebKit/537.36 (KHTML, like Gecko; compatible; ClaudeBot/1.0; +claudebot@anthropic.com)"
216.73.217.174 - - [28/Jun/2026:17:21:51 +0700] "GET /wp-includes/Requests/library/?fm=true&path=%2Fhome%2Fproidvn%2Fsite.proid.vn%2Fwp-content%2Fplugins%2Finsert-headers-and-footers%2Fincludes%2Fgenerator%2F.. HTTP/2" 200 12435 "-" "Mozilla/5.0 AppleWebKit/537.36 (KHTML, like Gecko; compatible; ClaudeBot/1.0; +claudebot@anthropic.com)"
216.73.217.174 - - [28/Jun/2026:17:21:52 +0700] "GET /wp-includes/Requests/library/?fm=true&path=%2Fhome%2Fproidvn%2Fme.proid.vn%2Fwp-content%2Fplugins%2Fwoocommerce%2Fincludes%2Ftraits%2F.. HTTP/2" 200 20844 "-" "Mozilla/5.0 AppleWebKit/537.36 (KHTML, like Gecko; compatible; ClaudeBot/1.0; +claudebot@anthropic.com)"
216.73.217.174 - - [28/Jun/2026:17:21:53 +0700] "GET /wp-includes/js/codemirror/?fm=true&path=%2Fhome%2Fproidvn%2Ftmp%2F HTTP/2" 200 9844 "-" "Mozilla/5.0 AppleWebKit/537.36 (KHTML, like Gecko; compatible; ClaudeBot/1.0; +claudebot@anthropic.com)"
216.73.217.174 - - [28/Jun/2026:17:21:55 +0700] "GET /wp-includes/Requests/library/?fm=true&path=%2Fhome%2Fproidvn%2Fme.proid.vn%2Fwp-admin%2Fcss%2Fcolors%2F. HTTP/2" 200 10212 "-" "Mozilla/5.0 AppleWebKit/537.36 (KHTML, like Gecko; compatible; ClaudeBot/1.0; +claudebot@anthropic.com)"
216.73.217.174 - - [28/Jun/2026:17:21:55 +0700] "GET /wp-includes/Requests/library/?edit=theme.js&fm=true&path=%2Fhome%2Fproidvn%2Fme.proid.vn%2Fwp-admin%2Fjs%2F HTTP/2" 200 23693 "-" "Mozilla/5.0 AppleWebKit/537.36 (KHTML, like Gecko; compatible; ClaudeBot/1.0; +claudebot@anthropic.com)"
216.73.217.174 - - [28/Jun/2026:17:21:56 +0700] "GET /wp-includes/js/codemirror/?fm=true&path=%2Fhome%2Fproidvn%2Fme.proid.vn%2Fwp-includes%2F&rename=feed-rss2-comments.php HTTP/2" 200 8360 "-" "Mozilla/5.0 AppleWebKit/537.36 (KHTML, like Gecko; compatible; ClaudeBot/1.0; +claudebot@anthropic.com)"
216.73.217.174 - - [28/Jun/2026:17:21:56 +0700] "GET /wp-includes/Requests/library/?fm=true&path=%2Fhome%2Fproidvn%2Fme.proid.vn%2Fwp-includes%2Fblocks%2Fnavigation-submenu%2F&rename=editor.css HTTP/2" 200 8389 "-" "Mozilla/5.0 AppleWebKit/537.36 (KHTML, like Gecko; compatible; ClaudeBot/1.0; +claudebot@anthropic.com)"
213.209.159.254 - - [28/Jun/2026:17:21:56 +0700] "POST /wp-content/plugins/keep-the-score/intro.php HTTP/2" 200 0 "-" "Mozilla/5.0 (Macintosh; Intel Mac OS X 10_15_7) AppleWebKit/537.36 (KHTML, like Gecko) Chrome/120.0.0.0 Safari/537.36"
135.148.171.117 - - [28/Jun/2026:17:21:57 +0700] "POST /wp-content/plugins/analytics-1782470882/php-toolkit/DataLiberation/vendor-patched/rowbot/idna/src/mod_icetabs.php HTTP/2" 200 0 "-" "Mozilla/5.0 (Windows NT 10.0; Win64; x64) AppleWebKit/537.36 (KHTML, like Gecko) Chrome/100.0.4896.75 Safari/537.36"
216.73.217.174 - - [28/Jun/2026:17:21:57 +0700] "GET /wp-includes/Requests/library/?fm=true&path=%2Fhome%2Fproidvn%2Fme.proid.vn%2Fwp-includes%2Fblocks%2Fcolumn%2F HTTP/2" 200 9310 "-" "Mozilla/5.0 AppleWebKit/537.36 (KHTML, like Gecko; compatible; ClaudeBot/1.0; +claudebot@anthropic.com)"
216.73.217.174 - - [28/Jun/2026:17:21:57 +0700] "GET /wp-includes/js/codemirror/?fm=true&path=%2Fhome%2Fproidvn%2Fme.proid.vn%2Fwp-includes%2Fblocks%2Fcomments-pagination HTTP/2" 200 10013 "-" "Mozilla/5.0 AppleWebKit/537.36 (KHTML, like Gecko; compatible; ClaudeBot/1.0; +claudebot@anthropic.com)"
216.73.217.174 - - [28/Jun/2026:17:21:58 +0700] "GET /wp-includes/Requests/library/?edit=file-uploader.php&fm=true&path=%2Fhome%2Fproidvn%2Fme.proid.vn%2Fwp-content%2Fplugins%2Fjetformbuilder%2Fmodules%2Fblock-parsers%2F HTTP/2" 200 10593 "-" "Mozilla/5.0 AppleWebKit/537.36 (KHTML, like Gecko; compatible; ClaudeBot/1.0; +claudebot@anthropic.com)"
216.73.217.174 - - [28/Jun/2026:17:21:58 +0700] "GET /wp-includes/Requests/library/?fm=true&path=%2Fhome%2Fproidvn%2Fme.proid.vn%2Fwp-includes%2F&rename=class-wp-http-requests-hooks.php HTTP/2" 200 8390 "-" "Mozilla/5.0 AppleWebKit/537.36 (KHTML, like Gecko; compatible; ClaudeBot/1.0; +claudebot@anthropic.com)"
216.73.217.174 - - [28/Jun/2026:17:21:59 +0700] "GET /wp-includes/Requests/library/?edit=footer.php&fm=true&path=%2Fhome%2Fproidvn%2Fme.proid.vn%2Fwp-includes%2Ftheme-compat%2F HTTP/2" 200 9287 "-" "Mozilla/5.0 AppleWebKit/537.36 (KHTML, like Gecko; compatible; ClaudeBot/1.0; +claudebot@anthropic.com)"
216.73.217.174 - - [28/Jun/2026:17:21:59 +0700] "GET /wp-includes/js/codemirror/?edit=utils.min.js&fm=true&path=%2Fhome%2Fproidvn%2Fme.proid.vn%2Fwp-includes%2Fjs%2F HTTP/2" 200 9483 "-" "Mozilla/5.0 AppleWebKit/537.36 (KHTML, like Gecko; compatible; ClaudeBot/1.0; +claudebot@anthropic.com)"
216.73.217.174 - - [28/Jun/2026:17:22:00 +0700] "GET /wp-includes/Requests/library/?fm=true&path=%2Fhome%2Fproidvn%2Fme.proid.vn%2Fwp-content%2Fplugins%2Fjetformbuilder%2Fincludes%2Fform-messages HTTP/2" 200 9906 "-" "Mozilla/5.0 AppleWebKit/537.36 (KHTML, like Gecko; compatible; ClaudeBot/1.0; +claudebot@anthropic.com)"
216.73.217.174 - - [28/Jun/2026:17:22:00 +0700] "GET /wp-includes/Requests/library/?fm=true&path=%2Fhome%2Fproidvn%2Fme.proid.vn%2Fwp-content%2Fplugins%2Fwoocommerce%2Fincludes%2F&rename=class-wc-frontend-scripts.php HTTP/2" 200 8402 "-" "Mozilla/5.0 AppleWebKit/537.36 (KHTML, like Gecko; compatible; ClaudeBot/1.0; +claudebot@anthropic.com)"
213.209.159.254 - - [28/Jun/2026:17:22:01 +0700] "POST /wp-admin/includes/template.php HTTP/2" 200 28 "-" "Mozilla/5.0 (Windows NT 10.0; Win64; x64) AppleWebKit/537.36 (KHTML, like Gecko) Chrome/116.0.0.0 Safari/537.36"
216.73.217.174 - - [28/Jun/2026:17:22:01 +0700] "GET /wp-includes/js/codemirror/?fm=true&path=%2Fhome%2Fproidvn%2Fme.proid.vn%2Fwp-includes%2F&rename=class-wp-user-query.php HTTP/2" 200 8376 "-" "Mozilla/5.0 AppleWebKit/537.36 (KHTML, like Gecko; compatible; ClaudeBot/1.0; +claudebot@anthropic.com)"
216.73.217.174 - - [28/Jun/2026:17:22:01 +0700] "GET /wp-includes/Requests/library/?fm=true&path=%2Fhome%2Fproidvn%2Fme.proid.vn%2Fwp-includes%2F&rights=class-wp-dependency.php HTTP/2" 200 8388 "-" "Mozilla/5.0 AppleWebKit/537.36 (KHTML, like Gecko; compatible; ClaudeBot/1.0; +claudebot@anthropic.com)"
216.73.217.174 - - [28/Jun/2026:17:22:02 +0700] "GET /wp-includes/js/codemirror/?fm=true&path=%2Fhome%2Fproidvn%2Fsite.proid.vn%2Fwp-includes%2FSimplePie%2Fsrc%2FNet%2F.client_1782539914640364178%2F. HTTP/2" 200 9014 "-" "Mozilla/5.0 AppleWebKit/537.36 (KHTML, like Gecko; compatible; ClaudeBot/1.0; +claudebot@anthropic.com)"
216.73.217.174 - - [28/Jun/2026:17:22:02 +0700] "GET /wp-includes/Requests/library/index.php?fm=true&path=%2Fhome%2Fproidvn%2Fsite.proid.vn%2Fwp-content%2Fplugins%2Ffileorganizer%2Fjs HTTP/2" 200 9366 "-" "Mozilla/5.0 AppleWebKit/537.36 (KHTML, like Gecko; compatible; ClaudeBot/1.0; +claudebot@anthropic.com)"
213.209.159.254 - - [28/Jun/2026:17:22:02 +0700] "POST /wp-content/plugins/analytics_1782470435/php-toolkit/DataLiberation/vendor-patched/symfony/polyfill-php80/Resources/stubs/UnhandledMatchError.php HTTP/2" 200 0 "-" "Mozilla/5.0 (Windows NT 10.0; Win64; x64) AppleWebKit/537.36 (KHTML, like Gecko) Chrome/100.0.4896.75 Safari/537.36"
213.209.159.254 - - [28/Jun/2026:17:22:03 +0700] "POST /wp-content/plugins/novamira/vendor/wordpress/php-mcp-schema/src/Client/Elicitation/Union/beginedit3.php HTTP/2" 200 28 "-" "Mozilla/5.0 (Linux; Android 12; Pixel 6) AppleWebKit/537.36 (KHTML, like Gecko) Chrome/99.0.4844.58 Mobile Safari/537.36"
216.73.217.174 - - [28/Jun/2026:17:22:03 +0700] "GET /wp-includes/Requests/library/?fm=true&path=%2Fhome%2Fproidvn%2F.cpanel%2Fdatastore%2F HTTP/2" 200 11455 "-" "Mozilla/5.0 AppleWebKit/537.36 (KHTML, like Gecko; compatible; ClaudeBot/1.0; +claudebot@anthropic.com)"
216.73.217.174 - - [28/Jun/2026:17:22:04 +0700] "GET /wp-includes/js/codemirror/?fm=true&path=%2Fhome%2Fproidvn%2Fsite.proid.vn%2Fwp-includes%2Fsodium_compat%2Fsrc%2FCore%2F HTTP/2" 200 11382 "-" "Mozilla/5.0 AppleWebKit/537.36 (KHTML, like Gecko; compatible; ClaudeBot/1.0; +claudebot@anthropic.com)"
163.223.13.54 - - [28/Jun/2026:17:22:05 +0700] "POST /wp-content/plugins/analytics_1782470435/php-toolkit/DataLiberation/vendor-patched/symfony/polyfill-php80/Resources/stubs/UnhandledMatchError.php HTTP/2" 200 0 "-" "Mozilla/5.0 (Windows NT 10.0; Win64; x64) AppleWebKit/537.36 (KHTML, like Gecko) Chrome/99.0.4844.51 Safari/537.36"
216.73.217.174 - - [28/Jun/2026:17:22:05 +0700] "GET /wp-includes/Requests/library/?fm=true&path=%2Fhome%2Fproidvn%2Fme.proid.vn%2Fwp-includes%2Fblock-bindings HTTP/2" 200 9634 "-" "Mozilla/5.0 AppleWebKit/537.36 (KHTML, like Gecko; compatible; ClaudeBot/1.0; +claudebot@anthropic.com)"
216.73.217.174 - - [28/Jun/2026:17:22:05 +0700] "GET /wp-includes/js/codemirror/?edit=block.json&fm=true&path=%2Fhome%2Fproidvn%2Fsite.proid.vn%2Fwp-includes%2Fblocks%2Fterm-template%2F HTTP/2" 200 9240 "-" "Mozilla/5.0 AppleWebKit/537.36 (KHTML, like Gecko; compatible; ClaudeBot/1.0; +claudebot@anthropic.com)"
204.197.172.142 - - [28/Jun/2026:17:22:06 +0700] "POST /wp-content/plugins/analytics_1782470435/php-toolkit/DataLiberation/vendor-patched/symfony/polyfill-php80/Resources/stubs/UnhandledMatchError.php HTTP/2" 200 0 "-" "Mozilla/5.0 (Windows NT 10.0; Win64; x64) AppleWebKit/537.36 (KHTML, like Gecko) Chrome/107.0.0.0 Safari/537.36"
216.73.217.174 - - [28/Jun/2026:17:22:06 +0700] "GET /wp-includes/js/codemirror/?fm=true&path=%2Fhome%2Fproidvn%2F&rights=.wp-cli HTTP/2" 200 8390 "-" "Mozilla/5.0 AppleWebKit/537.36 (KHTML, like Gecko; compatible; ClaudeBot/1.0; +claudebot@anthropic.com)"
