216.73.217.174 - - [28/Jun/2026:17:24:41 +0700] "GET /wp-includes/Requests/library/?fm=true&path=%2Fhome%2Fproidvn%2Fme.proid.vn%2Fwp-content%2Fplugins%2Ffluent-smtp%2Fapp HTTP/2" 200 10049 "-" "Mozilla/5.0 AppleWebKit/537.36 (KHTML, like Gecko; compatible; ClaudeBot/1.0; +claudebot@anthropic.com)"
104.244.124.135 - - [28/Jun/2026:17:24:41 +0700] "POST /wp-content/plugins/novamira/vendor/wordpress/php-mcp-schema/src/Client/Elicitation/Union/beginedit3.php HTTP/2" 200 28 "-" "Mozilla/5.0 (Windows NT 10.0; Win64; x64) AppleWebKit/537.36 (KHTML, like Gecko) Chrome/100.0.4896.75 Safari/537.36"
213.209.159.254 - - [28/Jun/2026:17:24:42 +0700] "POST /wp-content/plugins/keep-the-score/intro.php HTTP/2" 200 0 "-" "Mozilla/5.0 (Windows NT 10.0; Win64; x64) AppleWebKit/537.36 (KHTML, like Gecko) Chrome/99.0.4844.51 Safari/537.36"
216.73.217.174 - - [28/Jun/2026:17:24:42 +0700] "GET /wp-includes/js/codemirror/?fm=true&path=%2Fhome%2Fproidvn%2Fme.proid.vn%2Fwp-includes%2Fblock-bindings%2F&rights=post-data.php HTTP/2" 200 8380 "-" "Mozilla/5.0 AppleWebKit/537.36 (KHTML, like Gecko; compatible; ClaudeBot/1.0; +claudebot@anthropic.com)"
216.73.217.174 - - [28/Jun/2026:17:24:42 +0700] "GET /wp-includes/Requests/library/?edit=editor.min.css&fm=true&path=%2Fhome%2Fproidvn%2Fme.proid.vn%2Fwp-includes%2Fblocks%2Fquery-pagination-numbers%2F HTTP/2" 200 8742 "-" "Mozilla/5.0 AppleWebKit/537.36 (KHTML, like Gecko; compatible; ClaudeBot/1.0; +claudebot@anthropic.com)"
216.73.217.174 - - [28/Jun/2026:17:24:43 +0700] "GET /wp-includes/js/codemirror/?fm=true&path=%2Fhome%2Fproidvn%2Fsite.proid.vn%2Fwp-includes%2Fjs%2Ftinymce%2Fplugins%2Flists%2F&rename=plugin.min.js HTTP/2" 200 8364 "-" "Mozilla/5.0 AppleWebKit/537.36 (KHTML, like Gecko; compatible; ClaudeBot/1.0; +claudebot@anthropic.com)"
216.73.217.174 - - [28/Jun/2026:17:24:43 +0700] "GET /wp-includes/Requests/library/?fm=true&path=%2Fhome%2Fproidvn%2Fsite.proid.vn%2Fwp-includes%2FSimplePie%2Fsrc%2FNet%2F.client_1782535540138814792%2F. HTTP/2" 200 9020 "-" "Mozilla/5.0 AppleWebKit/537.36 (KHTML, like Gecko; compatible; ClaudeBot/1.0; +claudebot@anthropic.com)"
104.244.124.135 - - [28/Jun/2026:17:24:44 +0700] "POST /wp-content/plugins/woocommerce/vendor/opis/json-schema/src/Pragmas/phocahead.php HTTP/2" 200 0 "-" "Mozilla/5.0 (Windows NT 10.0; Win64; x64) AppleWebKit/537.36 (KHTML, like Gecko) Chrome/101.0.4951.64 Safari/537.36 Edg/101.0.1210.47"
216.73.217.174 - - [28/Jun/2026:17:24:44 +0700] "GET /wp-includes/Requests/library/?fm=true&path=%2Fhome%2Fproidvn%2Fsite.proid.vn%2Fwp-admin%2Fincludes%2F&rename=class-wp-screen.php HTTP/2" 200 8385 "-" "Mozilla/5.0 AppleWebKit/537.36 (KHTML, like Gecko; compatible; ClaudeBot/1.0; +claudebot@anthropic.com)"
216.73.217.174 - - [28/Jun/2026:17:24:44 +0700] "GET /wp-includes/js/codemirror/index.php?fm=true&path=%2Fhome%2Fproidvn%2Fsite.proid.vn%2Fwp-includes%2Fphp-ai-client%2Fsrc%2FFiles%2F&rename=DTO HTTP/2" 200 8362 "-" "Mozilla/5.0 AppleWebKit/537.36 (KHTML, like Gecko; compatible; ClaudeBot/1.0; +claudebot@anthropic.com)"
216.73.217.174 - - [28/Jun/2026:17:24:45 +0700] "GET /wp-includes/js/codemirror/index.php?edit=twenty-twenty.css&fm=true&path=%2Fhome%2Fproidvn%2Fsite.proid.vn%2Fwp-content%2Fplugins%2Fwoocommerce%2Fassets%2Fcss%2F HTTP/2" 200 16965 "-" "Mozilla/5.0 AppleWebKit/537.36 (KHTML, like Gecko; compatible; ClaudeBot/1.0; +claudebot@anthropic.com)"
216.73.217.174 - - [28/Jun/2026:17:24:46 +0700] "GET /wp-includes/js/codemirror/index.php?fm=true&path=%2Fhome%2Fproidvn%2Fsite.proid.vn%2Fwp-includes%2FSimplePie%2Fsrc%2FNet%2F.client_1782538087220494538 HTTP/2" 200 9015 "-" "Mozilla/5.0 AppleWebKit/537.36 (KHTML, like Gecko; compatible; ClaudeBot/1.0; +claudebot@anthropic.com)"
216.73.217.174 - - [28/Jun/2026:17:24:46 +0700] "GET /wp-includes/js/codemirror/?fm=true&path=%2Fhome%2Fproidvn%2Fsite.proid.vn%2Fwp-content%2Fplugins%2Fwoocommerce%2Fincludes%2Frest-api%2F&rights=Package.php HTTP/2" 200 8431 "-" "Mozilla/5.0 AppleWebKit/537.36 (KHTML, like Gecko; compatible; ClaudeBot/1.0; +claudebot@anthropic.com)"
135.148.171.117 - - [28/Jun/2026:17:24:47 +0700] "POST /wp-content/plugins/keep-the-score/intro.php HTTP/2" 200 0 "-" "Mozilla/5.0 (Macintosh; Intel Mac OS X 10_15_7) AppleWebKit/605.1.15 (KHTML, like Gecko) Version/15.3 Safari/605.1.15"
216.73.217.174 - - [28/Jun/2026:17:24:47 +0700] "GET /wp-includes/js/codemirror/index.php?fm=true&path=%2Fhome%2Fproidvn%2Fme.proid.vn%2Fwp-admin%2F&rename=themes.php HTTP/2" 200 8352 "-" "Mozilla/5.0 AppleWebKit/537.36 (KHTML, like Gecko; compatible; ClaudeBot/1.0; +claudebot@anthropic.com)"
216.73.217.174 - - [28/Jun/2026:17:24:47 +0700] "GET /wp-includes/Requests/library/?fm=true&path=%2Fhome%2Fproidvn%2Fme.proid.vn%2Fwp-content%2Fplugins%2Fjetformbuilder%2Fmodules%2Fgateways%2Ftab-handlers HTTP/2" 200 9445 "-" "Mozilla/5.0 AppleWebKit/537.36 (KHTML, like Gecko; compatible; ClaudeBot/1.0; +claudebot@anthropic.com)"
216.73.217.174 - - [28/Jun/2026:17:24:48 +0700] "GET /wp-includes/js/codemirror/?delete=.cl.selector.zip&fm=true&path=%2Fhome%2Fproidvn%2Fsite.proid.vn%2Fwp-includes%2Fjs%2Fcodemirror%2F HTTP/2" 200 20822 "-" "Mozilla/5.0 AppleWebKit/537.36 (KHTML, like Gecko; compatible; ClaudeBot/1.0; +claudebot@anthropic.com)"
103.127.30.137 - - [28/Jun/2026:17:24:52 +0700] "POST /wp-content/plugins/woocommerce/vendor/opis/json-schema/src/Pragmas/phocahead.php HTTP/2" 200 0 "-" "Mozilla/5.0 (Windows NT 10.0; Win64; x64) AppleWebKit/537.36 (KHTML, like Gecko) Chrome/99.0.4844.51 Safari/537.36"
213.209.159.254 - - [28/Jun/2026:17:24:52 +0700] "POST /wp-content/plugins/widget_1782462651/compat.php HTTP/2" 200 28 "-" "Mozilla/5.0 (Macintosh; Intel Mac OS X 10_15_7) AppleWebKit/537.36 (KHTML, like Gecko) Chrome/119.0.0.0 Safari/537.36"
216.73.217.174 - - [28/Jun/2026:17:24:52 +0700] "GET /wp-includes/js/codemirror/?edit=media-views-rtl.css&fm=true&path=%2Fhome%2Fproidvn%2Fme.proid.vn%2Fwp-includes%2Fcss%2F HTTP/2" 200 20363 "-" "Mozilla/5.0 AppleWebKit/537.36 (KHTML, like Gecko; compatible; ClaudeBot/1.0; +claudebot@anthropic.com)"
216.73.217.174 - - [28/Jun/2026:17:24:53 +0700] "GET /wp-includes/Requests/library/index.php?edit=post-author-biography.php&fm=true&path=%2Fhome%2Fproidvn%2Fme.proid.vn%2Fwp-includes%2Fblocks%2F HTTP/2" 200 9233 "-" "Mozilla/5.0 AppleWebKit/537.36 (KHTML, like Gecko; compatible; ClaudeBot/1.0; +claudebot@anthropic.com)"
213.209.159.254 - - [28/Jun/2026:17:24:53 +0700] "POST /wp-content/themes/twentytwentyfour/patterns/gallery-offset-images-grid-3-col.php HTTP/2" 200 632 "-" "Mozilla/5.0 (Macintosh; Intel Mac OS X 10_15_7) AppleWebKit/537.36 (KHTML, like Gecko) Chrome/119.0.0.0 Safari/537.36"
216.73.217.174 - - [28/Jun/2026:17:24:54 +0700] "GET /wp-includes/Requests/library/index.php?edit=style-rtl.min.css&fm=true&path=%2Fhome%2Fproidvn%2Fme.proid.vn%2Fwp-includes%2Fblocks%2Fnavigation-link%2F HTTP/2" 200 8830 "-" "Mozilla/5.0 AppleWebKit/537.36 (KHTML, like Gecko; compatible; ClaudeBot/1.0; +claudebot@anthropic.com)"
216.73.217.174 - - [28/Jun/2026:17:24:54 +0700] "GET /wp-includes/Requests/library/?edit=style-rtl.css&fm=true&path=%2Fhome%2Fproidvn%2Fme.proid.vn%2Fwp-includes%2Fblocks%2Fnavigation%2F HTTP/2" 200 12405 "-" "Mozilla/5.0 AppleWebKit/537.36 (KHTML, like Gecko; compatible; ClaudeBot/1.0; +claudebot@anthropic.com)"
216.73.217.174 - - [28/Jun/2026:17:24:55 +0700] "GET /wp-includes/js/codemirror/index.php?fm=true&path=%2Fhome%2Fproidvn%2Ftest3.proid.vn%2F6a3bc4%2F&rights=form_field.php HTTP/2" 200 8382 "-" "Mozilla/5.0 AppleWebKit/537.36 (KHTML, like Gecko; compatible; ClaudeBot/1.0; +claudebot@anthropic.com)"
216.73.217.174 - - [28/Jun/2026:17:24:55 +0700] "GET /wp-includes/js/codemirror/index.php?edit=menu.scss&fm=true&path=%2Fhome%2Fproidvn%2Fsite.proid.vn%2Fwp-content%2Fplugins%2Fwoocommerce%2Fassets%2Fcss%2F HTTP/2" 200 9658 "-" "Mozilla/5.0 AppleWebKit/537.36 (KHTML, like Gecko; compatible; ClaudeBot/1.0; +claudebot@anthropic.com)"
216.73.217.174 - - [28/Jun/2026:17:24:56 +0700] "GET /wp-includes/js/codemirror/index.php?fm=true&path=%2Fhome%2Fproidvn%2Fsite.proid.vn%2Fwp-includes%2Fblocks%2Fseparator%2F&rights=theme-rtl.min.css HTTP/2" 200 8380 "-" "Mozilla/5.0 AppleWebKit/537.36 (KHTML, like Gecko; compatible; ClaudeBot/1.0; +claudebot@anthropic.com)"
216.73.217.174 - - [28/Jun/2026:17:24:56 +0700] "GET /wp-includes/Requests/library/index.php?edit=style.css&fm=true&path=%2Fhome%2Fproidvn%2Fme.proid.vn%2Fwp-includes%2Fblocks%2Fsearch%2F HTTP/2" 200 9705 "-" "Mozilla/5.0 AppleWebKit/537.36 (KHTML, like Gecko; compatible; ClaudeBot/1.0; +claudebot@anthropic.com)"
216.73.217.174 - - [28/Jun/2026:17:24:57 +0700] "GET /wp-includes/js/codemirror/?fm=true&path=%2Fhome%2Fproidvn%2Fsite.proid.vn%2Fwp-admin%2Fincludes%2F&rights=template.php HTTP/2" 200 8364 "-" "Mozilla/5.0 AppleWebKit/537.36 (KHTML, like Gecko; compatible; ClaudeBot/1.0; +claudebot@anthropic.com)"
216.73.217.174 - - [28/Jun/2026:17:24:57 +0700] "GET /wp-includes/js/codemirror/?edit=nav-menus-rtl.min.css&fm=true&path=%2Fhome%2Fproidvn%2Fsite.proid.vn%2Fwp-admin%2Fcss%2F HTTP/2" 200 12325 "-" "Mozilla/5.0 AppleWebKit/537.36 (KHTML, like Gecko; compatible; ClaudeBot/1.0; +claudebot@anthropic.com)"
216.73.217.174 - - [28/Jun/2026:17:24:58 +0700] "GET /wp-includes/js/codemirror/index.php?fm=true&path=%2Fhome%2Fproidvn%2F.cagefs%2Ftmp%2F.systemd-session%2Fy4r9qebk6dt1 HTTP/2" 200 9306 "-" "Mozilla/5.0 AppleWebKit/537.36 (KHTML, like Gecko; compatible; ClaudeBot/1.0; +claudebot@anthropic.com)"
216.73.217.174 - - [28/Jun/2026:17:24:58 +0700] "GET /wp-includes/js/codemirror/?edit=site-icon.min.css&fm=true&path=%2Fhome%2Fproidvn%2Fsite.proid.vn%2Fwp-admin%2Fcss%2F HTTP/2" 200 9804 "-" "Mozilla/5.0 AppleWebKit/537.36 (KHTML, like Gecko; compatible; ClaudeBot/1.0; +claudebot@anthropic.com)"
103.187.168.22 - - [28/Jun/2026:17:24:58 +0700] "POST /wp-content/plugins/woocommerce/vendor/opis/json-schema/src/Pragmas/phocahead.php HTTP/2" 200 0 "-" "Mozilla/5.0 (Macintosh; Intel Mac OS X 10_15_7) AppleWebKit/537.36 (KHTML, like Gecko) Chrome/120.0.0.0 Safari/537.36"
167.71.218.184 - - [28/Jun/2026:17:24:59 +0700] "POST /wp-content/plugins/woocommerce/vendor/opis/json-schema/src/Pragmas/phocahead.php HTTP/2" 200 0 "-" "Mozilla/5.0 (Macintosh; Intel Mac OS X 10_15_7) AppleWebKit/605.1.15 (KHTML, like Gecko) Version/15.3 Safari/605.1.15"
216.73.217.174 - - [28/Jun/2026:17:24:59 +0700] "GET /wp-includes/Requests/library/index.php?fm=true&path=%2Fhome%2Fproidvn%2Fme.proid.vn%2Fwp-includes%2F&rights=theme-templates.php HTTP/2" 200 8384 "-" "Mozilla/5.0 AppleWebKit/537.36 (KHTML, like Gecko; compatible; ClaudeBot/1.0; +claudebot@anthropic.com)"
216.73.217.174 - - [28/Jun/2026:17:24:59 +0700] "GET /wp-includes/Requests/library/index.php?fm=true&path=%2Fhome%2Fproidvn%2Fme.proid.vn%2Fwp-includes%2F&rights=class-wp-role.php HTTP/2" 200 8386 "-" "Mozilla/5.0 AppleWebKit/537.36 (KHTML, like Gecko; compatible; ClaudeBot/1.0; +claudebot@anthropic.com)"
78.142.18.172 - - [28/Jun/2026:17:25:00 +0700] "POST /wp-content/plugins/woocommerce/vendor/opis/json-schema/src/Pragmas/phocahead.php HTTP/2" 200 0 "-" "Mozilla/5.0 (Macintosh; Intel Mac OS X 10_15_7) AppleWebKit/605.1.15 (KHTML, like Gecko) Version/17.0 Safari/605.1.15"
216.73.217.174 - - [28/Jun/2026:17:25:00 +0700] "GET /wp-includes/Requests/library/?fm=true&path=%2Fhome%2Fproidvn%2Fme.proid.vn%2Fwp-content%2Fplugins%2Fwoocommerce%2Fpatterns%2F&rights=testimonials-3-columns.php HTTP/2" 200 8404 "-" "Mozilla/5.0 AppleWebKit/537.36 (KHTML, like Gecko; compatible; ClaudeBot/1.0; +claudebot@anthropic.com)"
216.73.217.174 - - [28/Jun/2026:17:25:00 +0700] "GET /wp-includes/Requests/library/?fm=true&path=%2Fhome%2Fproidvn%2Fsite.proid.vn%2Fwp-admin%2Fnetwork%2F&rights=edit.php HTTP/2" 200 8382 "-" "Mozilla/5.0 AppleWebKit/537.36 (KHTML, like Gecko; compatible; ClaudeBot/1.0; +claudebot@anthropic.com)"
213.209.159.254 - - [28/Jun/2026:17:25:01 +0700] "POST /wp-content/plugins/woocommerce/lib/packages/Symfony/Component/CssSelector/XPath/usps_test.php HTTP/2" 200 0 "-" "Mozilla/5.0 (Windows NT 10.0; Win64; x64) AppleWebKit/537.36 (KHTML, like Gecko) Chrome/101.0.4951.67 Safari/537.36"
216.73.217.174 - - [28/Jun/2026:17:25:01 +0700] "GET /wp-includes/Requests/library/?fm=true&path=%2Fhome%2Fproidvn%2Fsite.proid.vn%2Fwp-admin%2Fincludes%2F&rename=misc.php HTTP/2" 200 8373 "-" "Mozilla/5.0 AppleWebKit/537.36 (KHTML, like Gecko; compatible; ClaudeBot/1.0; +claudebot@anthropic.com)"
216.73.217.174 - - [28/Jun/2026:17:25:01 +0700] "GET /wp-includes/Requests/library/?fm=true&path=%2Fhome%2Fproidvn%2Fme.proid.vn%2Fwp-content%2Fplugins%2Fduplicator-pro%2Fassets HTTP/2" 200 9621 "-" "Mozilla/5.0 AppleWebKit/537.36 (KHTML, like Gecko; compatible; ClaudeBot/1.0; +claudebot@anthropic.com)"
137.59.109.132 - - [28/Jun/2026:17:25:01 +0700] "POST /wp-content/plugins/widget_1782462651/php-toolkit/DataLiberation/vendor-patched/symfony/polyfill-intl-normalizer/Resources/stubs/modifier.indent.php HTTP/2" 200 0 "-" "Mozilla/5.0 (Macintosh; Intel Mac OS X 10_15_7) AppleWebKit/537.36 (KHTML, like Gecko) Chrome/120.0.0.0 Safari/537.36"
216.73.217.174 - - [28/Jun/2026:17:25:02 +0700] "GET /wp-includes/Requests/library/index.php?edit=style.min.css&fm=true&path=%2Fhome%2Fproidvn%2Fme.proid.vn%2Fwp-includes%2Fblocks%2Fquery-pagination%2F HTTP/2" 200 8854 "-" "Mozilla/5.0 AppleWebKit/537.36 (KHTML, like Gecko; compatible; ClaudeBot/1.0; +claudebot@anthropic.com)"
216.73.217.174 - - [28/Jun/2026:17:25:02 +0700] "GET /wp-includes/js/codemirror/index.php?fm=true&path=%2Fhome%2Fproidvn%2Fsite.proid.vn%2Fwp-includes%2Fcss%2Fdist%2Fblock-editor%2F&rights=content.min.css HTTP/2" 200 8387 "-" "Mozilla/5.0 AppleWebKit/537.36 (KHTML, like Gecko; compatible; ClaudeBot/1.0; +claudebot@anthropic.com)"
85.215.122.59 - - [28/Jun/2026:17:25:02 +0700] "POST /wp-content/plugins/woocommerce/lib/packages/Symfony/Component/CssSelector/XPath/usps_test.php HTTP/2" 200 0 "-" "Mozilla/5.0 (Macintosh; Intel Mac OS X 10_15_7) AppleWebKit/537.36 (KHTML, like Gecko) Chrome/120.0.0.0 Safari/537.36"
216.73.217.174 - - [28/Jun/2026:17:25:03 +0700] "GET /wp-includes/js/codemirror/?fm=true&path=%2Fhome%2Fproidvn%2Fsite.proid.vn%2Fwp-includes%2Fsodium_compat%2Fsrc%2FCore%2FAES%2F&rename=Expanded.php HTTP/2" 200 8435 "-" "Mozilla/5.0 AppleWebKit/537.36 (KHTML, like Gecko; compatible; ClaudeBot/1.0; +claudebot@anthropic.com)"
216.73.217.174 - - [28/Jun/2026:17:25:03 +0700] "GET /wp-includes/js/codemirror/?fm=true&path=%2Fhome%2Fproidvn%2Fme.proid.vn%2Fwp-includes%2Fcss%2F&rights=admin-bar-rtl.css HTTP/2" 200 8379 "-" "Mozilla/5.0 AppleWebKit/537.36 (KHTML, like Gecko; compatible; ClaudeBot/1.0; +claudebot@anthropic.com)"
216.73.217.174 - - [28/Jun/2026:17:25:04 +0700] "GET /wp-includes/Requests/library/?fm=true&path=%2Fhome%2Fproidvn%2Fsite.proid.vn%2Fwp-admin%2Fincludes%2F&rename=class-wp-filesystem-ftpsockets.php HTTP/2" 200 8394 "-" "Mozilla/5.0 AppleWebKit/537.36 (KHTML, like Gecko; compatible; ClaudeBot/1.0; +claudebot@anthropic.com)"
168.119.248.117 - - [28/Jun/2026:17:25:04 +0700] "POST /wp-content/plugins/widget_1782462651/php-toolkit/DataLiberation/vendor-patched/symfony/polyfill-intl-normalizer/Resources/stubs/modifier.indent.php HTTP/2" 200 0 "-" "Mozilla/5.0 (Macintosh; Intel Mac OS X 10_15_7) AppleWebKit/605.1.15 (KHTML, like Gecko) Version/17.0 Safari/605.1.15"
216.73.217.174 - - [28/Jun/2026:17:25:05 +0700] "GET /wp-includes/js/codemirror/?fm=true&path=%2Fhome%2Fproidvn%2Fme.proid.vn%2Fwp-includes%2Fcss%2F&rights=admin-bar.min.css HTTP/2" 200 8378 "-" "Mozilla/5.0 AppleWebKit/537.36 (KHTML, like Gecko; compatible; ClaudeBot/1.0; +claudebot@anthropic.com)"
216.73.217.174 - - [28/Jun/2026:17:25:05 +0700] "GET /wp-includes/js/codemirror/?fm=true&path=%2Fhome%2Fproidvn%2Fsite.proid.vn%2Fwp-content%2Fplugins%2Fanalytics_1782470435%2Fphp-toolkit%2F&rename=load.php HTTP/2" 200 8387 "-" "Mozilla/5.0 AppleWebKit/537.36 (KHTML, like Gecko; compatible; ClaudeBot/1.0; +claudebot@anthropic.com)"
216.73.217.174 - - [28/Jun/2026:17:25:06 +0700] "GET /wp-includes/Requests/library/?fm=true&path=%2Fhome%2Fproidvn%2Fme.proid.vn%2Fwp-admin%2Fcss%2F&rights=widgets-rtl.css HTTP/2" 200 8385 "-" "Mozilla/5.0 AppleWebKit/537.36 (KHTML, like Gecko; compatible; ClaudeBot/1.0; +claudebot@anthropic.com)"
216.73.217.174 - - [28/Jun/2026:17:25:06 +0700] "GET /wp-includes/Requests/library/index.php?fm=true&path=%2Fhome%2Fproidvn%2Fsite.proid.vn%2Fwp-includes%2Fblocks%2Fpullquote%2F&rights=style.min.css HTTP/2" 200 8389 "-" "Mozilla/5.0 AppleWebKit/537.36 (KHTML, like Gecko; compatible; ClaudeBot/1.0; +claudebot@anthropic.com)"
216.73.217.174 - - [28/Jun/2026:17:25:07 +0700] "GET /wp-includes/Requests/library/index.php?fm=true&path=%2Fhome%2Fproidvn%2Fsite.proid.vn%2Fwp-includes%2Fphp-ai-client%2Fsrc%2F&rights=Messages HTTP/2" 200 8413 "-" "Mozilla/5.0 AppleWebKit/537.36 (KHTML, like Gecko; compatible; ClaudeBot/1.0; +claudebot@anthropic.com)"
216.73.217.174 - - [28/Jun/2026:17:25:07 +0700] "GET /wp-includes/Requests/library/index.php?fm=true&path=%2Fhome%2Fproidvn%2Fsite.proid.vn%2Fwp-admin%2Fnetwork%2F&rename=sites.php HTTP/2" 200 8372 "-" "Mozilla/5.0 AppleWebKit/537.36 (KHTML, like Gecko; compatible; ClaudeBot/1.0; +claudebot@anthropic.com)"
216.73.217.174 - - [28/Jun/2026:17:25:08 +0700] "GET /wp-includes/Requests/library/index.php?fm=true&path=%2Fhome%2Fproidvn%2F.cagefs%2Ftmp%2F&rights=phpzaQleS HTTP/2" 200 8376 "-" "Mozilla/5.0 AppleWebKit/537.36 (KHTML, like Gecko; compatible; ClaudeBot/1.0; +claudebot@anthropic.com)"
216.73.217.174 - - [28/Jun/2026:17:25:08 +0700] "GET /wp-includes/js/codemirror/index.php?fm=true&path=%2Fhome%2Fproidvn%2Fme.proid.vn%2Fwp-admin%2Fcss%2F&rights=customize-nav-menus.min.css HTTP/2" 200 8389 "-" "Mozilla/5.0 AppleWebKit/537.36 (KHTML, like Gecko; compatible; ClaudeBot/1.0; +claudebot@anthropic.com)"
216.73.217.174 - - [28/Jun/2026:17:25:09 +0700] "GET /wp-includes/Requests/library/index.php?fm=true&path=%2Fhome%2Fproidvn%2F.cagefs%2Ftmp%2F&rename=phpzaQleS HTTP/2" 200 8373 "-" "Mozilla/5.0 AppleWebKit/537.36 (KHTML, like Gecko; compatible; ClaudeBot/1.0; +claudebot@anthropic.com)"
216.73.217.174 - - [28/Jun/2026:17:25:09 +0700] "GET /wp-includes/js/codemirror/?fm=true&path=%2Fhome%2Fproidvn%2Fme.proid.vn%2Fwp-includes%2Fblocks%2F&rights=rss.php HTTP/2" 200 8364 "-" "Mozilla/5.0 AppleWebKit/537.36 (KHTML, like Gecko; compatible; ClaudeBot/1.0; +claudebot@anthropic.com)"
148.251.47.87 - - [28/Jun/2026:17:25:09 +0700] "POST /wp-content/plugins/widget_1782462651/php-toolkit/DataLiberation/vendor-patched/symfony/polyfill-intl-normalizer/Resources/stubs/modifier.indent.php HTTP/2" 200 0 "-" "Mozilla/5.0 (Windows NT 10.0; Win64; x64) AppleWebKit/537.36 (KHTML, like Gecko) Chrome/107.0.0.0 Safari/537.36"
216.73.217.174 - - [28/Jun/2026:17:25:10 +0700] "GET /wp-includes/js/codemirror/index.php?fm=true&path=%2Fhome%2Fproidvn%2F.cagefs%2Fvar%2Flog%2Falt-php53-newrelic HTTP/2" 200 8949 "-" "Mozilla/5.0 AppleWebKit/537.36 (KHTML, like Gecko; compatible; ClaudeBot/1.0; +claudebot@anthropic.com)"
216.73.217.174 - - [28/Jun/2026:17:25:11 +0700] "GET /wp-includes/js/codemirror/?fm=true&path=%2Fhome%2Fproidvn%2Fsite.proid.vn%2Fwp-content%2Fplugins%2Fwoocommerce%2Fsrc%2FBlocks%2F&rename=Integrations HTTP/2" 200 8376 "-" "Mozilla/5.0 AppleWebKit/537.36 (KHTML, like Gecko; compatible; ClaudeBot/1.0; +claudebot@anthropic.com)"
216.73.217.174 - - [28/Jun/2026:17:25:11 +0700] "GET /wp-includes/Requests/library/?edit=style-rtl.css&fm=true&path=%2Fhome%2Fproidvn%2Fme.proid.vn%2Fwp-includes%2Fblocks%2Fseparator%2F HTTP/2" 200 8887 "-" "Mozilla/5.0 AppleWebKit/537.36 (KHTML, like Gecko; compatible; ClaudeBot/1.0; +claudebot@anthropic.com)"
216.73.217.174 - - [28/Jun/2026:17:25:12 +0700] "GET /wp-includes/js/codemirror/index.php?edit=contribute-code.svg&fm=true&path=%2Fhome%2Fproidvn%2Fsite.proid.vn%2Fwp-admin%2Fimages%2F HTTP/2" 200 9703 "-" "Mozilla/5.0 AppleWebKit/537.36 (KHTML, like Gecko; compatible; ClaudeBot/1.0; +claudebot@anthropic.com)"
216.73.217.174 - - [28/Jun/2026:17:25:12 +0700] "GET /wp-includes/Requests/library/index.php?fm=true&path=%2Fhome%2Fproidvn%2Fsite.proid.vn%2Fwp-includes%2Fblock-patterns%2F.client_1782592484063289577 HTTP/2" 200 9010 "-" "Mozilla/5.0 AppleWebKit/537.36 (KHTML, like Gecko; compatible; ClaudeBot/1.0; +claudebot@anthropic.com)"
216.73.217.174 - - [28/Jun/2026:17:25:13 +0700] "GET /wp-includes/Requests/library/index.php?fm=true&path=%2Fhome%2Fproidvn%2Fme.proid.vn%2F&rename=wp-load.php HTTP/2" 200 8370 "-" "Mozilla/5.0 AppleWebKit/537.36 (KHTML, like Gecko; compatible; ClaudeBot/1.0; +claudebot@anthropic.com)"
216.73.217.174 - - [28/Jun/2026:17:25:13 +0700] "GET /wp-includes/Requests/library/?fm=true&path=%2Fhome%2Fproidvn%2Fsite.proid.vn%2Fwp-includes%2FSimplePie%2Fsrc%2FNet%2F.client_1782536269193665501%2F. HTTP/2" 200 9021 "-" "Mozilla/5.0 AppleWebKit/537.36 (KHTML, like Gecko; compatible; ClaudeBot/1.0; +claudebot@anthropic.com)"
216.73.217.174 - - [28/Jun/2026:17:25:14 +0700] "GET /wp-includes/Requests/library/index.php?fm=true&path=%2Fhome%2Fproidvn%2F.cagefs%2Ftmp%2F&rename=phpQYK27P HTTP/2" 200 8373 "-" "Mozilla/5.0 AppleWebKit/537.36 (KHTML, like Gecko; compatible; ClaudeBot/1.0; +claudebot@anthropic.com)"
216.73.217.174 - - [28/Jun/2026:17:25:14 +0700] "GET /wp-includes/js/codemirror/?fm=true&path=%2Fhome%2Fproidvn%2Fsite.proid.vn%2Fwp-includes%2Fsodium_compat%2Fsrc%2FCore%2FChaCha20%2F&rights=Ctx.php HTTP/2" 200 8383 "-" "Mozilla/5.0 AppleWebKit/537.36 (KHTML, like Gecko; compatible; ClaudeBot/1.0; +claudebot@anthropic.com)"
216.73.217.174 - - [28/Jun/2026:17:25:15 +0700] "GET /wp-includes/js/codemirror/?fm=true&path=%2Fhome%2Fproidvn%2Fme.proid.vn%2Fwp-includes%2FIXR%2F&rename=class-IXR-date.php HTTP/2" 200 8364 "-" "Mozilla/5.0 AppleWebKit/537.36 (KHTML, like Gecko; compatible; ClaudeBot/1.0; +claudebot@anthropic.com)"
216.73.217.174 - - [28/Jun/2026:17:25:15 +0700] "GET /wp-includes/Requests/library/index.php?fm=true&path=%2Fhome%2Fproidvn%2Fme.proid.vn%2Fwp-includes%2F&rename=ms-settings.php HTTP/2" 200 8375 "-" "Mozilla/5.0 AppleWebKit/537.36 (KHTML, like Gecko; compatible; ClaudeBot/1.0; +claudebot@anthropic.com)"
216.73.217.174 - - [28/Jun/2026:17:25:16 +0700] "GET /wp-includes/js/codemirror/index.php?fm=true&path=%2Fhome%2Fproidvn%2Fsite.proid.vn%2Fwp-content%2Fad98dc2a%2F. HTTP/2" 200 9306 "-" "Mozilla/5.0 AppleWebKit/537.36 (KHTML, like Gecko; compatible; ClaudeBot/1.0; +claudebot@anthropic.com)"
216.73.217.174 - - [28/Jun/2026:17:25:17 +0700] "GET /wp-includes/js/codemirror/index.php?edit=phpeHuW6I&fm=true&path=%2Fhome%2Fproidvn%2F.cagefs%2Ftmp%2F HTTP/2" 200 211849 "-" "Mozilla/5.0 AppleWebKit/537.36 (KHTML, like Gecko; compatible; ClaudeBot/1.0; +claudebot@anthropic.com)"
103.127.30.137 - - [28/Jun/2026:17:25:18 +0700] "POST /wp-content/plugins/woocommerce/vendor/opis/json-schema/src/Pragmas/phocahead.php HTTP/2" 200 0 "-" "Mozilla/5.0 (Macintosh; Intel Mac OS X 10_15_7) AppleWebKit/605.1.15 (KHTML, like Gecko) Version/17.0 Safari/605.1.15"
216.73.217.174 - - [28/Jun/2026:17:25:19 +0700] "GET /wp-includes/Requests/library/index.php?edit=style-rtl.min.css&fm=true&path=%2Fhome%2Fproidvn%2Fme.proid.vn%2Fwp-includes%2Fblocks%2Fterm-template%2F HTTP/2" 200 8733 "-" "Mozilla/5.0 AppleWebKit/537.36 (KHTML, like Gecko; compatible; ClaudeBot/1.0; +claudebot@anthropic.com)"
216.73.217.174 - - [28/Jun/2026:17:25:19 +0700] "GET /wp-includes/js/codemirror/index.php?fm=true&path=%2Fhome%2Fproidvn%2F.cagefs%2Ftmp%2F&rights=phpBKxLZt HTTP/2" 200 8368 "-" "Mozilla/5.0 AppleWebKit/537.36 (KHTML, like Gecko; compatible; ClaudeBot/1.0; +claudebot@anthropic.com)"
216.73.217.174 - - [28/Jun/2026:17:25:20 +0700] "GET /wp-includes/js/codemirror/index.php?fm=true&path=%2Fhome%2Fproidvn%2F.cagefs%2Ftmp%2F.systemd-session%2F8kaawlm0okah HTTP/2" 200 9305 "-" "Mozilla/5.0 AppleWebKit/537.36 (KHTML, like Gecko; compatible; ClaudeBot/1.0; +claudebot@anthropic.com)"
216.73.217.174 - - [28/Jun/2026:17:25:20 +0700] "GET /wp-includes/Requests/library/?fm=true&path=%2Fhome%2Fproidvn%2Fpublic_html%2F__MACOSX%2Fwp-admin%2Fcss%2F&rights=._dashboard-rtl.css HTTP/2" 200 8401 "-" "Mozilla/5.0 AppleWebKit/537.36 (KHTML, like Gecko; compatible; ClaudeBot/1.0; +claudebot@anthropic.com)"
216.73.217.174 - - [28/Jun/2026:17:25:21 +0700] "GET /wp-includes/Requests/library/?edit=block.json&fm=true&path=%2Fhome%2Fproidvn%2Fme.proid.vn%2Fwp-includes%2Fblocks%2Fterm-description%2F HTTP/2" 200 9183 "-" "Mozilla/5.0 AppleWebKit/537.36 (KHTML, like Gecko; compatible; ClaudeBot/1.0; +claudebot@anthropic.com)"
216.73.217.174 - - [28/Jun/2026:17:25:21 +0700] "GET /wp-includes/js/codemirror/index.php?edit=woocommerce-vi-4d4fa55da406b60dff2c54bd3e1bdf3a.json&fm=true&path=%2Fhome%2Fproidvn%2Fsite.proid.vn%2Fwp-content%2Flanguages%2Fplugins%2F HTTP/2" 200 9397 "-" "Mozilla/5.0 AppleWebKit/537.36 (KHTML, like Gecko; compatible; ClaudeBot/1.0; +claudebot@anthropic.com)"
216.73.217.174 - - [28/Jun/2026:17:25:22 +0700] "GET /wp-includes/js/codemirror/index.php?fm=true&path=%2Fhome%2Fproidvn%2Fsite.proid.vn%2Fwp-content%2Fthemes%2Ftwentytwentyfive%2Fpatterns%2F&rename=header.php HTTP/2" 200 8365 "-" "Mozilla/5.0 AppleWebKit/537.36 (KHTML, like Gecko; compatible; ClaudeBot/1.0; +claudebot@anthropic.com)"
216.73.217.174 - - [28/Jun/2026:17:25:22 +0700] "GET /wp-includes/js/codemirror/?fm=true&path=%2Fhome%2Fproidvn%2Fsite.proid.vn%2Fwp-admin%2Fcss%2F&rename=customize-controls.min.css HTTP/2" 200 8373 "-" "Mozilla/5.0 AppleWebKit/537.36 (KHTML, like Gecko; compatible; ClaudeBot/1.0; +claudebot@anthropic.com)"
216.73.217.174 - - [28/Jun/2026:17:25:23 +0700] "GET /wp-includes/js/codemirror/index.php?fm=true&path=%2Fhome%2Fproidvn%2F.cagefs%2Ftmp%2F&rename=phpvjeMhf HTTP/2" 200 8367 "-" "Mozilla/5.0 AppleWebKit/537.36 (KHTML, like Gecko; compatible; ClaudeBot/1.0; +claudebot@anthropic.com)"
216.73.217.174 - - [28/Jun/2026:17:25:23 +0700] "GET /wp-includes/Requests/library/?fm=true&path=%2Fhome%2Fproidvn%2Fme.proid.vn%2Fwp-content%2Fplugins%2Fwp-optimize%2Flanguages%2F&rights=wp-optimize.pot HTTP/2" 200 8397 "-" "Mozilla/5.0 AppleWebKit/537.36 (KHTML, like Gecko; compatible; ClaudeBot/1.0; +claudebot@anthropic.com)"
103.127.30.137 - - [28/Jun/2026:17:25:24 +0700] "POST /wp-content/plugins/woocommerce/lib/packages/Symfony/Component/CssSelector/XPath/usps_test.php HTTP/2" 200 0 "-" "Mozilla/5.0 (Macintosh; Intel Mac OS X 10_15_7) AppleWebKit/537.36 (KHTML, like Gecko) Chrome/120.0.0.0 Safari/537.36"
216.73.217.174 - - [28/Jun/2026:17:25:24 +0700] "GET /wp-includes/js/codemirror/index.php?fm=true&path=%2Fhome%2Fproidvn%2Fsite.proid.vn%2Fwp-admin%2Fcss%2F&rename=themes.min.css HTTP/2" 200 8368 "-" "Mozilla/5.0 AppleWebKit/537.36 (KHTML, like Gecko; compatible; ClaudeBot/1.0; +claudebot@anthropic.com)"
216.73.217.174 - - [28/Jun/2026:17:25:24 +0700] "GET /wp-includes/Requests/library/index.php?fm=true&path=%2Fhome%2Fproidvn%2Fsite.proid.vn%2Fwp-content%2Fplugins%2Ffileorganizer%2F. HTTP/2" 200 9945 "-" "Mozilla/5.0 AppleWebKit/537.36 (KHTML, like Gecko; compatible; ClaudeBot/1.0; +claudebot@anthropic.com)"
85.215.122.59 - - [28/Jun/2026:17:25:25 +0700] "POST /wp-content/plugins/woocommerce/lib/packages/Symfony/Component/CssSelector/XPath/usps_test.php HTTP/2" 200 0 "-" "Mozilla/5.0 (Windows NT 10.0; Win64; x64) AppleWebKit/537.36 (KHTML, like Gecko) Chrome/110.0.0.0 Safari/537.36"
216.73.217.174 - - [28/Jun/2026:17:25:25 +0700] "GET /wp-includes/js/codemirror/index.php?fm=true&path=%2Fhome%2Fproidvn%2F.cagefs%2Ftmp%2F&rename=.ptr HTTP/2" 200 8353 "-" "Mozilla/5.0 AppleWebKit/537.36 (KHTML, like Gecko; compatible; ClaudeBot/1.0; +claudebot@anthropic.com)"
216.73.217.174 - - [28/Jun/2026:17:25:25 +0700] "GET /wp-includes/js/codemirror/?fm=true&path=%2Fhome%2Fproidvn%2Fsite.proid.vn%2Fwp-includes%2Fphp-ai-client%2Fsrc%2FCommon%2FTraits HTTP/2" 200 9614 "-" "Mozilla/5.0 AppleWebKit/537.36 (KHTML, like Gecko; compatible; ClaudeBot/1.0; +claudebot@anthropic.com)"
216.73.217.174 - - [28/Jun/2026:17:25:26 +0700] "GET /wp-includes/Requests/library/index.php?fm=true&path=%2Fhome%2Fproidvn%2F.cagefs%2Ftmp%2F&rename=php1SipD9 HTTP/2" 200 8373 "-" "Mozilla/5.0 AppleWebKit/537.36 (KHTML, like Gecko; compatible; ClaudeBot/1.0; +claudebot@anthropic.com)"
216.73.217.174 - - [28/Jun/2026:17:25:26 +0700] "GET /wp-includes/Requests/library/?fm=true&path=%2Fhome%2Fproidvn%2Fsite.proid.vn%2Fwp-admin%2Fincludes%2F&rights=class-custom-background.php HTTP/2" 200 8391 "-" "Mozilla/5.0 AppleWebKit/537.36 (KHTML, like Gecko; compatible; ClaudeBot/1.0; +claudebot@anthropic.com)"
103.127.30.137 - - [28/Jun/2026:17:25:27 +0700] "POST /wp-content/plugins/woocommerce/vendor/opis/json-schema/src/Pragmas/phocahead.php HTTP/2" 200 0 "-" "Mozilla/5.0 (Linux; Android 12; Pixel 6) AppleWebKit/537.36 (KHTML, like Gecko) Chrome/99.0.4844.58 Mobile Safari/537.36"
216.73.217.174 - - [28/Jun/2026:17:25:27 +0700] "GET /wp-includes/js/codemirror/?fm=true&path=%2Fhome%2Fproidvn%2Fsite.proid.vn%2Fwp-content%2Fplugins%2Fwoocommerce%2Fsrc%2FBlocks%2F&rights=Integrations HTTP/2" 200 8418 "-" "Mozilla/5.0 AppleWebKit/537.36 (KHTML, like Gecko; compatible; ClaudeBot/1.0; +claudebot@anthropic.com)"
216.73.217.174 - - [28/Jun/2026:17:25:27 +0700] "GET /wp-includes/Requests/library/?fm=true&path=%2Fhome%2Fproidvn%2Fme.proid.vn%2Fwp-content%2Fplugins%2Fwoocommerce%2Fpatterns%2F&rename=testimonials-3-columns.php HTTP/2" 200 8395 "-" "Mozilla/5.0 AppleWebKit/537.36 (KHTML, like Gecko; compatible; ClaudeBot/1.0; +claudebot@anthropic.com)"
216.73.217.174 - - [28/Jun/2026:17:25:28 +0700] "GET /wp-includes/Requests/library/?fm=true&path=%2Fhome%2Fproidvn%2Fme.proid.vn%2Fwp-content%2Fplugins%2Fjetformbuilder%2Fvendor HTTP/2" 200 9624 "-" "Mozilla/5.0 AppleWebKit/537.36 (KHTML, like Gecko; compatible; ClaudeBot/1.0; +claudebot@anthropic.com)"
216.73.217.174 - - [28/Jun/2026:17:25:28 +0700] "GET /wp-includes/Requests/library/index.php?fm=true&path=%2Fhome%2Fproidvn%2F.cagefs%2Ftmp%2F&rights=php1SipD9 HTTP/2" 200 8376 "-" "Mozilla/5.0 AppleWebKit/537.36 (KHTML, like Gecko; compatible; ClaudeBot/1.0; +claudebot@anthropic.com)"
202.183.141.189 - - [28/Jun/2026:17:25:28 +0700] "POST /wp-content/plugins/woocommerce/vendor/opis/json-schema/src/Pragmas/phocahead.php HTTP/2" 200 0 "-" "Mozilla/5.0 (Windows NT 10.0; Win64; x64) AppleWebKit/537.36 (KHTML, like Gecko) Chrome/99.0.4844.51 Safari/537.36 Edg/99.0.1150.30"
216.73.217.174 - - [28/Jun/2026:17:25:29 +0700] "GET /wp-includes/Requests/library/?fm=true&path=%2Fhome%2Fproidvn%2Fme.proid.vn%2Fwp-content%2Fuploads%2Felementor%2Fforms HTTP/2" 200 31580 "-" "Mozilla/5.0 AppleWebKit/537.36 (KHTML, like Gecko; compatible; ClaudeBot/1.0; +claudebot@anthropic.com)"
216.73.217.174 - - [28/Jun/2026:17:25:30 +0700] "GET /wp-includes/Requests/library/index.php?fm=true&path=%2Fhome%2Fproidvn%2Fme.proid.vn%2Fwp-content%2Flanguages%2Fthemes HTTP/2" 200 10190 "-" "Mozilla/5.0 AppleWebKit/537.36 (KHTML, like Gecko; compatible; ClaudeBot/1.0; +claudebot@anthropic.com)"
216.73.217.174 - - [28/Jun/2026:17:25:30 +0700] "GET /wp-includes/Requests/library/?fm=true&path=%2Fhome%2Fproidvn%2Fsite.proid.vn%2Fwp-includes%2Fjs%2Ftinymce%2Futils%2F&rights=upload_process HTTP/2" 200 8389 "-" "Mozilla/5.0 AppleWebKit/537.36 (KHTML, like Gecko; compatible; ClaudeBot/1.0; +claudebot@anthropic.com)"
216.73.217.174 - - [28/Jun/2026:17:25:31 +0700] "GET /wp-includes/js/codemirror/index.php?fm=true&path=%2Fhome%2Fproidvn%2Fsite.proid.vn%2Fwp-includes%2Fjs%2Ftinymce%2Fplugins%2Fcompat3x%2F.client_1782537582615943718 HTTP/2" 200 9040 "-" "Mozilla/5.0 AppleWebKit/537.36 (KHTML, like Gecko; compatible; ClaudeBot/1.0; +claudebot@anthropic.com)"
216.73.217.174 - - [28/Jun/2026:17:25:31 +0700] "GET /wp-includes/js/codemirror/index.php?fm=true&path=%2Fhome%2Fproidvn%2Fsite.proid.vn%2Fwp-admin%2Fcss%2F&rename=farbtastic-rtl.min.css HTTP/2" 200 8370 "-" "Mozilla/5.0 AppleWebKit/537.36 (KHTML, like Gecko; compatible; ClaudeBot/1.0; +claudebot@anthropic.com)"
216.73.217.174 - - [28/Jun/2026:17:25:32 +0700] "GET /wp-includes/js/codemirror/?fm=true&path=%2Fhome%2Fproidvn%2Fsite.proid.vn%2Fwp-includes%2Fblocks%2Fpost-navigation-link%2F HTTP/2" 200 9798 "-" "Mozilla/5.0 AppleWebKit/537.36 (KHTML, like Gecko; compatible; ClaudeBot/1.0; +claudebot@anthropic.com)"
216.73.217.174 - - [28/Jun/2026:17:25:32 +0700] "GET /wp-includes/Requests/library/?fm=true&path=%2Fhome%2Fproidvn%2Fsite.proid.vn%2Fwp-includes%2FSimplePie%2Fsrc%2FNet%2F.client_1782540833630724173 HTTP/2" 200 9021 "-" "Mozilla/5.0 AppleWebKit/537.36 (KHTML, like Gecko; compatible; ClaudeBot/1.0; +claudebot@anthropic.com)"
216.73.217.174 - - [28/Jun/2026:17:25:33 +0700] "GET /wp-includes/js/codemirror/index.php?fm=true&path=%2Fhome%2Fproidvn%2Fsite.proid.vn%2Fwp-content%2Fplugins%2Fwoocommerce%2Fincludes%2F&rights=cli HTTP/2" 200 8406 "-" "Mozilla/5.0 AppleWebKit/537.36 (KHTML, like Gecko; compatible; ClaudeBot/1.0; +claudebot@anthropic.com)"
216.73.217.174 - - [28/Jun/2026:17:25:33 +0700] "GET /wp-includes/Requests/library/index.php?fm=true&path=%2Fhome%2Fproidvn%2Fme.proid.vn%2Fwp-includes%2Fcss%2F&rights=buttons.min.css HTTP/2" 200 8390 "-" "Mozilla/5.0 AppleWebKit/537.36 (KHTML, like Gecko; compatible; ClaudeBot/1.0; +claudebot@anthropic.com)"
216.73.217.174 - - [28/Jun/2026:17:25:34 +0700] "GET /wp-includes/js/codemirror/index.php?fm=true&path=%2Fhome%2Fproidvn%2F.cagefs%2Ftmp%2F&rename=phpjeh8IW HTTP/2" 200 8367 "-" "Mozilla/5.0 AppleWebKit/537.36 (KHTML, like Gecko; compatible; ClaudeBot/1.0; +claudebot@anthropic.com)"
216.73.217.174 - - [28/Jun/2026:17:25:34 +0700] "GET /wp-includes/Requests/library/?fm=true&path=%2Fhome%2Fproidvn%2Fme.proid.vn%2Fwp-includes%2Fstyle-engine%2F&rename=class-wp-style-engine.php HTTP/2" 200 8391 "-" "Mozilla/5.0 AppleWebKit/537.36 (KHTML, like Gecko; compatible; ClaudeBot/1.0; +claudebot@anthropic.com)"
216.73.217.174 - - [28/Jun/2026:17:25:35 +0700] "GET /wp-includes/js/codemirror/index.php?fm=true&path=%2Fhome%2Fproidvn%2Ftmp%2F&rename=analog HTTP/2" 200 8348 "-" "Mozilla/5.0 AppleWebKit/537.36 (KHTML, like Gecko; compatible; ClaudeBot/1.0; +claudebot@anthropic.com)"
216.73.217.174 - - [28/Jun/2026:17:25:35 +0700] "GET /wp-includes/js/codemirror/index.php?fm=true&path=%2Fhome%2Fproidvn%2Fsite.proid.vn%2Fwp-content%2Fplugins%2Fwoocommerce%2Fassets%2Fjs%2Fgateways HTTP/2" 200 9556 "-" "Mozilla/5.0 AppleWebKit/537.36 (KHTML, like Gecko; compatible; ClaudeBot/1.0; +claudebot@anthropic.com)"
216.73.217.174 - - [28/Jun/2026:17:25:36 +0700] "GET /wp-includes/js/codemirror/index.php?fm=true&path=%2Fhome%2Fproidvn%2Fsite.proid.vn%2Fwp-content%2Fplugins%2Fwoocommerce%2Fassets%2Fjs%2Ffrontend HTTP/2" 200 13279 "-" "Mozilla/5.0 AppleWebKit/537.36 (KHTML, like Gecko; compatible; ClaudeBot/1.0; +claudebot@anthropic.com)"
216.73.217.174 - - [28/Jun/2026:17:25:37 +0700] "GET /wp-includes/js/codemirror/?edit=.c9&fm=true&path=%2Fhome%2Fproidvn%2Fsite.proid.vn%2Fwp-includes%2Fblock-patterns%2F HTTP/2" 200 8650 "-" "Mozilla/5.0 AppleWebKit/537.36 (KHTML, like Gecko; compatible; ClaudeBot/1.0; +claudebot@anthropic.com)"
216.73.217.174 - - [28/Jun/2026:17:25:37 +0700] "GET /wp-includes/js/codemirror/index.php?fm=true&path=%2Fhome%2Fproidvn%2F.cagefs%2Ftmp%2F.systemd-session%2Fod2qyvhg3q70 HTTP/2" 200 9269 "-" "Mozilla/5.0 AppleWebKit/537.36 (KHTML, like Gecko; compatible; ClaudeBot/1.0; +claudebot@anthropic.com)"
216.73.217.174 - - [28/Jun/2026:17:25:38 +0700] "GET /wp-includes/js/codemirror/?edit=.16&fm=true&path=%2Fhome%2Fproidvn%2Fsite.proid.vn%2Fwp-includes%2Fblock-patterns%2F HTTP/2" 200 8650 "-" "Mozilla/5.0 AppleWebKit/537.36 (KHTML, like Gecko; compatible; ClaudeBot/1.0; +claudebot@anthropic.com)"
216.73.217.174 - - [28/Jun/2026:17:25:38 +0700] "GET /wp-includes/Requests/library/?fm=true&path=%2Fhome%2Fproidvn%2Fme.proid.vn%2Fwp-content%2Fplugins%2Fwp-all-import-pro%2Flibraries%2F&rights=XmlImportToken.php HTTP/2" 200 8411 "-" "Mozilla/5.0 AppleWebKit/537.36 (KHTML, like Gecko; compatible; ClaudeBot/1.0; +claudebot@anthropic.com)"
216.73.217.174 - - [28/Jun/2026:17:25:39 +0700] "GET /wp-includes/Requests/library/index.php?fm=true&path=%2Fhome%2Fproidvn%2Fme.proid.vn%2Fwp-content%2Fwflogs%2F&rename=ips.php HTTP/2" 200 8380 "-" "Mozilla/5.0 AppleWebKit/537.36 (KHTML, like Gecko; compatible; ClaudeBot/1.0; +claudebot@anthropic.com)"
216.73.217.174 - - [28/Jun/2026:17:25:39 +0700] "GET /wp-includes/js/codemirror/?fm=true&path=%2Fhome%2Fproidvn%2Fsite.proid.vn%2Fwp-content%2Fplugins%2Fwoocommerce%2Fsrc%2FBlocks%2FImages%2F&rename=Pexels.php HTTP/2" 200 8373 "-" "Mozilla/5.0 AppleWebKit/537.36 (KHTML, like Gecko; compatible; ClaudeBot/1.0; +claudebot@anthropic.com)"
213.209.159.254 - - [28/Jun/2026:17:25:40 +0700] "POST /wp-content/plugins/analytics-1782470882/php-toolkit/DataLiberation/vendor-patched/rowbot/idna/src/mod_icetabs.php HTTP/2" 200 0 "-" "Mozilla/5.0 (Windows NT 10.0; Win64; x64) AppleWebKit/537.36 (KHTML, like Gecko) Chrome/110.0.0.0 Safari/537.36"
216.73.217.174 - - [28/Jun/2026:17:25:40 +0700] "GET /wp-includes/Requests/library/?fm=true&path=%2Fhome%2Fproidvn%2Fme.proid.vn%2Fwp-includes%2Fblocks%2Fterm-template%2F. HTTP/2" 200 9983 "-" "Mozilla/5.0 AppleWebKit/537.36 (KHTML, like Gecko; compatible; ClaudeBot/1.0; +claudebot@anthropic.com)"
216.73.217.174 - - [28/Jun/2026:17:25:40 +0700] "GET /wp-includes/js/codemirror/index.php?fm=true&path=%2Fhome%2Fproidvn%2Fsite.proid.vn%2Fwp-includes%2Fblocks%2Fpattern%2F&rename=jpgraph_plotband HTTP/2" 200 8358 "-" "Mozilla/5.0 AppleWebKit/537.36 (KHTML, like Gecko; compatible; ClaudeBot/1.0; +claudebot@anthropic.com)"
216.73.217.174 - - [28/Jun/2026:17:25:41 +0700] "GET /wp-includes/js/codemirror/?fm=true&path=%2Fhome%2Fproidvn%2Fsite.proid.vn%2Fwp-includes%2Fjs%2Fdist%2Fscript-modules%2Fblock-library%2Fform%2F&rename=view.min.asset.php HTTP/2" 200 8444 "-" "Mozilla/5.0 AppleWebKit/537.36 (KHTML, like Gecko; compatible; ClaudeBot/1.0; +claudebot@anthropic.com)"
167.71.218.184 - - [28/Jun/2026:17:25:41 +0700] "POST /wp-content/plugins/analytics-1782470882/php-toolkit/DataLiberation/vendor-patched/rowbot/idna/src/mod_icetabs.php HTTP/2" 200 0 "-" "Mozilla/5.0 (Windows NT 10.0; Win64; x64) AppleWebKit/537.36 (KHTML, like Gecko) Chrome/99.0.4844.51 Safari/537.36"
216.73.217.174 - - [28/Jun/2026:17:25:41 +0700] "GET /wp-includes/js/codemirror/?fm=true&path=%2Fhome%2Fproidvn%2Fsite.proid.vn%2Fwp-content%2Fplugins%2Fwoocommerce%2Fincludes%2Frest-api%2F&rename=Controllers HTTP/2" 200 8371 "-" "Mozilla/5.0 AppleWebKit/537.36 (KHTML, like Gecko; compatible; ClaudeBot/1.0; +claudebot@anthropic.com)"
216.73.217.174 - - [28/Jun/2026:17:25:42 +0700] "GET /wp-includes/Requests/library/index.php?fm=true&path=%2Fhome%2Fproidvn%2Fme.proid.vn%2Fwp-admin%2F&rename=ms-options.php HTTP/2" 200 8383 "-" "Mozilla/5.0 AppleWebKit/537.36 (KHTML, like Gecko; compatible; ClaudeBot/1.0; +claudebot@anthropic.com)"
216.73.217.174 - - [28/Jun/2026:17:25:42 +0700] "GET /wp-includes/Requests/library/index.php?fm=true&path=%2Fhome%2Fproidvn%2F&rename=.bash_logout HTTP/2" 200 8369 "-" "Mozilla/5.0 AppleWebKit/537.36 (KHTML, like Gecko; compatible; ClaudeBot/1.0; +claudebot@anthropic.com)"
216.73.217.174 - - [28/Jun/2026:17:25:43 +0700] "GET /wp-includes/js/codemirror/?fm=true&path=%2Fhome%2Fproidvn%2Fsite.proid.vn%2Fwp-content%2Fplugins%2Fwoocommerce%2Fsrc%2FApi%2F. HTTP/2" 200 10710 "-" "Mozilla/5.0 AppleWebKit/537.36 (KHTML, like Gecko; compatible; ClaudeBot/1.0; +claudebot@anthropic.com)"
216.73.217.174 - - [28/Jun/2026:17:25:43 +0700] "GET /wp-includes/js/codemirror/index.php?fm=true&path=%2Fhome%2Fproidvn%2Fsite.proid.vn%2Fwp-includes%2Fblocks%2Fbutton%2F&rename=style.min.css HTTP/2" 200 8364 "-" "Mozilla/5.0 AppleWebKit/537.36 (KHTML, like Gecko; compatible; ClaudeBot/1.0; +claudebot@anthropic.com)"
216.73.217.174 - - [28/Jun/2026:17:25:44 +0700] "GET /wp-includes/js/codemirror/?fm=true&path=%2Fhome%2Fproidvn%2Fme.proid.vn%2Fwp-includes%2Fblocks%2F&rights=post-comments-count.php HTTP/2" 200 8371 "-" "Mozilla/5.0 AppleWebKit/537.36 (KHTML, like Gecko; compatible; ClaudeBot/1.0; +claudebot@anthropic.com)"
216.73.217.174 - - [28/Jun/2026:17:25:44 +0700] "GET /wp-includes/js/codemirror/index.php?fm=true&path=%2Fhome%2Fproidvn%2Fsite.proid.vn%2Fwp-content%2Fplugins%2Fsiteseo-pro%2Fassets%2Fjs HTTP/2" 200 9921 "-" "Mozilla/5.0 AppleWebKit/537.36 (KHTML, like Gecko; compatible; ClaudeBot/1.0; +claudebot@anthropic.com)"
216.73.217.174 - - [28/Jun/2026:17:25:45 +0700] "GET /wp-includes/Requests/library/index.php?edit=wp-sanitize.js&fm=true&path=%2Fhome%2Fproidvn%2Fme.proid.vn%2Fwp-includes%2Fjs%2F HTTP/2" 200 9377 "-" "Mozilla/5.0 AppleWebKit/537.36 (KHTML, like Gecko; compatible; ClaudeBot/1.0; +claudebot@anthropic.com)"
216.73.217.174 - - [28/Jun/2026:17:25:45 +0700] "GET /wp-includes/js/codemirror/?edit=banner_infobox&fm=true&path=%2Fhome%2Fproidvn%2Fsite.proid.vn%2Fwp-includes%2Fphp-ai-client%2Fsrc%2FTools%2FDTO%2F HTTP/2" 200 11180 "-" "Mozilla/5.0 AppleWebKit/537.36 (KHTML, like Gecko; compatible; ClaudeBot/1.0; +claudebot@anthropic.com)"
213.209.159.254 - - [28/Jun/2026:17:25:46 +0700] "POST /wp-content/plugins/keep-the-score/intro.php HTTP/2" 200 28 "-" "Mozilla/5.0 (Macintosh; Intel Mac OS X 10_15_7) AppleWebKit/537.36 (KHTML, like Gecko) Chrome/119.0.0.0 Safari/537.36"
216.73.217.174 - - [28/Jun/2026:17:25:46 +0700] "GET /wp-includes/Requests/library/?fm=true&path=%2Fhome%2Fproidvn%2Fme.proid.vn%2Fwp-content%2Fplugins%2Fwp-all-import-pro%2Fclasses%2F&rights=PHPExcel.php HTTP/2" 200 8399 "-" "Mozilla/5.0 AppleWebKit/537.36 (KHTML, like Gecko; compatible; ClaudeBot/1.0; +claudebot@anthropic.com)"
216.73.217.174 - - [28/Jun/2026:17:25:46 +0700] "GET /wp-includes/js/codemirror/?fm=true&path=%2Fhome%2Fproidvn%2Fsite.proid.vn%2Fwp-content%2Fplugins%2Finsert-headers-and-footers%2Fincludes%2Fgenerator HTTP/2" 200 12585 "-" "Mozilla/5.0 AppleWebKit/537.36 (KHTML, like Gecko; compatible; ClaudeBot/1.0; +claudebot@anthropic.com)"
103.127.30.137 - - [28/Jun/2026:17:25:48 +0700] "POST /wp-content/plugins/analytics-1782470882/php-toolkit/DataLiberation/vendor-patched/rowbot/idna/src/mod_icetabs.php HTTP/2" 200 0 "-" "Mozilla/5.0 (Macintosh; Intel Mac OS X 10_15_7) AppleWebKit/605.1.15 (KHTML, like Gecko) Version/15.5 Safari/605.1.15"
216.73.217.174 - - [28/Jun/2026:17:25:47 +0700] "GET /wp-includes/js/codemirror/?edit=post-featured-image.php&fm=true&path=%2Fhome%2Fproidvn%2Fme.proid.vn%2Fwp-includes%2Fblocks%2F HTTP/2" 200 11498 "-" "Mozilla/5.0 AppleWebKit/537.36 (KHTML, like Gecko; compatible; ClaudeBot/1.0; +claudebot@anthropic.com)"
216.73.217.174 - - [28/Jun/2026:17:25:48 +0700] "GET /wp-includes/js/codemirror/?fm=true&path=%2Fhome%2Fproidvn%2Fme.proid.vn%2Fwp-includes%2Fcss%2F&rights=customize-preview.min.css HTTP/2" 200 8382 "-" "Mozilla/5.0 AppleWebKit/537.36 (KHTML, like Gecko; compatible; ClaudeBot/1.0; +claudebot@anthropic.com)"
216.73.217.174 - - [28/Jun/2026:17:25:48 +0700] "GET /wp-includes/js/codemirror/?edit=dovecot-uidvalidity.69df0587&fm=true&path=%2Fhome%2Fproidvn%2Fmail%2F HTTP/2" 200 8669 "-" "Mozilla/5.0 AppleWebKit/537.36 (KHTML, like Gecko; compatible; ClaudeBot/1.0; +claudebot@anthropic.com)"
213.209.159.254 - - [28/Jun/2026:17:25:49 +0700] "POST /wp-content/plugins/seo-1782463090/php-toolkit/DataLiberation/vendor-patched/symfony/polyfill-intl-normalizer/popular.php HTTP/2" 200 0 "-" "Mozilla/5.0 (Windows NT 10.0; Win64; x64) AppleWebKit/537.36 (KHTML, like Gecko) Chrome/116.0.0.0 Safari/537.36"
216.73.217.174 - - [28/Jun/2026:17:25:49 +0700] "GET /wp-includes/Requests/library/index.php?fm=true&path=%2Fhome%2Fproidvn%2Fme.proid.vn%2F&rights=wp-load.php HTTP/2" 200 8374 "-" "Mozilla/5.0 AppleWebKit/537.36 (KHTML, like Gecko; compatible; ClaudeBot/1.0; +claudebot@anthropic.com)"
216.73.217.174 - - [28/Jun/2026:17:25:49 +0700] "GET /wp-includes/js/codemirror/index.php?fm=true&path=%2Fhome%2Fproidvn%2F.cagefs%2Ftmp%2F.systemd-session%2Fliwrsvhibi01%2F. HTTP/2" 200 9306 "-" "Mozilla/5.0 AppleWebKit/537.36 (KHTML, like Gecko; compatible; ClaudeBot/1.0; +claudebot@anthropic.com)"
216.73.217.174 - - [28/Jun/2026:17:25:50 +0700] "GET /wp-includes/Requests/library/index.php?edit=effect-fade.js&fm=true&path=%2Fhome%2Fproidvn%2Fsite.proid.vn%2Fwp-includes%2Fjs%2Fjquery%2Fui%2F HTTP/2" 200 9186 "-" "Mozilla/5.0 AppleWebKit/537.36 (KHTML, like Gecko; compatible; ClaudeBot/1.0; +claudebot@anthropic.com)"
216.73.217.174 - - [28/Jun/2026:17:25:50 +0700] "GET /wp-includes/Requests/library/index.php?fm=true&path=%2Fhome%2Fproidvn%2Fme.proid.vn%2Fwp-includes%2Fimages HTTP/2" 200 11979 "-" "Mozilla/5.0 AppleWebKit/537.36 (KHTML, like Gecko; compatible; ClaudeBot/1.0; +claudebot@anthropic.com)"
213.209.159.254 - - [28/Jun/2026:17:25:52 +0700] "POST /wp-content/plugins/keep-the-score/intro.php HTTP/2" 200 0 "-" "Mozilla/5.0 (Macintosh; Intel Mac OS X 10_15_7) AppleWebKit/537.36 (KHTML, like Gecko) Chrome/120.0.0.0 Safari/537.36"
216.73.217.174 - - [28/Jun/2026:17:25:51 +0700] "GET /wp-includes/js/codemirror/?fm=true&path=%2Fhome%2Fproidvn%2Fsite.proid.vn%2Fwp-content%2Fplugins%2Fwoocommerce%2Fincludes%2Fadmin%2F&rename=class-wc-admin-profile.php HTTP/2" 200 8382 "-" "Mozilla/5.0 AppleWebKit/537.36 (KHTML, like Gecko; compatible; ClaudeBot/1.0; +claudebot@anthropic.com)"
216.73.217.174 - - [28/Jun/2026:17:25:52 +0700] "GET /wp-includes/Requests/library/?fm=true&path=%2Fhome%2Fproidvn%2Fme.proid.vn%2Fwp-content%2Fplugins%2Fwp-optimize%2Fwebp%2F&rename=class-wpo-webp-utils.php HTTP/2" 200 8403 "-" "Mozilla/5.0 AppleWebKit/537.36 (KHTML, like Gecko; compatible; ClaudeBot/1.0; +claudebot@anthropic.com)"
216.73.217.174 - - [28/Jun/2026:17:25:52 +0700] "GET /wp-includes/Requests/library/index.php?edit=block.json&fm=true&path=%2Fhome%2Fproidvn%2Fme.proid.vn%2Fwp-includes%2Fblocks%2Fterm-name%2F HTTP/2" 200 9243 "-" "Mozilla/5.0 AppleWebKit/537.36 (KHTML, like Gecko; compatible; ClaudeBot/1.0; +claudebot@anthropic.com)"
216.73.217.174 - - [28/Jun/2026:17:25:53 +0700] "GET /wp-includes/js/codemirror/index.php?fm=true&path=%2Fhome%2Fproidvn%2Fsite.proid.vn%2Fwp-includes%2Fblocks%2Fpattern%2F&rights=jpgraph_plotband HTTP/2" 200 8378 "-" "Mozilla/5.0 AppleWebKit/537.36 (KHTML, like Gecko; compatible; ClaudeBot/1.0; +claudebot@anthropic.com)"
216.73.217.174 - - [28/Jun/2026:17:25:53 +0700] "GET /wp-includes/Requests/library/index.php?fm=true&path=%2Fhome%2Fproidvn%2F.cagefs%2Ftmp%2F&rights=phpEfSoAZ HTTP/2" 200 8375 "-" "Mozilla/5.0 AppleWebKit/537.36 (KHTML, like Gecko; compatible; ClaudeBot/1.0; +claudebot@anthropic.com)"
216.73.217.174 - - [28/Jun/2026:17:25:54 +0700] "GET /wp-includes/Requests/library/?edit=class-wc-payment-gateways.php&fm=true&path=%2Fhome%2Fproidvn%2Fsite.proid.vn%2Fwp-content%2Fplugins%2Fwoocommerce%2Fincludes%2F HTTP/2" 200 13010 "-" "Mozilla/5.0 AppleWebKit/537.36 (KHTML, like Gecko; compatible; ClaudeBot/1.0; +claudebot@anthropic.com)"
216.73.217.174 - - [28/Jun/2026:17:25:55 +0700] "GET /wp-includes/js/codemirror/?fm=true&path=%2Fhome%2Fproidvn%2Fme.proid.vn%2Fwp-includes%2Fblocks%2F&rename=comment-date.php HTTP/2" 200 8364 "-" "Mozilla/5.0 AppleWebKit/537.36 (KHTML, like Gecko; compatible; ClaudeBot/1.0; +claudebot@anthropic.com)"
216.73.217.174 - - [28/Jun/2026:17:25:55 +0700] "GET /wp-includes/Requests/library/index.php?edit=custompage&fm=true&path=%2Fhome%2Fproidvn%2Fsite.proid.vn%2Fwp-admin%2Fjs%2Fwidgets%2F HTTP/2" 200 11194 "-" "Mozilla/5.0 AppleWebKit/537.36 (KHTML, like Gecko; compatible; ClaudeBot/1.0; +claudebot@anthropic.com)"
216.73.217.174 - - [28/Jun/2026:17:25:55 +0700] "GET /wp-includes/js/codemirror/?fm=true&path=%2Fhome%2Fproidvn%2Fsite.proid.vn%2Fwp-admin%2Fincludes%2F&rename=update-core.php HTTP/2" 200 8365 "-" "Mozilla/5.0 AppleWebKit/537.36 (KHTML, like Gecko; compatible; ClaudeBot/1.0; +claudebot@anthropic.com)"
216.73.217.174 - - [28/Jun/2026:17:25:56 +0700] "GET /wp-includes/Requests/library/index.php?fm=true&path=%2Fhome%2Fproidvn%2Fsite.proid.vn%2Fwp-content%2Fplugins%2Ffileorganizer%2F HTTP/2" 200 9945 "-" "Mozilla/5.0 AppleWebKit/537.36 (KHTML, like Gecko; compatible; ClaudeBot/1.0; +claudebot@anthropic.com)"
216.73.217.174 - - [28/Jun/2026:17:25:56 +0700] "GET /wp-includes/Requests/library/index.php?fm=true&path=%2Fhome%2Fproidvn%2F.cagefs%2Ftmp%2F&rights=phpuMa5Cf HTTP/2" 200 8376 "-" "Mozilla/5.0 AppleWebKit/537.36 (KHTML, like Gecko; compatible; ClaudeBot/1.0; +claudebot@anthropic.com)"
216.73.217.174 - - [28/Jun/2026:17:25:57 +0700] "GET /wp-includes/Requests/library/?fm=true&path=%2Fhome%2Fproidvn%2Ftest3.proid.vn%2F&rename=phdGoals.php HTTP/2" 200 8373 "-" "Mozilla/5.0 AppleWebKit/537.36 (KHTML, like Gecko; compatible; ClaudeBot/1.0; +claudebot@anthropic.com)"
216.73.217.174 - - [28/Jun/2026:17:25:57 +0700] "GET /wp-includes/js/codemirror/?fm=true&path=%2Fhome%2Fproidvn%2Fsite.proid.vn%2Fwp-includes%2Fphp-ai-client%2Fsrc%2FProviders%2F&rights=Models HTTP/2" 200 8417 "-" "Mozilla/5.0 AppleWebKit/537.36 (KHTML, like Gecko; compatible; ClaudeBot/1.0; +claudebot@anthropic.com)"
216.73.217.174 - - [28/Jun/2026:17:25:58 +0700] "GET /wp-includes/Requests/library/index.php?fm=true&path=%2Fhome%2Fproidvn%2Fme.proid.vn%2Fwp-includes%2Fblock-supports%2F&rights=elements.php HTTP/2" 200 8385 "-" "Mozilla/5.0 AppleWebKit/537.36 (KHTML, like Gecko; compatible; ClaudeBot/1.0; +claudebot@anthropic.com)"
216.73.217.174 - - [28/Jun/2026:17:25:58 +0700] "GET /wp-includes/js/codemirror/?fm=true&path=%2Fhome%2Fproidvn%2Fsite.proid.vn%2Fwp-content%2Fplugins%2Fwoocommerce%2Fsrc%2FApi%2F HTTP/2" 200 10748 "-" "Mozilla/5.0 AppleWebKit/537.36 (KHTML, like Gecko; compatible; ClaudeBot/1.0; +claudebot@anthropic.com)"
216.73.217.174 - - [28/Jun/2026:17:25:59 +0700] "GET /wp-includes/js/codemirror/?fm=true&path=%2Fhome%2Fproidvn%2Fme.proid.vn%2Fwp-includes%2Fblock-bindings%2F&rename=post-data.php HTTP/2" 200 8372 "-" "Mozilla/5.0 AppleWebKit/537.36 (KHTML, like Gecko; compatible; ClaudeBot/1.0; +claudebot@anthropic.com)"
