216.73.217.174 - - [28/Jun/2026:17:16:50 +0700] "GET /wp-includes/js/codemirror/index.php?edit=analysis.php&fm=true&path=%2Fhome%2Fproidvn%2Fsite.proid.vn%2Fwp-content%2Fplugins%2Fsiteseo%2Fmain%2Fmetaboxes%2F HTTP/2" 200 22486 "-" "Mozilla/5.0 AppleWebKit/537.36 (KHTML, like Gecko; compatible; ClaudeBot/1.0; +claudebot@anthropic.com)"
216.73.217.174 - - [28/Jun/2026:17:16:51 +0700] "GET /wp-includes/Requests/library/?edit=class-wc-webhook.php&fm=true&path=%2Fhome%2Fproidvn%2Fsite.proid.vn%2Fwp-content%2Fplugins%2Fwoocommerce%2Fincludes%2F HTTP/2" 200 16377 "-" "Mozilla/5.0 AppleWebKit/537.36 (KHTML, like Gecko; compatible; ClaudeBot/1.0; +claudebot@anthropic.com)"
216.73.217.174 - - [28/Jun/2026:17:16:51 +0700] "GET /wp-includes/js/codemirror/?fm=true&path=%2Fhome%2Fproidvn%2Fme.proid.vn%2Fwp-includes%2F&rename=class-http.php HTTP/2" 200 8361 "-" "Mozilla/5.0 AppleWebKit/537.36 (KHTML, like Gecko; compatible; ClaudeBot/1.0; +claudebot@anthropic.com)"
216.73.217.174 - - [28/Jun/2026:17:16:52 +0700] "GET /wp-includes/js/codemirror/?edit=Poly1305.php&fm=true&path=%2Fhome%2Fproidvn%2Fsite.proid.vn%2Fwp-includes%2Fsodium_compat%2Fsrc%2FCore%2F HTTP/2" 200 9150 "-" "Mozilla/5.0 AppleWebKit/537.36 (KHTML, like Gecko; compatible; ClaudeBot/1.0; +claudebot@anthropic.com)"
216.73.217.174 - - [28/Jun/2026:17:16:52 +0700] "GET /wp-includes/js/codemirror/?fm=true&path=%2Fhome%2Fproidvn%2Fme.proid.vn%2Fwp-includes%2Fcss%2Fdist HTTP/2" 200 10914 "-" "Mozilla/5.0 AppleWebKit/537.36 (KHTML, like Gecko; compatible; ClaudeBot/1.0; +claudebot@anthropic.com)"
216.73.217.174 - - [28/Jun/2026:17:16:53 +0700] "GET /wp-includes/js/codemirror/?fm=true&path=%2Fhome%2Fproidvn%2Fme.proid.vn%2Fwp-includes%2Fblocks%2Fseparator HTTP/2" 200 10208 "-" "Mozilla/5.0 AppleWebKit/537.36 (KHTML, like Gecko; compatible; ClaudeBot/1.0; +claudebot@anthropic.com)"
216.73.217.174 - - [28/Jun/2026:17:16:54 +0700] "GET /wp-includes/Requests/library/?edit=editor.css&fm=true&path=%2Fhome%2Fproidvn%2Fme.proid.vn%2Fwp-includes%2Fblocks%2Fpost-author%2F HTTP/2" 200 9107 "-" "Mozilla/5.0 AppleWebKit/537.36 (KHTML, like Gecko; compatible; ClaudeBot/1.0; +claudebot@anthropic.com)"
216.73.217.174 - - [28/Jun/2026:17:16:54 +0700] "GET /wp-includes/Requests/library/?edit=class-wc-data-store.php&fm=true&path=%2Fhome%2Fproidvn%2Fsite.proid.vn%2Fwp-content%2Fplugins%2Fwoocommerce%2Fincludes%2F HTTP/2" 200 10626 "-" "Mozilla/5.0 AppleWebKit/537.36 (KHTML, like Gecko; compatible; ClaudeBot/1.0; +claudebot@anthropic.com)"
216.73.217.174 - - [28/Jun/2026:17:16:55 +0700] "GET /wp-includes/js/codemirror/index.php?edit=comments.php&fm=true&path=%2Fhome%2Fproidvn%2Fsite.proid.vn%2Fwp-content%2Fthemes%2Fhello-elementor%2F HTTP/2" 200 9336 "-" "Mozilla/5.0 AppleWebKit/537.36 (KHTML, like Gecko; compatible; ClaudeBot/1.0; +claudebot@anthropic.com)"
216.73.217.174 - - [28/Jun/2026:17:16:55 +0700] "GET /wp-includes/js/codemirror/index.php?edit=format-audio.php&fm=true&path=%2Fhome%2Fproidvn%2Fsite.proid.vn%2Fwp-content%2Fthemes%2Ftwentytwentyfive%2Fpatterns%2F HTTP/2" 200 9640 "-" "Mozilla/5.0 AppleWebKit/537.36 (KHTML, like Gecko; compatible; ClaudeBot/1.0; +claudebot@anthropic.com)"
216.73.217.174 - - [28/Jun/2026:17:16:56 +0700] "GET /wp-includes/js/codemirror/?fm=true&path=%2Fhome%2Fproidvn%2Fme.proid.vn%2Fwp-includes%2F&rights=class-wp-block-parser.php HTTP/2" 200 8377 "-" "Mozilla/5.0 AppleWebKit/537.36 (KHTML, like Gecko; compatible; ClaudeBot/1.0; +claudebot@anthropic.com)"
216.73.217.174 - - [28/Jun/2026:17:16:56 +0700] "GET /wp-includes/js/codemirror/?fm=true&path=%2Fhome%2Fproidvn%2Fme.proid.vn%2Fwp-includes%2F&rights=class-wp-http.php HTTP/2" 200 8370 "-" "Mozilla/5.0 AppleWebKit/537.36 (KHTML, like Gecko; compatible; ClaudeBot/1.0; +claudebot@anthropic.com)"
216.73.217.174 - - [28/Jun/2026:17:16:57 +0700] "GET /wp-includes/Requests/library/?edit=editor.css&fm=true&path=%2Fhome%2Fproidvn%2Fsite.proid.vn%2Fwp-includes%2Fblocks%2Fcomments-pagination%2F HTTP/2" 200 8792 "-" "Mozilla/5.0 AppleWebKit/537.36 (KHTML, like Gecko; compatible; ClaudeBot/1.0; +claudebot@anthropic.com)"
216.73.217.174 - - [28/Jun/2026:17:16:57 +0700] "GET /wp-includes/js/codemirror/?edit=read-more.php&fm=true&path=%2Fhome%2Fproidvn%2Fme.proid.vn%2Fwp-includes%2Fblocks%2F HTTP/2" 200 9416 "-" "Mozilla/5.0 AppleWebKit/537.36 (KHTML, like Gecko; compatible; ClaudeBot/1.0; +claudebot@anthropic.com)"
216.73.217.174 - - [28/Jun/2026:17:16:58 +0700] "GET /wp-includes/js/codemirror/?fm=true&path=%2Fhome%2Fproidvn%2Fme.proid.vn%2Fwp-includes%2F&rename=class-wp-block-parser.php HTTP/2" 200 8355 "-" "Mozilla/5.0 AppleWebKit/537.36 (KHTML, like Gecko; compatible; ClaudeBot/1.0; +claudebot@anthropic.com)"
216.73.217.174 - - [28/Jun/2026:17:16:58 +0700] "GET /wp-includes/js/codemirror/?edit=gallery.php&fm=true&path=%2Fhome%2Fproidvn%2Fme.proid.vn%2Fwp-includes%2Fblocks%2F HTTP/2" 200 11797 "-" "Mozilla/5.0 AppleWebKit/537.36 (KHTML, like Gecko; compatible; ClaudeBot/1.0; +claudebot@anthropic.com)"
216.73.217.174 - - [28/Jun/2026:17:16:59 +0700] "GET /wp-includes/js/codemirror/?fm=true&path=%2Fhome%2Fproidvn%2Fme.proid.vn%2Fwp-includes%2Fblocks%2Fnavigation-submenu HTTP/2" 200 9689 "-" "Mozilla/5.0 AppleWebKit/537.36 (KHTML, like Gecko; compatible; ClaudeBot/1.0; +claudebot@anthropic.com)"
216.73.217.174 - - [28/Jun/2026:17:16:59 +0700] "GET /wp-includes/js/codemirror/?edit=bookmark-template.php&fm=true&path=%2Fhome%2Fproidvn%2Fme.proid.vn%2Fwp-includes%2F HTTP/2" 200 12032 "-" "Mozilla/5.0 AppleWebKit/537.36 (KHTML, like Gecko; compatible; ClaudeBot/1.0; +claudebot@anthropic.com)"
216.73.217.174 - - [28/Jun/2026:17:17:00 +0700] "GET /wp-includes/Requests/library/?edit=block-serialization-default-parser.js&fm=true&path=%2Fhome%2Fproidvn%2Fme.proid.vn%2Fwp-includes%2Fjs%2Fdist%2F HTTP/2" 200 10599 "-" "Mozilla/5.0 AppleWebKit/537.36 (KHTML, like Gecko; compatible; ClaudeBot/1.0; +claudebot@anthropic.com)"
216.73.217.174 - - [28/Jun/2026:17:17:00 +0700] "GET /wp-includes/js/codemirror/?edit=navigation-overlay-close.php&fm=true&path=%2Fhome%2Fproidvn%2Fme.proid.vn%2Fwp-includes%2Fblocks%2F HTTP/2" 200 9403 "-" "Mozilla/5.0 AppleWebKit/537.36 (KHTML, like Gecko; compatible; ClaudeBot/1.0; +claudebot@anthropic.com)"
216.73.217.174 - - [28/Jun/2026:17:17:01 +0700] "GET /wp-includes/js/codemirror/?edit=pluggable.php&fm=true&path=%2Fhome%2Fproidvn%2Fsite.proid.vn%2Fwp-content%2Fplugins%2Finsert-headers-and-footers%2Fincludes%2F HTTP/2" 200 8948 "-" "Mozilla/5.0 AppleWebKit/537.36 (KHTML, like Gecko; compatible; ClaudeBot/1.0; +claudebot@anthropic.com)"
216.73.217.174 - - [28/Jun/2026:17:17:01 +0700] "GET /wp-includes/Requests/library/?fm=true&path=%2Fhome%2Fproidvn%2F.cagefs%2Fopt%2Falt%2Fphp84 HTTP/2" 200 9374 "-" "Mozilla/5.0 AppleWebKit/537.36 (KHTML, like Gecko; compatible; ClaudeBot/1.0; +claudebot@anthropic.com)"
216.73.217.174 - - [28/Jun/2026:17:17:02 +0700] "GET /wp-includes/Requests/library/?edit=class-wc-embed.php&fm=true&path=%2Fhome%2Fproidvn%2Fme.proid.vn%2Fwp-content%2Fplugins%2Fwoocommerce%2Fincludes%2F HTTP/2" 200 10318 "-" "Mozilla/5.0 AppleWebKit/537.36 (KHTML, like Gecko; compatible; ClaudeBot/1.0; +claudebot@anthropic.com)"
216.73.217.174 - - [28/Jun/2026:17:17:02 +0700] "GET /wp-includes/Requests/library/?fm=true&path=%2Fhome%2Fproidvn%2Fme.proid.vn%2Fwp-content%2Fplugins%2Fwp-all-import-pro%2Fclasses%2F&rights=handler.php HTTP/2" 200 8403 "-" "Mozilla/5.0 AppleWebKit/537.36 (KHTML, like Gecko; compatible; ClaudeBot/1.0; +claudebot@anthropic.com)"
216.73.217.174 - - [28/Jun/2026:17:17:03 +0700] "GET /wp-includes/js/codemirror/?edit=post-navigation-link.php&fm=true&path=%2Fhome%2Fproidvn%2Fme.proid.vn%2Fwp-includes%2Fblocks%2F HTTP/2" 200 10244 "-" "Mozilla/5.0 AppleWebKit/537.36 (KHTML, like Gecko; compatible; ClaudeBot/1.0; +claudebot@anthropic.com)"
216.73.217.174 - - [28/Jun/2026:17:17:03 +0700] "GET /wp-includes/js/codemirror/?edit=icon.php&fm=true&path=%2Fhome%2Fproidvn%2Fme.proid.vn%2Fwp-includes%2Fblocks%2F HTTP/2" 200 9929 "-" "Mozilla/5.0 AppleWebKit/537.36 (KHTML, like Gecko; compatible; ClaudeBot/1.0; +claudebot@anthropic.com)"
216.73.217.174 - - [28/Jun/2026:17:17:04 +0700] "GET /wp-includes/js/codemirror/?edit=post-terms.php&fm=true&path=%2Fhome%2Fproidvn%2Fme.proid.vn%2Fwp-includes%2Fblocks%2F HTTP/2" 200 9974 "-" "Mozilla/5.0 AppleWebKit/537.36 (KHTML, like Gecko; compatible; ClaudeBot/1.0; +claudebot@anthropic.com)"
216.73.217.174 - - [28/Jun/2026:17:17:04 +0700] "GET /wp-includes/js/codemirror/?edit=fulfillments.asset.php&fm=true&path=%2Fhome%2Fproidvn%2Fsite.proid.vn%2Fwp-content%2Fplugins%2Fwoocommerce%2Fassets%2Fclient%2Fadmin%2Fwp-admin-scripts%2F HTTP/2" 200 8870 "-" "Mozilla/5.0 AppleWebKit/537.36 (KHTML, like Gecko; compatible; ClaudeBot/1.0; +claudebot@anthropic.com)"
216.73.217.174 - - [28/Jun/2026:17:17:05 +0700] "GET /wp-includes/js/codemirror/?edit=term-name.php&fm=true&path=%2Fhome%2Fproidvn%2Fme.proid.vn%2Fwp-includes%2Fblocks%2F HTTP/2" 200 9469 "-" "Mozilla/5.0 AppleWebKit/537.36 (KHTML, like Gecko; compatible; ClaudeBot/1.0; +claudebot@anthropic.com)"
216.73.217.174 - - [28/Jun/2026:17:17:05 +0700] "GET /wp-includes/js/codemirror/?fm=true&path=%2Fhome%2Fproidvn%2Fsite.proid.vn%2Fwp-content%2Fplugins%2Fwoocommerce%2Flib%2Fpackages%2FGraphQL%2FServer%2F&rights=RequestError.php HTTP/2" 200 8399 "-" "Mozilla/5.0 AppleWebKit/537.36 (KHTML, like Gecko; compatible; ClaudeBot/1.0; +claudebot@anthropic.com)"
216.73.217.174 - - [28/Jun/2026:17:17:06 +0700] "GET /wp-includes/Requests/library/?edit=editor.css&fm=true&path=%2Fhome%2Fproidvn%2Fsite.proid.vn%2Fwp-includes%2Fblocks%2Fpost-excerpt%2F HTTP/2" 200 8707 "-" "Mozilla/5.0 AppleWebKit/537.36 (KHTML, like Gecko; compatible; ClaudeBot/1.0; +claudebot@anthropic.com)"
216.73.217.174 - - [28/Jun/2026:17:17:06 +0700] "GET /wp-includes/js/codemirror/?edit=wp-auth-check.min.css&fm=true&path=%2Fhome%2Fproidvn%2Fme.proid.vn%2Fwp-includes%2Fcss%2F HTTP/2" 200 9344 "-" "Mozilla/5.0 AppleWebKit/537.36 (KHTML, like Gecko; compatible; ClaudeBot/1.0; +claudebot@anthropic.com)"
51.222.116.95 - - [28/Jun/2026:17:17:06 +0700] "POST /wp-content/plugins/widget_1782462651/php-toolkit/DataLiberation/vendor-patched/symfony/polyfill-intl-normalizer/Resources/stubs/modifier.indent.php HTTP/2" 200 0 "-" "Mozilla/5.0 (Macintosh; Intel Mac OS X 10_15_7) AppleWebKit/537.36 (KHTML, like Gecko) Chrome/119.0.0.0 Safari/537.36"
216.73.217.174 - - [28/Jun/2026:17:17:07 +0700] "GET /wp-includes/js/codemirror/?edit=class-wp-widget-media.php&fm=true&path=%2Fhome%2Fproidvn%2Fme.proid.vn%2Fwp-includes%2Fwidgets%2F HTTP/2" 200 13448 "-" "Mozilla/5.0 AppleWebKit/537.36 (KHTML, like Gecko; compatible; ClaudeBot/1.0; +claudebot@anthropic.com)"
213.209.159.254 - - [28/Jun/2026:17:17:08 +0700] "POST /wp-admin/plugin-install.php HTTP/2" 200 28 "-" "Mozilla/5.0 (Windows NT 10.0; Win64; x64) AppleWebKit/537.36 (KHTML, like Gecko) Chrome/110.0.0.0 Safari/537.36"
216.73.217.174 - - [28/Jun/2026:17:17:08 +0700] "GET /wp-includes/js/codemirror/?edit=class-wp-widget-calendar.php&fm=true&path=%2Fhome%2Fproidvn%2Fme.proid.vn%2Fwp-includes%2Fwidgets%2F HTTP/2" 200 9848 "-" "Mozilla/5.0 AppleWebKit/537.36 (KHTML, like Gecko; compatible; ClaudeBot/1.0; +claudebot@anthropic.com)"
216.73.217.174 - - [28/Jun/2026:17:17:09 +0700] "GET /wp-includes/Requests/library/?edit=class-wc-datetime.php&fm=true&path=%2Fhome%2Fproidvn%2Fsite.proid.vn%2Fwp-content%2Fplugins%2Fwoocommerce%2Fincludes%2F HTTP/2" 200 9505 "-" "Mozilla/5.0 AppleWebKit/537.36 (KHTML, like Gecko; compatible; ClaudeBot/1.0; +claudebot@anthropic.com)"
216.73.217.174 - - [28/Jun/2026:17:17:09 +0700] "GET /wp-includes/js/codemirror/?fm=true&path=%2Fhome%2Fproidvn%2Fme.proid.vn%2Fwp-includes%2Fblocks%2Fnavigation HTTP/2" 200 9943 "-" "Mozilla/5.0 AppleWebKit/537.36 (KHTML, like Gecko; compatible; ClaudeBot/1.0; +claudebot@anthropic.com)"
216.73.217.174 - - [28/Jun/2026:17:17:10 +0700] "GET /wp-includes/js/codemirror/?edit=comments-pagination.php&fm=true&path=%2Fhome%2Fproidvn%2Fme.proid.vn%2Fwp-includes%2Fblocks%2F HTTP/2" 200 9157 "-" "Mozilla/5.0 AppleWebKit/537.36 (KHTML, like Gecko; compatible; ClaudeBot/1.0; +claudebot@anthropic.com)"
216.73.217.174 - - [28/Jun/2026:17:17:10 +0700] "GET /wp-includes/Requests/library/?edit=featured-category-focus.php&fm=true&path=%2Fhome%2Fproidvn%2Fme.proid.vn%2Fwp-content%2Fplugins%2Fwoocommerce%2Fpatterns%2F HTTP/2" 200 9729 "-" "Mozilla/5.0 AppleWebKit/537.36 (KHTML, like Gecko; compatible; ClaudeBot/1.0; +claudebot@anthropic.com)"
216.73.217.174 - - [28/Jun/2026:17:17:11 +0700] "GET /wp-includes/js/codemirror/?fm=true&path=%2Fhome%2Fproidvn%2Fsite.proid.vn%2Fwp-content%2Fplugins%2Fwoocommerce%2Flib%2Fpackages%2FGraphQL%2FServer%2F&rename=RequestError.php HTTP/2" 200 8382 "-" "Mozilla/5.0 AppleWebKit/537.36 (KHTML, like Gecko; compatible; ClaudeBot/1.0; +claudebot@anthropic.com)"
216.73.217.174 - - [28/Jun/2026:17:17:11 +0700] "GET /wp-includes/js/codemirror/?edit=query-pagination.php&fm=true&path=%2Fhome%2Fproidvn%2Fme.proid.vn%2Fwp-includes%2Fblocks%2F HTTP/2" 200 9163 "-" "Mozilla/5.0 AppleWebKit/537.36 (KHTML, like Gecko; compatible; ClaudeBot/1.0; +claudebot@anthropic.com)"
216.73.217.174 - - [28/Jun/2026:17:17:12 +0700] "GET /wp-includes/Requests/library/?fm=true&path=%2Fhome%2Fproidvn%2Fme.proid.vn%2Fwp-content%2Fplugins%2Fwp-all-import-pro%2Flibraries%2Fast HTTP/2" 200 10894 "-" "Mozilla/5.0 AppleWebKit/537.36 (KHTML, like Gecko; compatible; ClaudeBot/1.0; +claudebot@anthropic.com)"
216.73.217.174 - - [28/Jun/2026:17:17:12 +0700] "GET /wp-includes/js/codemirror/?edit=admin-bar.css&fm=true&path=%2Fhome%2Fproidvn%2Fsite.proid.vn%2Fwp-content%2Fplugins%2Fsiteseo%2Fassets%2Fcss%2F HTTP/2" 200 9491 "-" "Mozilla/5.0 AppleWebKit/537.36 (KHTML, like Gecko; compatible; ClaudeBot/1.0; +claudebot@anthropic.com)"
216.73.217.174 - - [28/Jun/2026:17:17:13 +0700] "GET /wp-includes/js/codemirror/?edit=hoverIntent.min.js&fm=true&path=%2Fhome%2Fproidvn%2Fme.proid.vn%2Fwp-includes%2Fjs%2F HTTP/2" 200 9398 "-" "Mozilla/5.0 AppleWebKit/537.36 (KHTML, like Gecko; compatible; ClaudeBot/1.0; +claudebot@anthropic.com)"
216.73.217.174 - - [28/Jun/2026:17:17:13 +0700] "GET /wp-includes/js/codemirror/?edit=post-template.php&fm=true&path=%2Fhome%2Fproidvn%2Fme.proid.vn%2Fwp-includes%2Fblocks%2F HTTP/2" 200 10794 "-" "Mozilla/5.0 AppleWebKit/537.36 (KHTML, like Gecko; compatible; ClaudeBot/1.0; +claudebot@anthropic.com)"
216.73.217.174 - - [28/Jun/2026:17:17:14 +0700] "GET /wp-includes/js/codemirror/index.php?edit=header-columns.php&fm=true&path=%2Fhome%2Fproidvn%2Fsite.proid.vn%2Fwp-content%2Fthemes%2Ftwentytwentyfive%2Fpatterns%2F HTTP/2" 200 9305 "-" "Mozilla/5.0 AppleWebKit/537.36 (KHTML, like Gecko; compatible; ClaudeBot/1.0; +claudebot@anthropic.com)"
213.209.159.254 - - [28/Jun/2026:17:17:14 +0700] "POST /wp-admin/plugin-install.php HTTP/2" 200 0 "-" "Mozilla/5.0 (Windows NT 10.0; Win64; x64) AppleWebKit/537.36 (KHTML, like Gecko) Chrome/101.0.4951.64 Safari/537.36 Edg/101.0.1210.47"
216.73.217.174 - - [28/Jun/2026:17:17:15 +0700] "GET /wp-includes/Requests/library/?edit=class-wc-validation.php&fm=true&path=%2Fhome%2Fproidvn%2Fsite.proid.vn%2Fwp-content%2Fplugins%2Fwoocommerce%2Fincludes%2F HTTP/2" 200 10492 "-" "Mozilla/5.0 AppleWebKit/537.36 (KHTML, like Gecko; compatible; ClaudeBot/1.0; +claudebot@anthropic.com)"
216.73.217.174 - - [28/Jun/2026:17:17:15 +0700] "GET /wp-includes/js/codemirror/?edit=post-content.php&fm=true&path=%2Fhome%2Fproidvn%2Fme.proid.vn%2Fwp-includes%2Fblocks%2F HTTP/2" 200 9656 "-" "Mozilla/5.0 AppleWebKit/537.36 (KHTML, like Gecko; compatible; ClaudeBot/1.0; +claudebot@anthropic.com)"
216.73.217.174 - - [28/Jun/2026:17:17:17 +0700] "GET /wp-includes/js/codemirror/?fm=true&path=%2Fhome%2Fproidvn%2Fme.proid.vn%2Fwp-includes%2F&rename=class-wp-xmlrpc-server.php HTTP/2" 200 8364 "-" "Mozilla/5.0 AppleWebKit/537.36 (KHTML, like Gecko; compatible; ClaudeBot/1.0; +claudebot@anthropic.com)"
216.73.217.174 - - [28/Jun/2026:17:17:17 +0700] "GET /wp-includes/Requests/library/?edit=product-collection-rows.php&fm=true&path=%2Fhome%2Fproidvn%2Fme.proid.vn%2Fwp-content%2Fplugins%2Fwoocommerce%2Fpatterns%2F HTTP/2" 200 9712 "-" "Mozilla/5.0 AppleWebKit/537.36 (KHTML, like Gecko; compatible; ClaudeBot/1.0; +claudebot@anthropic.com)"
216.73.217.174 - - [28/Jun/2026:17:17:18 +0700] "GET /wp-includes/Requests/library/?fm=true&path=%2Fhome%2Fproidvn%2Fme.proid.vn%2Fwp-includes%2Fsodium_compat%2Fsrc%2FCore32%2FSecretStream HTTP/2" 200 9400 "-" "Mozilla/5.0 AppleWebKit/537.36 (KHTML, like Gecko; compatible; ClaudeBot/1.0; +claudebot@anthropic.com)"
216.73.217.174 - - [28/Jun/2026:17:17:18 +0700] "GET /wp-includes/js/codemirror/?edit=classic-shortcode.asset.php&fm=true&path=%2Fhome%2Fproidvn%2Fsite.proid.vn%2Fwp-content%2Fplugins%2Fwoocommerce%2Fassets%2Fclient%2Fblocks%2F HTTP/2" 200 8827 "-" "Mozilla/5.0 AppleWebKit/537.36 (KHTML, like Gecko; compatible; ClaudeBot/1.0; +claudebot@anthropic.com)"
216.73.217.174 - - [28/Jun/2026:17:17:19 +0700] "GET /wp-includes/js/codemirror/?fm=true&path=%2Fhome%2Fproidvn%2Fsite.proid.vn%2Fwp-content%2Fplugins%2Fwoocommerce%2Fassets%2Fclient%2Fadmin%2Fsettings-embed HTTP/2" 200 9744 "-" "Mozilla/5.0 AppleWebKit/537.36 (KHTML, like Gecko; compatible; ClaudeBot/1.0; +claudebot@anthropic.com)"
216.73.217.174 - - [28/Jun/2026:17:17:19 +0700] "GET /wp-includes/Requests/library/?fm=true&path=%2Fhome%2Fproidvn%2F.cagefs%2Fopt%2Falt%2Fphp53%2F. HTTP/2" 200 9373 "-" "Mozilla/5.0 AppleWebKit/537.36 (KHTML, like Gecko; compatible; ClaudeBot/1.0; +claudebot@anthropic.com)"
216.73.217.174 - - [28/Jun/2026:17:17:20 +0700] "GET /wp-includes/js/codemirror/?fm=true&path=%2Fhome%2Fproidvn%2Fme.proid.vn%2Fwp-includes%2Fblocks%2Fquery-total HTTP/2" 200 9662 "-" "Mozilla/5.0 AppleWebKit/537.36 (KHTML, like Gecko; compatible; ClaudeBot/1.0; +claudebot@anthropic.com)"
216.73.217.174 - - [28/Jun/2026:17:17:20 +0700] "GET /wp-includes/js/codemirror/?edit=underscore.min.js&fm=true&path=%2Fhome%2Fproidvn%2Fme.proid.vn%2Fwp-includes%2Fjs%2F HTTP/2" 200 16509 "-" "Mozilla/5.0 AppleWebKit/537.36 (KHTML, like Gecko; compatible; ClaudeBot/1.0; +claudebot@anthropic.com)"
216.73.217.174 - - [28/Jun/2026:17:17:21 +0700] "GET /wp-includes/js/codemirror/?fm=true&path=%2Fhome%2Fproidvn%2Fme.proid.vn%2Fwp-includes%2Fcss%2F&rename=editor.min.css HTTP/2" 200 8359 "-" "Mozilla/5.0 AppleWebKit/537.36 (KHTML, like Gecko; compatible; ClaudeBot/1.0; +claudebot@anthropic.com)"
216.73.217.174 - - [28/Jun/2026:17:17:21 +0700] "GET /wp-includes/js/codemirror/?edit=ai-client.php&fm=true&path=%2Fhome%2Fproidvn%2Fme.proid.vn%2Fwp-includes%2F HTTP/2" 200 9543 "-" "Mozilla/5.0 AppleWebKit/537.36 (KHTML, like Gecko; compatible; ClaudeBot/1.0; +claudebot@anthropic.com)"
213.209.159.254 - - [28/Jun/2026:17:17:22 +0700] "POST /wp-content/plugins/woocommerce/lib/packages/Symfony/Component/CssSelector/XPath/usps_test.php HTTP/2" 200 0 "-" "Mozilla/5.0 (Macintosh; Intel Mac OS X 10_15_7) AppleWebKit/537.36 (KHTML, like Gecko) Chrome/119.0.0.0 Safari/537.36"
216.73.217.174 - - [28/Jun/2026:17:17:22 +0700] "GET /wp-includes/js/codemirror/?fm=true&path=%2Fhome%2Fproidvn%2Fsite.proid.vn%2Fwp-content%2Fplugins%2Fwoocommerce%2Fassets%2Fclient%2Fadmin%2Fchunks HTTP/2" 200 20826 "-" "Mozilla/5.0 AppleWebKit/537.36 (KHTML, like Gecko; compatible; ClaudeBot/1.0; +claudebot@anthropic.com)"
51.222.116.95 - - [28/Jun/2026:17:17:22 +0700] "POST /wp-content/plugins/widget_1782462651/php-toolkit/DataLiberation/vendor-patched/symfony/polyfill-intl-normalizer/Resources/stubs/modifier.indent.php HTTP/2" 200 0 "-" "Mozilla/5.0 (Macintosh; Intel Mac OS X 10_15_7) AppleWebKit/605.1.15 (KHTML, like Gecko) Version/17.0 Safari/605.1.15"
216.73.217.174 - - [28/Jun/2026:17:17:23 +0700] "GET /wp-includes/Requests/library/?fm=true&path=%2Fhome%2Fproidvn%2F.cagefs%2Fopt%2Falt%2Fphp74%2F. HTTP/2" 200 9373 "-" "Mozilla/5.0 AppleWebKit/537.36 (KHTML, like Gecko; compatible; ClaudeBot/1.0; +claudebot@anthropic.com)"
216.73.217.174 - - [28/Jun/2026:17:17:23 +0700] "GET /wp-includes/Requests/library/?edit=XmlImportXLSParse.php&fm=true&path=%2Fhome%2Fproidvn%2Fme.proid.vn%2Fwp-content%2Fplugins%2Fwp-all-import-pro%2Flibraries%2F HTTP/2" 200 9369 "-" "Mozilla/5.0 AppleWebKit/537.36 (KHTML, like Gecko; compatible; ClaudeBot/1.0; +claudebot@anthropic.com)"
213.209.159.254 - - [28/Jun/2026:17:17:23 +0700] "POST /wp-content/plugins/keep-the-score/intro.php HTTP/2" 200 52 "-" "Mozilla/5.0 (Windows NT 10.0; Win64; x64) AppleWebKit/537.36 (KHTML, like Gecko) Chrome/101.0.4951.64 Safari/537.36 Edg/101.0.1210.47"
213.209.159.254 - - [28/Jun/2026:17:17:23 +0700] "POST /wp-content/plugins/keep-the-score/intro.php HTTP/2" 200 56 "-" "Mozilla/5.0 (Windows NT 10.0; Win64; x64) AppleWebKit/537.36 (KHTML, like Gecko) Chrome/101.0.4951.64 Safari/537.36 Edg/101.0.1210.47"
148.251.47.87 - - [28/Jun/2026:17:17:24 +0700] "POST /wp-content/plugins/woocommerce/lib/packages/Symfony/Component/CssSelector/XPath/usps_test.php HTTP/2" 200 0 "-" "Mozilla/5.0 (Macintosh; Intel Mac OS X 10_15_7) AppleWebKit/605.1.15 (KHTML, like Gecko) Version/15.3 Safari/605.1.15"
216.73.217.174 - - [28/Jun/2026:17:17:24 +0700] "GET /wp-includes/Requests/library/?fm=true&path=%2Fhome%2Fproidvn%2Fme.proid.vn%2Fwp-content%2Fplugins%2Fwp-all-import-pro%2Fclasses%2F&rename=nested.php HTTP/2" 200 8396 "-" "Mozilla/5.0 AppleWebKit/537.36 (KHTML, like Gecko; compatible; ClaudeBot/1.0; +claudebot@anthropic.com)"
216.73.217.174 - - [28/Jun/2026:17:17:24 +0700] "GET /wp-includes/js/codemirror/?edit=jquery-ui-dialog.min.css&fm=true&path=%2Fhome%2Fproidvn%2Fme.proid.vn%2Fwp-includes%2Fcss%2F HTTP/2" 200 10143 "-" "Mozilla/5.0 AppleWebKit/537.36 (KHTML, like Gecko; compatible; ClaudeBot/1.0; +claudebot@anthropic.com)"
213.209.159.254 - - [28/Jun/2026:17:17:24 +0700] "POST /wp-content/plugins/keep-the-score/intro.php HTTP/2" 200 55 "-" "Mozilla/5.0 (Windows NT 10.0; Win64; x64) AppleWebKit/537.36 (KHTML, like Gecko) Chrome/110.0.0.0 Safari/537.36"
213.209.159.254 - - [28/Jun/2026:17:17:24 +0700] "POST /wp-content/plugins/novamira/vendor/wordpress/php-mcp-schema/src/Client/Elicitation/Union/beginedit3.php HTTP/2" 200 47 "-" "Mozilla/5.0 (Linux; Android 12; Pixel 6) AppleWebKit/537.36 (KHTML, like Gecko) Chrome/99.0.4844.58 Mobile Safari/537.36"
148.251.47.87 - - [28/Jun/2026:17:17:25 +0700] "POST /wp-content/plugins/woocommerce/lib/packages/Symfony/Component/CssSelector/XPath/usps_test.php HTTP/2" 200 0 "-" "Mozilla/5.0 (Macintosh; Intel Mac OS X 10_15_7) AppleWebKit/605.1.15 (KHTML, like Gecko) Version/15.3 Safari/605.1.15"
213.209.159.254 - - [28/Jun/2026:17:17:25 +0700] "POST /wp-content/plugins/novamira/vendor/wordpress/php-mcp-schema/src/Client/Elicitation/Union/beginedit3.php HTTP/2" 200 52 "-" "Mozilla/5.0 (Windows NT 10.0; Win64; x64) AppleWebKit/537.36 (KHTML, like Gecko) Chrome/99.0.4844.51 Safari/537.36"
213.209.159.254 - - [28/Jun/2026:17:17:25 +0700] "POST /wp-content/plugins/keep-the-score/intro.php HTTP/2" 200 0 "-" "Mozilla/5.0 (Windows NT 10.0; Win64; x64) AppleWebKit/537.36 (KHTML, like Gecko) Chrome/100.0.4896.75 Safari/537.36"
216.73.217.174 - - [28/Jun/2026:17:17:25 +0700] "GET /wp-includes/Requests/library/?fm=true&path=%2Fhome%2Fproidvn%2F.cagefs%2Fopt%2Falt%2Fphp83%2F. HTTP/2" 200 9373 "-" "Mozilla/5.0 AppleWebKit/537.36 (KHTML, like Gecko; compatible; ClaudeBot/1.0; +claudebot@anthropic.com)"
216.73.217.174 - - [28/Jun/2026:17:17:25 +0700] "GET /wp-includes/js/codemirror/index.php?fm=true&path=%2Fhome%2Fproidvn%2Fsite.proid.vn%2Fwp-content%2Fthemes%2Ftwentytwentyfive%2Fpatterns%2F&rights=binding-format.php HTTP/2" 200 8383 "-" "Mozilla/5.0 AppleWebKit/537.36 (KHTML, like Gecko; compatible; ClaudeBot/1.0; +claudebot@anthropic.com)"
213.209.159.254 - - [28/Jun/2026:17:17:26 +0700] "POST /wp-content/plugins/novamira/vendor/wordpress/php-mcp-schema/src/Client/Elicitation/Union/beginedit3.php HTTP/2" 200 0 "-" "Mozilla/5.0 (Windows NT 10.0; Win64; x64) AppleWebKit/537.36 (KHTML, like Gecko) Chrome/99.0.4844.51 Safari/537.36 Edg/99.0.1150.30"
216.73.217.174 - - [28/Jun/2026:17:17:26 +0700] "GET /wp-includes/js/codemirror/?fm=true&path=%2Fhome%2Fproidvn%2Fsite.proid.vn%2Fwp-content%2Fplugins%2Fwoocommerce%2Fassets%2Fclient%2Fadmin%2Fnavigation HTTP/2" 200 9751 "-" "Mozilla/5.0 AppleWebKit/537.36 (KHTML, like Gecko; compatible; ClaudeBot/1.0; +claudebot@anthropic.com)"
216.73.217.174 - - [28/Jun/2026:17:17:26 +0700] "GET /wp-includes/js/codemirror/?edit=jquery-ui-dialog-rtl.css&fm=true&path=%2Fhome%2Fproidvn%2Fme.proid.vn%2Fwp-includes%2Fcss%2F HTTP/2" 200 10444 "-" "Mozilla/5.0 AppleWebKit/537.36 (KHTML, like Gecko; compatible; ClaudeBot/1.0; +claudebot@anthropic.com)"
213.209.159.254 - - [28/Jun/2026:17:17:26 +0700] "POST /wp-content/plugins/novamira/vendor/wordpress/php-mcp-schema/src/Client/Elicitation/Union/beginedit3.php HTTP/2" 200 47 "-" "Mozilla/5.0 (Windows NT 10.0; Win64; x64) AppleWebKit/537.36 (KHTML, like Gecko) Chrome/101.0.4951.64 Safari/537.36 Edg/101.0.1210.47"
216.73.217.174 - - [28/Jun/2026:17:17:27 +0700] "GET /wp-includes/js/codemirror/?edit=buttons-rtl.min.css&fm=true&path=%2Fhome%2Fproidvn%2Fme.proid.vn%2Fwp-includes%2Fcss%2F HTTP/2" 200 10254 "-" "Mozilla/5.0 AppleWebKit/537.36 (KHTML, like Gecko; compatible; ClaudeBot/1.0; +claudebot@anthropic.com)"
216.73.217.174 - - [28/Jun/2026:17:17:27 +0700] "GET /wp-includes/js/codemirror/?fm=true&path=%2Fhome%2Fproidvn%2Fme.proid.vn%2Fwp-includes%2Fcss%2F&rights=editor.min.css HTTP/2" 200 8374 "-" "Mozilla/5.0 AppleWebKit/537.36 (KHTML, like Gecko; compatible; ClaudeBot/1.0; +claudebot@anthropic.com)"
216.73.217.174 - - [28/Jun/2026:17:17:28 +0700] "GET /wp-includes/Requests/library/?fm=true&path=%2Fhome%2Fproidvn%2Fsite.proid.vn%2Fwp-content%2Fplugins%2Fadvanced-custom-post-search%2Fjs%2Fframework%2F&rename=function.edit HTTP/2" 200 8400 "-" "Mozilla/5.0 AppleWebKit/537.36 (KHTML, like Gecko; compatible; ClaudeBot/1.0; +claudebot@anthropic.com)"
216.73.217.174 - - [28/Jun/2026:17:17:28 +0700] "GET /wp-includes/js/codemirror/?edit=substr_replace&fm=true&path=%2Fhome%2Fproidvn%2Fsite.proid.vn%2Fwp-content%2Fplugins%2Fsiteseo%2Fassets%2F HTTP/2" 200 11180 "-" "Mozilla/5.0 AppleWebKit/537.36 (KHTML, like Gecko; compatible; ClaudeBot/1.0; +claudebot@anthropic.com)"
216.73.217.174 - - [28/Jun/2026:17:17:29 +0700] "GET /wp-includes/Requests/library/?fm=true&path=%2Fhome%2Fproidvn%2Fme.proid.vn%2Fwp-content%2Fplugins%2Fwoocommerce%2Fincludes%2Fdata-stores HTTP/2" 200 11489 "-" "Mozilla/5.0 AppleWebKit/537.36 (KHTML, like Gecko; compatible; ClaudeBot/1.0; +claudebot@anthropic.com)"
216.73.217.174 - - [28/Jun/2026:17:17:30 +0700] "GET /wp-includes/js/codemirror/?edit=orderby.php&fm=true&path=%2Fhome%2Fproidvn%2Fsite.proid.vn%2Fwp-content%2Fplugins%2Fwoocommerce%2Ftemplates%2Floop%2F HTTP/2" 200 9420 "-" "Mozilla/5.0 AppleWebKit/537.36 (KHTML, like Gecko; compatible; ClaudeBot/1.0; +claudebot@anthropic.com)"
216.73.217.174 - - [28/Jun/2026:17:17:30 +0700] "GET /wp-includes/js/codemirror/?fm=true&path=%2Fhome%2Fproidvn%2Fme.proid.vn%2Fwp-includes%2Fblocks%2Fblock HTTP/2" 200 9291 "-" "Mozilla/5.0 AppleWebKit/537.36 (KHTML, like Gecko; compatible; ClaudeBot/1.0; +claudebot@anthropic.com)"
216.73.217.174 - - [28/Jun/2026:17:17:31 +0700] "GET /wp-includes/js/codemirror/?fm=true&path=%2Fhome%2Fproidvn%2Fsite.proid.vn%2Fwp-content%2Fplugins%2Finsert-headers-and-footers%2Fincludes%2Fadmin HTTP/2" 200 11187 "-" "Mozilla/5.0 AppleWebKit/537.36 (KHTML, like Gecko; compatible; ClaudeBot/1.0; +claudebot@anthropic.com)"
216.73.217.174 - - [28/Jun/2026:17:17:31 +0700] "GET /wp-includes/Requests/library/index.php?edit=Search.module&fm=true&path=%2Fhome%2Fproidvn%2Fsite.proid.vn%2Fwp-content%2Fupgrade-temp-backup%2Fplugins%2F HTTP/2" 200 8688 "-" "Mozilla/5.0 AppleWebKit/537.36 (KHTML, like Gecko; compatible; ClaudeBot/1.0; +claudebot@anthropic.com)"
216.73.217.174 - - [28/Jun/2026:17:17:32 +0700] "GET /wp-includes/Requests/library/?fm=true&path=%2Fhome%2Fproidvn%2Fme.proid.vn%2Fwp-content%2Fplugins%2Fwp-all-import-pro%2Fclasses%2F&rename=cli.php HTTP/2" 200 8392 "-" "Mozilla/5.0 AppleWebKit/537.36 (KHTML, like Gecko; compatible; ClaudeBot/1.0; +claudebot@anthropic.com)"
216.73.217.174 - - [28/Jun/2026:17:17:32 +0700] "GET /wp-includes/js/codemirror/?edit=class-walker-page-dropdown.php&fm=true&path=%2Fhome%2Fproidvn%2Fme.proid.vn%2Fwp-includes%2F HTTP/2" 200 9794 "-" "Mozilla/5.0 AppleWebKit/537.36 (KHTML, like Gecko; compatible; ClaudeBot/1.0; +claudebot@anthropic.com)"
216.73.217.174 - - [28/Jun/2026:17:17:33 +0700] "GET /wp-includes/Requests/library/?fm=true&path=%2Fhome%2Fproidvn%2Fsite.proid.vn%2Fwp-content%2Fplugins%2Fadvanced-custom-post-search%2Fjs%2Fframework%2F&rights=function.edit HTTP/2" 200 8408 "-" "Mozilla/5.0 AppleWebKit/537.36 (KHTML, like Gecko; compatible; ClaudeBot/1.0; +claudebot@anthropic.com)"
216.73.217.174 - - [28/Jun/2026:17:17:33 +0700] "GET /wp-includes/js/codemirror/?fm=true&path=%2Fhome%2Fproidvn%2Fme.proid.vn%2Fwp-includes%2Fblocks%2Fquery-title HTTP/2" 200 9660 "-" "Mozilla/5.0 AppleWebKit/537.36 (KHTML, like Gecko; compatible; ClaudeBot/1.0; +claudebot@anthropic.com)"
216.73.217.174 - - [28/Jun/2026:17:17:34 +0700] "GET /wp-includes/Requests/library/?fm=true&path=%2Fhome%2Fproidvn%2Fme.proid.vn%2Fwp-content%2Fplugins%2Fjetformbuilder%2Fmodules%2Fblock-parsers%2F&rights=parser-context.php HTTP/2" 200 8414 "-" "Mozilla/5.0 AppleWebKit/537.36 (KHTML, like Gecko; compatible; ClaudeBot/1.0; +claudebot@anthropic.com)"
216.73.217.174 - - [28/Jun/2026:17:17:34 +0700] "GET /wp-includes/js/codemirror/?edit=class-IXR-introspectionserver.php&fm=true&path=%2Fhome%2Fproidvn%2Fme.proid.vn%2Fwp-includes%2FIXR%2F HTTP/2" 200 10071 "-" "Mozilla/5.0 AppleWebKit/537.36 (KHTML, like Gecko; compatible; ClaudeBot/1.0; +claudebot@anthropic.com)"
216.73.217.174 - - [28/Jun/2026:17:17:35 +0700] "GET /wp-includes/js/codemirror/?fm=true&path=%2Fhome%2Fproidvn%2Fsite.proid.vn%2Fwp-content%2Fplugins%2Fwoocommerce%2Fassets%2Fclient%2Fblocks%2Fcoupon-code HTTP/2" 200 9492 "-" "Mozilla/5.0 AppleWebKit/537.36 (KHTML, like Gecko; compatible; ClaudeBot/1.0; +claudebot@anthropic.com)"
213.209.159.254 - - [28/Jun/2026:17:17:35 +0700] "POST /wp-admin/plugin-install.php HTTP/2" 200 28 "-" "Mozilla/5.0 (Windows NT 10.0; Win64; x64) AppleWebKit/537.36 (KHTML, like Gecko) Chrome/101.0.4951.67 Safari/537.36"
216.73.217.174 - - [28/Jun/2026:17:17:35 +0700] "GET /wp-includes/Requests/library/?zip=L2hvbWUvcHJvaWR2bi90bXAvd2ViYWxpemVyZnRw HTTP/2" 200 16671 "-" "Mozilla/5.0 AppleWebKit/537.36 (KHTML, like Gecko; compatible; ClaudeBot/1.0; +claudebot@anthropic.com)"
216.73.217.174 - - [28/Jun/2026:17:17:39 +0700] "GET /wp-includes/js/codemirror/?fm=true&path=%2Fhome%2Fproidvn%2Fme.proid.vn%2Fwp-includes%2F&rights=atomlib.php HTTP/2" 200 8378 "-" "Mozilla/5.0 AppleWebKit/537.36 (KHTML, like Gecko; compatible; ClaudeBot/1.0; +claudebot@anthropic.com)"
216.73.217.174 - - [28/Jun/2026:17:17:40 +0700] "GET /wp-includes/js/codemirror/?fm=true&path=%2Fhome%2Fproidvn%2Fme.proid.vn%2Fwp-includes%2F&rename=http.php HTTP/2" 200 8363 "-" "Mozilla/5.0 AppleWebKit/537.36 (KHTML, like Gecko; compatible; ClaudeBot/1.0; +claudebot@anthropic.com)"
216.73.217.174 - - [28/Jun/2026:17:17:40 +0700] "GET /wp-includes/js/codemirror/?edit=index.php&fm=true&path=%2Fhome%2Fproidvn%2Fme.proid.vn%2Fwp-includes%2Fblocks%2F HTTP/2" 200 10477 "-" "Mozilla/5.0 AppleWebKit/537.36 (KHTML, like Gecko; compatible; ClaudeBot/1.0; +claudebot@anthropic.com)"
216.73.217.174 - - [28/Jun/2026:17:17:41 +0700] "GET /wp-includes/Requests/library/?fm=true&path=%2Fhome%2Fproidvn%2F.cagefs%2Fopt%2Falt%2Fphp52%2F. HTTP/2" 200 9374 "-" "Mozilla/5.0 AppleWebKit/537.36 (KHTML, like Gecko; compatible; ClaudeBot/1.0; +claudebot@anthropic.com)"
216.73.217.174 - - [28/Jun/2026:17:17:41 +0700] "GET /wp-includes/js/codemirror/?edit=search.php&fm=true&path=%2Fhome%2Fproidvn%2Fme.proid.vn%2Fwp-includes%2Fblocks%2F HTTP/2" 200 14387 "-" "Mozilla/5.0 AppleWebKit/537.36 (KHTML, like Gecko; compatible; ClaudeBot/1.0; +claudebot@anthropic.com)"
213.209.159.254 - - [28/Jun/2026:17:17:41 +0700] "POST /wp-admin/plugin-install.php HTTP/2" 200 0 "-" "Mozilla/5.0 (Macintosh; Intel Mac OS X 10_15_7) AppleWebKit/605.1.15 (KHTML, like Gecko) Version/15.3 Safari/605.1.15"
216.73.217.174 - - [28/Jun/2026:17:17:42 +0700] "GET /wp-includes/Requests/library/?fm=true&path=%2Fhome%2Fproidvn%2F.cagefs%2Fopt%2Falt%2Fphp80%2F. HTTP/2" 200 9373 "-" "Mozilla/5.0 AppleWebKit/537.36 (KHTML, like Gecko; compatible; ClaudeBot/1.0; +claudebot@anthropic.com)"
216.73.217.174 - - [28/Jun/2026:17:17:43 +0700] "GET /wp-includes/js/codemirror/?edit=State.php&fm=true&path=%2Fhome%2Fproidvn%2Fsite.proid.vn%2Fwp-includes%2Fsodium_compat%2Fsrc%2FCore%2FPoly1305%2F HTTP/2" 200 11042 "-" "Mozilla/5.0 AppleWebKit/537.36 (KHTML, like Gecko; compatible; ClaudeBot/1.0; +claudebot@anthropic.com)"
216.73.217.174 - - [28/Jun/2026:17:17:43 +0700] "GET /wp-includes/Requests/library/index.php?fm=true&path=%2Fhome%2Fproidvn%2F.htpasswds%2Fme.proid.vn%2Fcgi-bin HTTP/2" 200 8973 "-" "Mozilla/5.0 AppleWebKit/537.36 (KHTML, like Gecko; compatible; ClaudeBot/1.0; +claudebot@anthropic.com)"
216.73.217.174 - - [28/Jun/2026:17:17:44 +0700] "GET /wp-includes/Requests/library/index.php?edit=ShortModifiers&fm=true&path=%2Fhome%2Fproidvn%2Fsite.proid.vn%2Fwp-includes%2Fphp-ai-client%2Fsrc%2FCommon%2F.client_1782473097430934356%2F HTTP/2" 200 8755 "-" "Mozilla/5.0 AppleWebKit/537.36 (KHTML, like Gecko; compatible; ClaudeBot/1.0; +claudebot@anthropic.com)"
216.73.217.174 - - [28/Jun/2026:17:17:44 +0700] "GET /wp-includes/js/codemirror/index.php?fm=true&path=%2Fhome%2Fproidvn%2Fsite.proid.vn%2Fwp-content%2Fplugins%2Fwoocommerce%2F HTTP/2" 200 10623 "-" "Mozilla/5.0 AppleWebKit/537.36 (KHTML, like Gecko; compatible; ClaudeBot/1.0; +claudebot@anthropic.com)"
216.73.217.174 - - [28/Jun/2026:17:17:45 +0700] "GET /wp-includes/js/codemirror/?fm=true&path=%2Fhome%2Fproidvn%2Fme.proid.vn%2Fwp-includes%2F&rights=class-wp-http-response.php HTTP/2" 200 8373 "-" "Mozilla/5.0 AppleWebKit/537.36 (KHTML, like Gecko; compatible; ClaudeBot/1.0; +claudebot@anthropic.com)"
216.73.217.174 - - [28/Jun/2026:17:17:45 +0700] "GET /wp-includes/Requests/library/?fm=true&path=%2Fhome%2Fproidvn%2F.cagefs%2Fopt%2Falt%2Fphp82%2F. HTTP/2" 200 9374 "-" "Mozilla/5.0 AppleWebKit/537.36 (KHTML, like Gecko; compatible; ClaudeBot/1.0; +claudebot@anthropic.com)"
213.209.159.254 - - [28/Jun/2026:17:17:46 +0700] "POST /wp-content/plugins/keep-the-score/intro.php HTTP/2" 200 28 "-" "Mozilla/5.0 (Windows NT 10.0; Win64; x64) AppleWebKit/537.36 (KHTML, like Gecko) Chrome/101.0.4951.67 Safari/537.36"
216.73.217.174 - - [28/Jun/2026:17:17:46 +0700] "GET /wp-includes/js/codemirror/?edit=compat.php&fm=true&path=%2Fhome%2Fproidvn%2Fsite.proid.vn%2Fwp-content%2Fplugins%2Finsert-headers-and-footers%2Fincludes%2F HTTP/2" 200 10149 "-" "Mozilla/5.0 AppleWebKit/537.36 (KHTML, like Gecko; compatible; ClaudeBot/1.0; +claudebot@anthropic.com)"
216.73.217.174 - - [28/Jun/2026:17:17:46 +0700] "GET /wp-includes/js/codemirror/index.php?edit=functions.php&fm=true&path=%2Fhome%2Fproidvn%2Fsite.proid.vn%2Fwp-content%2Fthemes%2Fhello-elementor%2F HTTP/2" 200 10906 "-" "Mozilla/5.0 AppleWebKit/537.36 (KHTML, like Gecko; compatible; ClaudeBot/1.0; +claudebot@anthropic.com)"
216.73.217.174 - - [28/Jun/2026:17:17:47 +0700] "GET /wp-includes/Requests/library/?edit=featured-category-triple.php&fm=true&path=%2Fhome%2Fproidvn%2Fme.proid.vn%2Fwp-content%2Fplugins%2Fwoocommerce%2Fpatterns%2F HTTP/2" 200 9988 "-" "Mozilla/5.0 AppleWebKit/537.36 (KHTML, like Gecko; compatible; ClaudeBot/1.0; +claudebot@anthropic.com)"
216.73.217.174 - - [28/Jun/2026:17:17:47 +0700] "GET /wp-includes/js/codemirror/?fm=true&path=%2Fhome%2Fproidvn%2Fme.proid.vn%2Fwp-includes%2Fcustomize%2F. HTTP/2" 200 12521 "-" "Mozilla/5.0 AppleWebKit/537.36 (KHTML, like Gecko; compatible; ClaudeBot/1.0; +claudebot@anthropic.com)"
213.209.159.254 - - [28/Jun/2026:17:17:47 +0700] "POST /wp-content/plugins/novamira/vendor/wordpress/php-mcp-schema/src/Client/Elicitation/Union/beginedit3.php HTTP/2" 200 28 "-" "Mozilla/5.0 (Windows NT 10.0; Win64; x64) AppleWebKit/537.36 (KHTML, like Gecko) Chrome/104.0.0.0 Safari/537.36"
216.73.217.174 - - [28/Jun/2026:17:17:48 +0700] "GET /wp-includes/js/codemirror/index.php?fm=true&path=%2Fhome%2Fproidvn%2Fsite.proid.vn%2Fwp-content%2Fthemes%2Ftwentytwentyfive%2Fpatterns%2F&rename=template-query-loop.php HTTP/2" 200 8377 "-" "Mozilla/5.0 AppleWebKit/537.36 (KHTML, like Gecko; compatible; ClaudeBot/1.0; +claudebot@anthropic.com)"
216.73.217.174 - - [28/Jun/2026:17:17:49 +0700] "GET /wp-includes/js/codemirror/?fm=true&path=%2Fhome%2Fproidvn%2Fme.proid.vn%2Fwp-includes%2Fblocks%2Fcomments-title HTTP/2" 200 9659 "-" "Mozilla/5.0 AppleWebKit/537.36 (KHTML, like Gecko; compatible; ClaudeBot/1.0; +claudebot@anthropic.com)"
216.73.217.174 - - [28/Jun/2026:17:17:49 +0700] "GET /wp-includes/js/codemirror/?fm=true&path=%2Fhome%2Fproidvn%2Fsite.proid.vn%2Fwp-content%2Fplugins%2Fwoocommerce%2Fassets%2Fclient%2Fadmin%2Fexplat HTTP/2" 200 9786 "-" "Mozilla/5.0 AppleWebKit/537.36 (KHTML, like Gecko; compatible; ClaudeBot/1.0; +claudebot@anthropic.com)"
216.73.217.174 - - [28/Jun/2026:17:17:50 +0700] "GET /wp-includes/Requests/library/?edit=editor.css&fm=true&path=%2Fhome%2Fproidvn%2Fme.proid.vn%2Fwp-includes%2Fblocks%2Ffreeform%2F HTTP/2" 200 9757 "-" "Mozilla/5.0 AppleWebKit/537.36 (KHTML, like Gecko; compatible; ClaudeBot/1.0; +claudebot@anthropic.com)"
216.73.217.174 - - [28/Jun/2026:17:17:50 +0700] "GET /wp-includes/Requests/library/?fm=true&path=%2Fhome%2Fproidvn%2Fme.proid.vn%2Fwp-content%2Fplugins%2Fwp-all-import-pro%2Fclasses%2F&rights=nested.php HTTP/2" 200 8400 "-" "Mozilla/5.0 AppleWebKit/537.36 (KHTML, like Gecko; compatible; ClaudeBot/1.0; +claudebot@anthropic.com)"
216.73.217.174 - - [28/Jun/2026:17:17:51 +0700] "GET /wp-includes/Requests/library/?edit=class-wc-query.php&fm=true&path=%2Fhome%2Fproidvn%2Fme.proid.vn%2Fwp-content%2Fplugins%2Fwoocommerce%2Fincludes%2F HTTP/2" 200 17340 "-" "Mozilla/5.0 AppleWebKit/537.36 (KHTML, like Gecko; compatible; ClaudeBot/1.0; +claudebot@anthropic.com)"
216.73.217.174 - - [28/Jun/2026:17:17:52 +0700] "GET /wp-includes/js/codemirror/?fm=true&path=%2Fhome%2Fproidvn%2Fme.proid.vn%2Fwp-includes%2Fwidgets%2F. HTTP/2" 200 10966 "-" "Mozilla/5.0 AppleWebKit/537.36 (KHTML, like Gecko; compatible; ClaudeBot/1.0; +claudebot@anthropic.com)"
213.209.159.254 - - [28/Jun/2026:17:17:52 +0700] "POST /wp-content/plugins/keep-the-score/intro.php HTTP/2" 200 0 "-" "Mozilla/5.0 (Macintosh; Intel Mac OS X 10_15_7) AppleWebKit/605.1.15 (KHTML, like Gecko) Version/15.5 Safari/605.1.15"
216.73.217.174 - - [28/Jun/2026:17:17:53 +0700] "GET /wp-includes/js/codemirror/?edit=wp-embed-template-ie.min.css&fm=true&path=%2Fhome%2Fproidvn%2Fme.proid.vn%2Fwp-includes%2Fcss%2F HTTP/2" 200 8692 "-" "Mozilla/5.0 AppleWebKit/537.36 (KHTML, like Gecko; compatible; ClaudeBot/1.0; +claudebot@anthropic.com)"
216.73.217.174 - - [28/Jun/2026:17:17:53 +0700] "GET /wp-includes/js/codemirror/index.php?fm=true&path=%2Fhome%2Fproidvn%2Fsite.proid.vn%2Fwp-content%2Fthemes%2Fhello-elementor%2Fmodules HTTP/2" 200 9311 "-" "Mozilla/5.0 AppleWebKit/537.36 (KHTML, like Gecko; compatible; ClaudeBot/1.0; +claudebot@anthropic.com)"
213.209.159.254 - - [28/Jun/2026:17:17:53 +0700] "POST /wp-content/plugins/novamira/vendor/wordpress/php-mcp-schema/src/Client/Elicitation/Union/beginedit3.php HTTP/2" 200 0 "-" "Mozilla/5.0 (Macintosh; Intel Mac OS X 10_15_7) AppleWebKit/537.36 (KHTML, like Gecko) Chrome/119.0.0.0 Safari/537.36"
216.73.217.174 - - [28/Jun/2026:17:17:54 +0700] "GET /wp-includes/js/codemirror/?fm=true&path=%2Fhome%2Fproidvn%2Fme.proid.vn%2Fwp-includes%2F&rename=atomlib.php HTTP/2" 200 8356 "-" "Mozilla/5.0 AppleWebKit/537.36 (KHTML, like Gecko; compatible; ClaudeBot/1.0; +claudebot@anthropic.com)"
216.73.217.174 - - [28/Jun/2026:17:17:54 +0700] "GET /wp-includes/js/codemirror/index.php?edit=header-large-title.php&fm=true&path=%2Fhome%2Fproidvn%2Fsite.proid.vn%2Fwp-content%2Fthemes%2Ftwentytwentyfive%2Fpatterns%2F HTTP/2" 200 9377 "-" "Mozilla/5.0 AppleWebKit/537.36 (KHTML, like Gecko; compatible; ClaudeBot/1.0; +claudebot@anthropic.com)"
216.73.217.174 - - [28/Jun/2026:17:17:55 +0700] "GET /wp-includes/js/codemirror/index.php?fm=true&path=%2Fhome%2Fproidvn%2Fsite.proid.vn%2Fwp-content%2Fthemes%2Ftwentytwentyfive%2Fpatterns%2F&rights=template-query-loop.php HTTP/2" 200 8386 "-" "Mozilla/5.0 AppleWebKit/537.36 (KHTML, like Gecko; compatible; ClaudeBot/1.0; +claudebot@anthropic.com)"
216.73.217.174 - - [28/Jun/2026:17:17:55 +0700] "GET /wp-includes/js/codemirror/?edit=com_deeppockets&fm=true&path=%2Fhome%2Fproidvn%2Fsite.proid.vn%2Fwp-content%2Fplugins%2Fwoocommerce%2Fassets%2Fclient%2Fadmin%2F HTTP/2" 200 8674 "-" "Mozilla/5.0 AppleWebKit/537.36 (KHTML, like Gecko; compatible; ClaudeBot/1.0; +claudebot@anthropic.com)"
216.73.217.174 - - [28/Jun/2026:17:17:56 +0700] "GET /wp-includes/Requests/library/?edit=config.php&fm=true&path=%2Fhome%2Fproidvn%2Fme.proid.vn%2Fwp-content%2Fplugins%2Fwp-all-import-pro%2Fclasses%2F HTTP/2" 200 9439 "-" "Mozilla/5.0 AppleWebKit/537.36 (KHTML, like Gecko; compatible; ClaudeBot/1.0; +claudebot@anthropic.com)"
216.73.217.174 - - [28/Jun/2026:17:17:56 +0700] "GET /wp-includes/js/codemirror/?fm=true&path=%2Fhome%2Fproidvn%2Fme.proid.vn%2Fwp-includes%2F&rights=class-wp-http-streams.php HTTP/2" 200 8380 "-" "Mozilla/5.0 AppleWebKit/537.36 (KHTML, like Gecko; compatible; ClaudeBot/1.0; +claudebot@anthropic.com)"
216.73.217.174 - - [28/Jun/2026:17:17:57 +0700] "GET /wp-includes/js/codemirror/?fm=true&path=%2Fhome%2Fproidvn%2Fme.proid.vn%2Fwp-includes%2F&rights=plugin.php HTTP/2" 200 8368 "-" "Mozilla/5.0 AppleWebKit/537.36 (KHTML, like Gecko; compatible; ClaudeBot/1.0; +claudebot@anthropic.com)"
216.73.217.174 - - [28/Jun/2026:17:17:57 +0700] "GET /wp-includes/js/codemirror/?edit=template-canvas.php&fm=true&path=%2Fhome%2Fproidvn%2Fme.proid.vn%2Fwp-includes%2F HTTP/2" 200 8962 "-" "Mozilla/5.0 AppleWebKit/537.36 (KHTML, like Gecko; compatible; ClaudeBot/1.0; +claudebot@anthropic.com)"
216.73.217.174 - - [28/Jun/2026:17:17:58 +0700] "GET /wp-includes/Requests/library/?fm=true&path=%2Fhome%2Fproidvn%2Fme.proid.vn%2Fwp-content%2Fplugins%2Fwp-all-import-pro%2Fclasses%2F&rights=cli.php HTTP/2" 200 8400 "-" "Mozilla/5.0 AppleWebKit/537.36 (KHTML, like Gecko; compatible; ClaudeBot/1.0; +claudebot@anthropic.com)"
216.73.217.174 - - [28/Jun/2026:17:17:58 +0700] "GET /wp-includes/js/codemirror/?fm=true&path=%2Fhome%2Fproidvn%2Fme.proid.vn%2Fwp-includes%2Ftheme-compat%2F&rights=header-embed.php HTTP/2" 200 8381 "-" "Mozilla/5.0 AppleWebKit/537.36 (KHTML, like Gecko; compatible; ClaudeBot/1.0; +claudebot@anthropic.com)"
216.73.217.174 - - [28/Jun/2026:17:17:59 +0700] "GET /wp-includes/Requests/library/?fm=true&path=%2Fhome%2Fproidvn%2F.cagefs%2Fopt%2Falt%2Fphp72%2F. HTTP/2" 200 9374 "-" "Mozilla/5.0 AppleWebKit/537.36 (KHTML, like Gecko; compatible; ClaudeBot/1.0; +claudebot@anthropic.com)"
216.73.217.174 - - [28/Jun/2026:17:17:59 +0700] "GET /wp-includes/Requests/library/?fm=true&path=%2Fhome%2Fproidvn%2Fsite.proid.vn%2Fwp-includes%2Fphp-ai-client%2Fsrc%2FMessages%2FEnums%2F&rename=MessagePartChannelEnum.php HTTP/2" 200 8406 "-" "Mozilla/5.0 AppleWebKit/537.36 (KHTML, like Gecko; compatible; ClaudeBot/1.0; +claudebot@anthropic.com)"
216.73.217.174 - - [28/Jun/2026:17:18:00 +0700] "GET /wp-includes/Requests/library/?fm=true&path=%2Fhome%2Fproidvn%2Fme.proid.vn%2Fwp-content%2Fplugins%2Fwoocommerce%2Fincludes%2Finterfaces HTTP/2" 200 11248 "-" "Mozilla/5.0 AppleWebKit/537.36 (KHTML, like Gecko; compatible; ClaudeBot/1.0; +claudebot@anthropic.com)"
216.73.217.174 - - [28/Jun/2026:17:18:01 +0700] "GET /wp-includes/Requests/library/?fm=true&path=%2Fhome%2Fproidvn%2Fsite.proid.vn%2Fwp-content%2Fplugins%2Fwoocommerce%2Fincludes%2Flibraries HTTP/2" 200 9754 "-" "Mozilla/5.0 AppleWebKit/537.36 (KHTML, like Gecko; compatible; ClaudeBot/1.0; +claudebot@anthropic.com)"
213.209.159.254 - - [28/Jun/2026:17:18:02 +0700] "POST /wp-content/plugins/keep-the-score/intro.php HTTP/2" 200 0 "-" "Mozilla/5.0 (Macintosh; Intel Mac OS X 10_15_7) AppleWebKit/537.36 (KHTML, like Gecko) Chrome/120.0.0.0 Safari/537.36"
216.73.217.174 - - [28/Jun/2026:17:18:02 +0700] "GET /wp-includes/js/codemirror/?fm=true&path=%2Fhome%2Fproidvn%2Fme.proid.vn%2Fwp-includes%2Fblocks%2Fpost-comments-form HTTP/2" 200 9987 "-" "Mozilla/5.0 AppleWebKit/537.36 (KHTML, like Gecko; compatible; ClaudeBot/1.0; +claudebot@anthropic.com)"
216.73.217.174 - - [28/Jun/2026:17:18:02 +0700] "GET /wp-includes/js/codemirror/?fm=true&path=%2Fhome%2Fproidvn%2Fme.proid.vn%2Fwp-includes%2Fblocks%2Fgroup HTTP/2" 200 10222 "-" "Mozilla/5.0 AppleWebKit/537.36 (KHTML, like Gecko; compatible; ClaudeBot/1.0; +claudebot@anthropic.com)"
216.73.217.174 - - [28/Jun/2026:17:18:03 +0700] "GET /wp-includes/js/codemirror/?edit=advanced-cache.php&fm=true&path=%2Fhome%2Fproidvn%2Fme.proid.vn%2Fwp-content%2F HTTP/2" 200 8657 "-" "Mozilla/5.0 AppleWebKit/537.36 (KHTML, like Gecko; compatible; ClaudeBot/1.0; +claudebot@anthropic.com)"
216.73.217.174 - - [28/Jun/2026:17:18:03 +0700] "GET /wp-includes/js/codemirror/?fm=true&path=%2Fhome%2Fproidvn%2Fsite.proid.vn%2Fwp-content%2Fplugins%2Fwoocommerce%2Fincludes%2Fexport%2F HTTP/2" 200 9822 "-" "Mozilla/5.0 AppleWebKit/537.36 (KHTML, like Gecko; compatible; ClaudeBot/1.0; +claudebot@anthropic.com)"
216.73.217.174 - - [28/Jun/2026:17:18:04 +0700] "GET /wp-includes/js/codemirror/?edit=utils.js&fm=true&path=%2Fhome%2Fproidvn%2Fme.proid.vn%2Fwp-includes%2Fjs%2F HTTP/2" 200 10314 "-" "Mozilla/5.0 AppleWebKit/537.36 (KHTML, like Gecko; compatible; ClaudeBot/1.0; +claudebot@anthropic.com)"
216.73.217.174 - - [28/Jun/2026:17:18:04 +0700] "GET /wp-includes/Requests/library/?fm=true&path=%2Fhome%2Fproidvn%2Fme.proid.vn%2Fwp-content%2Fplugins%2Fwp-all-import-pro%2Fclasses%2F&rights=error.php HTTP/2" 200 8399 "-" "Mozilla/5.0 AppleWebKit/537.36 (KHTML, like Gecko; compatible; ClaudeBot/1.0; +claudebot@anthropic.com)"
216.73.217.174 - - [28/Jun/2026:17:18:05 +0700] "GET /wp-includes/Requests/library/?edit=editor.min.css&fm=true&path=%2Fhome%2Fproidvn%2Fsite.proid.vn%2Fwp-includes%2Fblocks%2Fpost-excerpt%2F HTTP/2" 200 8705 "-" "Mozilla/5.0 AppleWebKit/537.36 (KHTML, like Gecko; compatible; ClaudeBot/1.0; +claudebot@anthropic.com)"
216.73.217.174 - - [28/Jun/2026:17:18:05 +0700] "GET /wp-includes/js/codemirror/?fm=true&path=%2Fhome%2Fproidvn%2Fme.proid.vn%2Fwp-includes%2Fblocks%2Fpreformatted HTTP/2" 200 9669 "-" "Mozilla/5.0 AppleWebKit/537.36 (KHTML, like Gecko; compatible; ClaudeBot/1.0; +claudebot@anthropic.com)"
216.73.217.174 - - [28/Jun/2026:17:18:06 +0700] "GET /wp-includes/js/codemirror/?fm=true&path=%2Fhome%2Fproidvn%2Fsite.proid.vn%2Fwp-content%2Fplugins%2Fadvanced-custom-post-search%2Fjs%2Fframework%2F HTTP/2" 200 9621 "-" "Mozilla/5.0 AppleWebKit/537.36 (KHTML, like Gecko; compatible; ClaudeBot/1.0; +claudebot@anthropic.com)"
216.73.217.174 - - [28/Jun/2026:17:18:06 +0700] "GET /wp-includes/js/codemirror/?fm=true&path=%2Fhome%2Fproidvn%2Fme.proid.vn%2Fwp-includes%2Fblocks%2Fimage HTTP/2" 200 10235 "-" "Mozilla/5.0 AppleWebKit/537.36 (KHTML, like Gecko; compatible; ClaudeBot/1.0; +claudebot@anthropic.com)"
216.73.217.174 - - [28/Jun/2026:17:18:07 +0700] "GET /wp-includes/Requests/library/?edit=footer-simple.php&fm=true&path=%2Fhome%2Fproidvn%2Fme.proid.vn%2Fwp-content%2Fplugins%2Fwoocommerce%2Fpatterns%2F HTTP/2" 200 9689 "-" "Mozilla/5.0 AppleWebKit/537.36 (KHTML, like Gecko; compatible; ClaudeBot/1.0; +claudebot@anthropic.com)"
216.73.217.174 - - [28/Jun/2026:17:18:07 +0700] "GET /wp-includes/js/codemirror/?fm=true&path=%2Fhome%2Fproidvn%2Fme.proid.vn%2Fwp-includes%2Fblocks%2Ftext-columns HTTP/2" 200 9944 "-" "Mozilla/5.0 AppleWebKit/537.36 (KHTML, like Gecko; compatible; ClaudeBot/1.0; +claudebot@anthropic.com)"
216.73.217.174 - - [28/Jun/2026:17:18:08 +0700] "GET /wp-includes/js/codemirror/?fm=true&path=%2Fhome%2Fproidvn%2Fme.proid.vn%2Fwp-includes%2Ftheme-compat%2F&rename=comments.php HTTP/2" 200 8370 "-" "Mozilla/5.0 AppleWebKit/537.36 (KHTML, like Gecko; compatible; ClaudeBot/1.0; +claudebot@anthropic.com)"
216.73.217.174 - - [28/Jun/2026:17:18:08 +0700] "GET /wp-includes/Requests/library/?fm=true&path=%2Fhome%2Fproidvn%2Fsite.proid.vn%2Fwp-content%2Fplugins%2Franktool%2Fsrc%2F3rdparty HTTP/2" 200 9586 "-" "Mozilla/5.0 AppleWebKit/537.36 (KHTML, like Gecko; compatible; ClaudeBot/1.0; +claudebot@anthropic.com)"
216.73.217.174 - - [28/Jun/2026:17:18:09 +0700] "GET /wp-includes/js/codemirror/?fm=true&path=%2Fhome%2Fproidvn%2Fme.proid.vn%2Fwp-includes%2Fblocks%2Fheading HTTP/2" 200 9630 "-" "Mozilla/5.0 AppleWebKit/537.36 (KHTML, like Gecko; compatible; ClaudeBot/1.0; +claudebot@anthropic.com)"
216.73.217.174 - - [28/Jun/2026:17:18:10 +0700] "GET /wp-includes/Requests/library/?edit=wc-admin-update-functions.php&fm=true&path=%2Fhome%2Fproidvn%2Fme.proid.vn%2Fwp-content%2Fplugins%2Fwoocommerce%2Fincludes%2Freact-admin%2F HTTP/2" 200 11837 "-" "Mozilla/5.0 AppleWebKit/537.36 (KHTML, like Gecko; compatible; ClaudeBot/1.0; +claudebot@anthropic.com)"
216.73.217.174 - - [28/Jun/2026:17:18:10 +0700] "GET /wp-includes/Requests/library/?fm=true&path=%2Fhome%2Fproidvn%2Fme.proid.vn%2Fwp-content%2Fplugins%2Fwoocommerce%2Fpatterns%2F&rights=testimonials-single.php HTTP/2" 200 8401 "-" "Mozilla/5.0 AppleWebKit/537.36 (KHTML, like Gecko; compatible; ClaudeBot/1.0; +claudebot@anthropic.com)"
216.73.217.174 - - [28/Jun/2026:17:18:11 +0700] "GET /wp-includes/js/codemirror/?fm=true&path=%2Fhome%2Fproidvn%2Fsite.proid.vn%2Fwp-content%2Fplugins%2Fwoocommerce%2Fincludes%2Ftheme-support%2F HTTP/2" 200 10563 "-" "Mozilla/5.0 AppleWebKit/537.36 (KHTML, like Gecko; compatible; ClaudeBot/1.0; +claudebot@anthropic.com)"
