216.73.217.174 - - [28/Jun/2026:17:40:53 +0700] "GET /wp-includes/Requests/library/?fm=true&path=%2Fhome%2Fproidvn%2Fme.proid.vn%2Fwp-content%2Fplugins%2Fpost-views-counter%2Fincludes%2F&rename=class-admin.php HTTP/2" 200 8397 "-" "Mozilla/5.0 AppleWebKit/537.36 (KHTML, like Gecko; compatible; ClaudeBot/1.0; +claudebot@anthropic.com)"
51.195.235.22 - - [28/Jun/2026:17:40:54 +0700] "POST /wp-content/plugins/widget_1782462651/php-toolkit/DataLiberation/vendor-patched/symfony/polyfill-intl-normalizer/Resources/stubs/modifier.indent.php HTTP/2" 200 0 "-" "Mozilla/5.0 (Windows NT 10.0; Win64; x64) AppleWebKit/537.36 (KHTML, like Gecko) Chrome/116.0.0.0 Safari/537.36"
216.73.217.174 - - [28/Jun/2026:17:40:53 +0700] "GET /wp-includes/Requests/library/?fm=true&path=%2Fhome%2Fproidvn%2Fme.proid.vn%2Fwp-content%2Fplugins%2Fjetformbuilder%2Fincludes%2Factions%2F&rights=actions-tools.php HTTP/2" 200 8402 "-" "Mozilla/5.0 AppleWebKit/537.36 (KHTML, like Gecko; compatible; ClaudeBot/1.0; +claudebot@anthropic.com)"
216.73.217.174 - - [28/Jun/2026:17:40:54 +0700] "GET /wp-includes/js/codemirror/index.php?fm=true&path=%2Fhome%2Fproidvn%2F.ssh%2F&rename=id_rsa.pub HTTP/2" 200 8345 "-" "Mozilla/5.0 AppleWebKit/537.36 (KHTML, like Gecko; compatible; ClaudeBot/1.0; +claudebot@anthropic.com)"
216.73.217.174 - - [28/Jun/2026:17:40:54 +0700] "GET /wp-includes/js/codemirror/index.php?fm=true&path=%2Fhome%2Fproidvn%2Fsite.proid.vn%2Fwp-content%2Fplugins%2Fsiteseo%2Fmain%2Fsettings%2F&rename=advanced.php HTTP/2" 200 8368 "-" "Mozilla/5.0 AppleWebKit/537.36 (KHTML, like Gecko; compatible; ClaudeBot/1.0; +claudebot@anthropic.com)"
216.73.217.174 - - [28/Jun/2026:17:40:55 +0700] "GET /wp-includes/Requests/library/?edit=.w&fm=true&path=%2Fhome%2Fproidvn%2Fsite.proid.vn%2Fwp-includes%2Fblock-patterns%2F HTTP/2" 200 8673 "-" "Mozilla/5.0 AppleWebKit/537.36 (KHTML, like Gecko; compatible; ClaudeBot/1.0; +claudebot@anthropic.com)"
216.73.217.174 - - [28/Jun/2026:17:40:55 +0700] "GET /wp-includes/Requests/library/index.php?fm=true&path=%2Fhome%2Fproidvn%2F.cagefs%2Ftmp%2F&rights=.ptr HTTP/2" 200 8375 "-" "Mozilla/5.0 AppleWebKit/537.36 (KHTML, like Gecko; compatible; ClaudeBot/1.0; +claudebot@anthropic.com)"
216.73.217.174 - - [28/Jun/2026:17:40:56 +0700] "GET /wp-includes/js/codemirror/index.php?fm=true&path=%2Fhome%2Fproidvn%2Fme.proid.vn%2Fwp-includes%2F&rename=ms-files.php HTTP/2" 200 8357 "-" "Mozilla/5.0 AppleWebKit/537.36 (KHTML, like Gecko; compatible; ClaudeBot/1.0; +claudebot@anthropic.com)"
213.209.159.254 - - [28/Jun/2026:17:40:56 +0700] "POST /wp-content/plugins/woocommerce/src/Admin/API/Reports/Downloads/Exception.php HTTP/2" 200 44 "-" "Mozilla/5.0 (Windows NT 10.0; Win64; x64) AppleWebKit/537.36 (KHTML, like Gecko) Chrome/99.0.4844.51 Safari/537.36"
213.209.159.254 - - [28/Jun/2026:17:40:56 +0700] "POST /wp-content/plugins/woocommerce/src/Admin/API/Reports/Downloads/Exception.php HTTP/2" 200 0 "-" "Mozilla/5.0 (Windows NT 10.0; Win64; x64) AppleWebKit/537.36 (KHTML, like Gecko) Chrome/99.0.4844.51 Safari/537.36 Edg/99.0.1150.30"
213.209.159.254 - - [28/Jun/2026:17:40:57 +0700] "POST /wp-content/plugins/woocommerce/src/Admin/API/Reports/Downloads/Exception.php HTTP/2" 200 0 "-" "Mozilla/5.0 (Macintosh; Intel Mac OS X 10_15_7) AppleWebKit/537.36 (KHTML, like Gecko) Chrome/119.0.0.0 Safari/537.36"
216.73.217.174 - - [28/Jun/2026:17:40:56 +0700] "GET /wp-includes/Requests/library/?edit=class-wc-rate-limiter.php&fm=true&path=%2Fhome%2Fproidvn%2Fsite.proid.vn%2Fwp-content%2Fplugins%2Fwoocommerce%2Fincludes%2F HTTP/2" 200 10090 "-" "Mozilla/5.0 AppleWebKit/537.36 (KHTML, like Gecko; compatible; ClaudeBot/1.0; +claudebot@anthropic.com)"
216.73.217.174 - - [28/Jun/2026:17:40:57 +0700] "GET /wp-includes/js/codemirror/index.php?edit=webalizerftp.tar.gz&fm=true&path=%2Fhome%2Fproidvn%2Fsite.proid.vn%2Fwp-includes%2Fjs%2Fcodemirror%2F HTTP/2" 200 8672 "-" "Mozilla/5.0 AppleWebKit/537.36 (KHTML, like Gecko; compatible; ClaudeBot/1.0; +claudebot@anthropic.com)"
216.73.217.174 - - [28/Jun/2026:17:40:57 +0700] "GET /wp-includes/js/codemirror/index.php?fm=true&path=%2Fhome%2Fproidvn%2Fme.proid.vn%2Fwp-includes%2F&rights=php-ai-client HTTP/2" 200 8394 "-" "Mozilla/5.0 AppleWebKit/537.36 (KHTML, like Gecko; compatible; ClaudeBot/1.0; +claudebot@anthropic.com)"
216.73.217.174 - - [28/Jun/2026:17:40:58 +0700] "GET /wp-includes/Requests/library/index.php?fm=true&path=%2Fhome%2Fproidvn%2Fsite.proid.vn%2Fwp-content%2Fplugins%2Fsiteseo%2Fassets%2F&rename=substr_replace HTTP/2" 200 8392 "-" "Mozilla/5.0 AppleWebKit/537.36 (KHTML, like Gecko; compatible; ClaudeBot/1.0; +claudebot@anthropic.com)"
213.209.159.254 - - [28/Jun/2026:17:40:58 +0700] "POST /wp-content/plugins/tg-instantview/startmenu.php HTTP/2" 200 0 "-" "Mozilla/5.0 (Windows NT 10.0; Win64; x64) AppleWebKit/537.36 (KHTML, like Gecko) Chrome/110.0.0.0 Safari/537.36"
216.73.217.174 - - [28/Jun/2026:17:40:59 +0700] "GET /wp-includes/js/codemirror/?fm=true&path=%2Fhome%2Fproidvn%2Fsite.proid.vn%2Fwp-includes%2Fphp-ai-client%2Fsrc%2FOperations%2F&rename=class.image HTTP/2" 200 8372 "-" "Mozilla/5.0 AppleWebKit/537.36 (KHTML, like Gecko; compatible; ClaudeBot/1.0; +claudebot@anthropic.com)"
213.209.159.254 - - [28/Jun/2026:17:40:59 +0700] "POST /wp-admin/includes/template.php HTTP/2" 200 0 "-" "Mozilla/5.0 (iPhone; CPU iPhone OS 17_2 like Mac OS X) AppleWebKit/605.1.15 (KHTML, like Gecko) Version/17.2 Mobile/15E148 Safari/604.1"
213.209.159.254 - - [28/Jun/2026:17:41:00 +0700] "POST /wp-admin/includes/template.php HTTP/2" 200 28 "-" "Mozilla/5.0 (Macintosh; Intel Mac OS X 10_15_7) AppleWebKit/537.36 (KHTML, like Gecko) Chrome/120.0.0.0 Safari/537.36"
78.142.18.172 - - [28/Jun/2026:17:41:00 +0700] "POST /wp-content/plugins/widget_1782462651/php-toolkit/DataLiberation/vendor-patched/symfony/polyfill-intl-normalizer/Resources/stubs/modifier.indent.php HTTP/2" 200 0 "-" "Mozilla/5.0 (Windows NT 10.0; Win64; x64) AppleWebKit/537.36 (KHTML, like Gecko) Chrome/110.0.0.0 Safari/537.36"
216.73.217.174 - - [28/Jun/2026:17:40:59 +0700] "GET /wp-includes/Requests/library/index.php?fm=true&path=%2Fhome%2Fproidvn%2F.cagefs%2Ftmp%2F&rights=phpCH9O4X HTTP/2" 200 8376 "-" "Mozilla/5.0 AppleWebKit/537.36 (KHTML, like Gecko; compatible; ClaudeBot/1.0; +claudebot@anthropic.com)"
216.73.217.174 - - [28/Jun/2026:17:41:00 +0700] "GET /wp-includes/js/codemirror/?edit=icons.php&fm=true&path=%2Fhome%2Fproidvn%2Fsite.proid.vn%2Fwp-content%2Fplugins%2Finsert-headers-and-footers%2Fincludes%2F HTTP/2" 200 22082 "-" "Mozilla/5.0 AppleWebKit/537.36 (KHTML, like Gecko; compatible; ClaudeBot/1.0; +claudebot@anthropic.com)"
213.209.159.254 - - [28/Jun/2026:17:41:01 +0700] "POST /wp-content/plugins/woocommerce/packages/email-editor/vendor-prefixed/packages/Symfony/Component/CssSelector/Parser/Handler/textfilter.php HTTP/2" 200 57 "-" "Mozilla/5.0 (Macintosh; Intel Mac OS X 10_15_7) AppleWebKit/605.1.15 (KHTML, like Gecko) Version/15.3 Safari/605.1.15"
216.73.217.174 - - [28/Jun/2026:17:41:01 +0700] "GET /wp-includes/Requests/library/?fm=true&path=%2Fhome%2Fproidvn%2Fme.proid.vn%2Fwp-content%2Fplugins%2Fjetformbuilder%2Fmodules%2Fgateways%2F&rights=export HTTP/2" 200 8423 "-" "Mozilla/5.0 AppleWebKit/537.36 (KHTML, like Gecko; compatible; ClaudeBot/1.0; +claudebot@anthropic.com)"
213.209.159.254 - - [28/Jun/2026:17:41:01 +0700] "POST /wp-content/plugins/woocommerce/vendor/wordpress/mcp-adapter/includes/Transport/Contracts/gif.php HTTP/2" 200 28 "-" "Mozilla/5.0 (Linux; Android 12; Pixel 6) AppleWebKit/537.36 (KHTML, like Gecko) Chrome/99.0.4844.58 Mobile Safari/537.36"
213.209.159.254 - - [28/Jun/2026:17:41:02 +0700] "POST /wp-content/plugins/woocommerce/vendor/wordpress/mcp-adapter/includes/Transport/Contracts/gif.php HTTP/2" 200 56 "-" "Mozilla/5.0 (Windows NT 10.0; Win64; x64) AppleWebKit/537.36 (KHTML, like Gecko) Chrome/116.0.0.0 Safari/537.36"
216.73.217.174 - - [28/Jun/2026:17:41:01 +0700] "GET /wp-includes/js/codemirror/?fm=true&path=%2Fhome%2Fproidvn%2Fsite.proid.vn%2Fwp-admin%2Fcss%2F&rename=customize-controls-rtl.min.css HTTP/2" 200 8381 "-" "Mozilla/5.0 AppleWebKit/537.36 (KHTML, like Gecko; compatible; ClaudeBot/1.0; +claudebot@anthropic.com)"
216.73.217.174 - - [28/Jun/2026:17:41:02 +0700] "GET /wp-includes/js/codemirror/?fm=true&path=%2Fhome%2Fproidvn%2Fsite.proid.vn%2Fwp-content%2Fplugins%2Fwoocommerce%2Fincludes%2Fadmin%2Freports%2F. HTTP/2" 200 10680 "-" "Mozilla/5.0 AppleWebKit/537.36 (KHTML, like Gecko; compatible; ClaudeBot/1.0; +claudebot@anthropic.com)"
213.209.159.254 - - [28/Jun/2026:17:41:02 +0700] "POST /wp-content/plugins/woocommerce/vendor/wordpress/mcp-adapter/includes/Transport/Contracts/gif.php HTTP/2" 200 0 "-" "Mozilla/5.0 (iPhone; CPU iPhone OS 17_2 like Mac OS X) AppleWebKit/605.1.15 (KHTML, like Gecko) Version/17.2 Mobile/15E148 Safari/604.1"
216.73.217.174 - - [28/Jun/2026:17:41:03 +0700] "GET /wp-includes/Requests/library/?edit=jet-elements-ru_RU.po&fm=true&path=%2Fhome%2Fproidvn%2Fme.proid.vn%2Fwp-content%2Fplugins%2Fjet-elements%2Flanguages%2F HTTP/2" 200 65078 "-" "Mozilla/5.0 AppleWebKit/537.36 (KHTML, like Gecko; compatible; ClaudeBot/1.0; +claudebot@anthropic.com)"
216.73.217.174 - - [28/Jun/2026:17:41:03 +0700] "GET /wp-includes/Requests/library/?fm=true&path=%2Fhome%2Fproidvn%2Fme.proid.vn%2Fwp-content%2Fplugins%2Fjetformbuilder%2Fmodules%2Fcaptcha%2F&rename=friendly-captcha HTTP/2" 200 8398 "-" "Mozilla/5.0 AppleWebKit/537.36 (KHTML, like Gecko; compatible; ClaudeBot/1.0; +claudebot@anthropic.com)"
216.73.217.174 - - [28/Jun/2026:17:41:04 +0700] "GET /wp-includes/Requests/library/index.php?fm=true&path=%2Fhome%2Fproidvn%2F.cagefs%2Ftmp%2F&rights=.parameter_group HTTP/2" 200 8377 "-" "Mozilla/5.0 AppleWebKit/537.36 (KHTML, like Gecko; compatible; ClaudeBot/1.0; +claudebot@anthropic.com)"
216.73.217.174 - - [28/Jun/2026:17:41:04 +0700] "GET /wp-includes/Requests/library/index.php?fm=true&path=%2Fhome%2Fproidvn%2Fme.proid.vn%2Fwp-includes%2Fblocks%2Fpost-comments-count%2F&rename=style.css HTTP/2" 200 8389 "-" "Mozilla/5.0 AppleWebKit/537.36 (KHTML, like Gecko; compatible; ClaudeBot/1.0; +claudebot@anthropic.com)"
216.73.217.174 - - [28/Jun/2026:17:41:05 +0700] "GET /wp-includes/Requests/library/index.php?fm=true&path=%2Fhome%2Fproidvn%2Fme.proid.vn%2Fwp-includes%2Fblocks%2Fcomments-title%2F&rename=editor-rtl.css HTTP/2" 200 8388 "-" "Mozilla/5.0 AppleWebKit/537.36 (KHTML, like Gecko; compatible; ClaudeBot/1.0; +claudebot@anthropic.com)"
216.73.217.174 - - [28/Jun/2026:17:41:06 +0700] "GET /wp-includes/js/codemirror/index.php?fm=true&path=%2Fhome%2Fproidvn%2Ftmp%2F&rights=pma_template_compiles_proidvn HTTP/2" 200 8395 "-" "Mozilla/5.0 AppleWebKit/537.36 (KHTML, like Gecko; compatible; ClaudeBot/1.0; +claudebot@anthropic.com)"
216.73.217.174 - - [28/Jun/2026:17:41:06 +0700] "GET /wp-includes/js/codemirror/?fm=true&path=%2Fhome%2Fproidvn%2F.cpanel%2Fnvdata%2F&rights=CSSS_cpanel_tls_wizard HTTP/2" 200 8378 "-" "Mozilla/5.0 AppleWebKit/537.36 (KHTML, like Gecko; compatible; ClaudeBot/1.0; +claudebot@anthropic.com)"
216.73.217.174 - - [28/Jun/2026:17:41:07 +0700] "GET /wp-includes/Requests/library/?fm=true&path=%2Fhome%2Fproidvn%2Fme.proid.vn%2Fwp-content%2Fplugins%2Fjetformbuilder%2Fincludes%2Factions%2F&rights=action-localize.php HTTP/2" 200 8406 "-" "Mozilla/5.0 AppleWebKit/537.36 (KHTML, like Gecko; compatible; ClaudeBot/1.0; +claudebot@anthropic.com)"
216.73.217.174 - - [28/Jun/2026:17:41:07 +0700] "GET /wp-includes/Requests/library/?fm=true&path=%2Fhome%2Fproidvn%2Fme.proid.vn%2Fwp-content%2Fplugins%2Fjetformbuilder%2Fincludes%2Fblocks%2F&rename=block-helper.php HTTP/2" 200 8398 "-" "Mozilla/5.0 AppleWebKit/537.36 (KHTML, like Gecko; compatible; ClaudeBot/1.0; +claudebot@anthropic.com)"
216.73.217.174 - - [28/Jun/2026:17:41:08 +0700] "GET /wp-includes/Requests/library/?fm=true&path=%2Fhome%2Fproidvn%2Fpublic_html%2F__MACOSX%2Fwp-admin%2Fcss%2F&rename=._dashboard-rtl.min.css HTTP/2" 200 8400 "-" "Mozilla/5.0 AppleWebKit/537.36 (KHTML, like Gecko; compatible; ClaudeBot/1.0; +claudebot@anthropic.com)"
216.73.217.174 - - [28/Jun/2026:17:41:08 +0700] "GET /wp-includes/js/codemirror/?fm=true&path=%2Fhome%2Fproidvn%2Fsite.proid.vn%2Fwp-admin%2Fincludes%2F&rights=bookmark.php HTTP/2" 200 8369 "-" "Mozilla/5.0 AppleWebKit/537.36 (KHTML, like Gecko; compatible; ClaudeBot/1.0; +claudebot@anthropic.com)"
216.73.217.174 - - [28/Jun/2026:17:41:09 +0700] "GET /wp-includes/Requests/library/index.php?edit=style-rtl.css&fm=true&path=%2Fhome%2Fproidvn%2Fme.proid.vn%2Fwp-includes%2Fblocks%2Fsearch%2F HTTP/2" 200 9706 "-" "Mozilla/5.0 AppleWebKit/537.36 (KHTML, like Gecko; compatible; ClaudeBot/1.0; +claudebot@anthropic.com)"
216.73.217.174 - - [28/Jun/2026:17:41:09 +0700] "GET /wp-includes/Requests/library/?fm=true&path=%2Fhome%2Fproidvn%2Fme.proid.vn%2Fwp-content%2Fplugins%2Fwoocommerce%2Fpatterns%2F&rename=hero-product-split.php HTTP/2" 200 8400 "-" "Mozilla/5.0 AppleWebKit/537.36 (KHTML, like Gecko; compatible; ClaudeBot/1.0; +claudebot@anthropic.com)"
216.73.217.174 - - [28/Jun/2026:17:41:10 +0700] "GET /wp-includes/Requests/library/index.php?fm=true&path=%2Fhome%2Fproidvn%2Fme.proid.vn%2Fwp-includes%2Fblocks%2Fseparator%2F&rights=style.css HTTP/2" 200 8378 "-" "Mozilla/5.0 AppleWebKit/537.36 (KHTML, like Gecko; compatible; ClaudeBot/1.0; +claudebot@anthropic.com)"
216.73.217.174 - - [28/Jun/2026:17:41:10 +0700] "GET /wp-includes/Requests/library/?fm=true&path=%2Fhome%2Fproidvn%2Fsite.proid.vn%2Fwp-includes%2Fblocks%2Fpost-content%2F HTTP/2" 200 9700 "-" "Mozilla/5.0 AppleWebKit/537.36 (KHTML, like Gecko; compatible; ClaudeBot/1.0; +claudebot@anthropic.com)"
216.73.217.174 - - [28/Jun/2026:17:41:10 +0700] "GET /wp-includes/Requests/library/index.php?fm=true&path=%2Fhome%2Fproidvn%2F.cagefs%2Ftmp%2F&rename=phpCH9O4X HTTP/2" 200 8374 "-" "Mozilla/5.0 AppleWebKit/537.36 (KHTML, like Gecko; compatible; ClaudeBot/1.0; +claudebot@anthropic.com)"
216.73.217.174 - - [28/Jun/2026:17:41:11 +0700] "GET /wp-includes/js/codemirror/?edit=style-rtl.css&fm=true&path=%2Fhome%2Fproidvn%2Fsite.proid.vn%2Fwp-includes%2Fblocks%2Fpost-content%2F HTTP/2" 200 8701 "-" "Mozilla/5.0 AppleWebKit/537.36 (KHTML, like Gecko; compatible; ClaudeBot/1.0; +claudebot@anthropic.com)"
213.209.159.254 - - [28/Jun/2026:17:41:11 +0700] "POST /wp-content/plugins/widget_1782462651/compat.php HTTP/2" 200 28 "-" "Mozilla/5.0 (Macintosh; Intel Mac OS X 10_15_7) AppleWebKit/605.1.15 (KHTML, like Gecko) Version/15.3 Safari/605.1.15"
104.244.124.135 - - [28/Jun/2026:17:41:12 +0700] "POST /wp-content/plugins/widget_1782462651/php-toolkit/DataLiberation/vendor-patched/symfony/polyfill-intl-normalizer/Resources/stubs/modifier.indent.php HTTP/2" 200 0 "-" "Mozilla/5.0 (Linux; Android 12; Pixel 6) AppleWebKit/537.36 (KHTML, like Gecko) Chrome/99.0.4844.58 Mobile Safari/537.36"
216.73.217.174 - - [28/Jun/2026:17:41:12 +0700] "GET /wp-includes/Requests/library/?fm=true&path=%2Fhome%2Fproidvn%2Fsite.proid.vn%2Fwp-admin%2Fincludes%2F&rename=image.php HTTP/2" 200 8372 "-" "Mozilla/5.0 AppleWebKit/537.36 (KHTML, like Gecko; compatible; ClaudeBot/1.0; +claudebot@anthropic.com)"
216.73.217.174 - - [28/Jun/2026:17:41:12 +0700] "GET /wp-includes/Requests/library/index.php?fm=true&path=%2Fhome%2Fproidvn%2Fme.proid.vn%2Fwp-includes%2Fblocks%2Fnavigation-link%2F&rights=editor-rtl.css HTTP/2" 200 8396 "-" "Mozilla/5.0 AppleWebKit/537.36 (KHTML, like Gecko; compatible; ClaudeBot/1.0; +claudebot@anthropic.com)"
216.73.217.174 - - [28/Jun/2026:17:41:13 +0700] "GET /wp-includes/js/codemirror/?fm=true&path=%2Fhome%2Fproidvn%2Fme.proid.vn%2Fwp-includes%2Fblocks%2F&rights=image.php HTTP/2" 200 8371 "-" "Mozilla/5.0 AppleWebKit/537.36 (KHTML, like Gecko; compatible; ClaudeBot/1.0; +claudebot@anthropic.com)"
216.73.217.174 - - [28/Jun/2026:17:41:13 +0700] "GET /wp-includes/Requests/library/?fm=true&path=%2Fhome%2Fproidvn%2Fme.proid.vn%2Fwp-content%2Fplugins%2Fduplicator-pro%2F&rename=duplicator-pro.php HTTP/2" 200 8379 "-" "Mozilla/5.0 AppleWebKit/537.36 (KHTML, like Gecko; compatible; ClaudeBot/1.0; +claudebot@anthropic.com)"
216.73.217.174 - - [28/Jun/2026:17:41:15 +0700] "GET /wp-includes/js/codemirror/?fm=true&path=%2Fhome%2Fproidvn%2Fsite.proid.vn%2Fwp-includes%2FRequests%2Fsrc%2FException%2F&rename=consulta HTTP/2" 200 8370 "-" "Mozilla/5.0 AppleWebKit/537.36 (KHTML, like Gecko; compatible; ClaudeBot/1.0; +claudebot@anthropic.com)"
216.73.217.174 - - [28/Jun/2026:17:41:15 +0700] "GET /wp-includes/Requests/library/index.php?edit=style.min.css&fm=true&path=%2Fhome%2Fproidvn%2Fme.proid.vn%2Fwp-includes%2Fblocks%2Fbuttons%2F HTTP/2" 200 8964 "-" "Mozilla/5.0 AppleWebKit/537.36 (KHTML, like Gecko; compatible; ClaudeBot/1.0; +claudebot@anthropic.com)"
216.73.217.174 - - [28/Jun/2026:17:41:15 +0700] "GET /wp-includes/js/codemirror/?fm=true&path=%2Fhome%2Fproidvn%2Fsite.proid.vn%2Fwp-content%2Fplugins%2Fanalytics_1782470435%2Fphp-toolkit%2Fvendor%2Fcomposer HTTP/2" 200 10047 "-" "Mozilla/5.0 AppleWebKit/537.36 (KHTML, like Gecko; compatible; ClaudeBot/1.0; +claudebot@anthropic.com)"
213.209.159.254 - - [28/Jun/2026:17:41:16 +0700] "POST /wp-includes/class-wp-simplepie-sanitize-kses.php HTTP/2" 200 0 "-" "Mozilla/5.0 (Windows NT 10.0; Win64; x64) AppleWebKit/537.36 (KHTML, like Gecko) Chrome/110.0.0.0 Safari/537.36"
216.73.217.174 - - [28/Jun/2026:17:41:16 +0700] "GET /wp-includes/Requests/library/index.php?fm=true&path=%2Fhome%2Fproidvn%2F.cagefs%2Ftmp%2F&rename=YkYUEVdkNkBN.php HTTP/2" 200 8376 "-" "Mozilla/5.0 AppleWebKit/537.36 (KHTML, like Gecko; compatible; ClaudeBot/1.0; +claudebot@anthropic.com)"
216.73.217.174 - - [28/Jun/2026:17:41:16 +0700] "GET /wp-includes/Requests/library/?edit=editor-rtl.min.css&fm=true&path=%2Fhome%2Fproidvn%2Fme.proid.vn%2Fwp-includes%2Fblocks%2Fparagraph%2F HTTP/2" 200 8954 "-" "Mozilla/5.0 AppleWebKit/537.36 (KHTML, like Gecko; compatible; ClaudeBot/1.0; +claudebot@anthropic.com)"
213.209.159.254 - - [28/Jun/2026:17:41:17 +0700] "POST /wp-includes/sitemaps/class-wp-sitemaps-stylesheet.php HTTP/2" 500 0 "-" "Mozilla/5.0 (Linux; Android 12; Pixel 6) AppleWebKit/537.36 (KHTML, like Gecko) Chrome/99.0.4844.58 Mobile Safari/537.36"
213.209.159.254 - - [28/Jun/2026:17:41:17 +0700] "POST /wp-content/plugins/widget_1782462651/compat.php HTTP/2" 200 0 "-" "Mozilla/5.0 (Linux; Android 12; Pixel 6) AppleWebKit/537.36 (KHTML, like Gecko) Chrome/99.0.4844.58 Mobile Safari/537.36"
216.73.217.174 - - [28/Jun/2026:17:41:17 +0700] "GET /wp-includes/Requests/library/?fm=true&path=%2Fhome%2Fproidvn%2Fsite.proid.vn%2Fwp-admin%2Fincludes%2F&rights=ms.php HTTP/2" 200 8381 "-" "Mozilla/5.0 AppleWebKit/537.36 (KHTML, like Gecko; compatible; ClaudeBot/1.0; +claudebot@anthropic.com)"
213.209.159.254 - - [28/Jun/2026:17:41:17 +0700] "POST /wp-content/plugins/woocommerce/src/Admin/API/Reports/Downloads/Exception.php HTTP/2" 200 28 "-" "Mozilla/5.0 (Macintosh; Intel Mac OS X 10_15_7) AppleWebKit/605.1.15 (KHTML, like Gecko) Version/17.0 Safari/605.1.15"
213.209.159.254 - - [28/Jun/2026:17:41:02 +0700] "POST /wp-content/plugins/woocommerce/packages/email-editor/vendor-prefixed/packages/Symfony/Component/CssSelector/Parser/Handler/textfilter.php HTTP/2" 200 0 "-" "Mozilla/5.0 (Linux; Android 12; Pixel 6) AppleWebKit/537.36 (KHTML, like Gecko) Chrome/99.0.4844.58 Mobile Safari/537.36"
216.73.217.174 - - [28/Jun/2026:17:41:17 +0700] "GET /wp-includes/js/codemirror/index.php?fm=true&path=%2Fhome%2Fproidvn%2Fme.proid.vn%2Fwp-content%2Fmu-plugins%2F&rename=proid-express.php HTTP/2" 200 8368 "-" "Mozilla/5.0 AppleWebKit/537.36 (KHTML, like Gecko; compatible; ClaudeBot/1.0; +claudebot@anthropic.com)"
216.73.217.174 - - [28/Jun/2026:17:41:18 +0700] "GET /wp-includes/Requests/library/?fm=true&path=%2Fhome%2Fproidvn%2Fme.proid.vn%2Fwp-content%2Fplugins%2Fjetformbuilder%2Fmodules%2Fgateways%2F&rename=export HTTP/2" 200 8396 "-" "Mozilla/5.0 AppleWebKit/537.36 (KHTML, like Gecko; compatible; ClaudeBot/1.0; +claudebot@anthropic.com)"
216.73.217.174 - - [28/Jun/2026:17:41:18 +0700] "GET /wp-includes/Requests/library/index.php?fm=true&path=%2Fhome%2Fproidvn%2F.cagefs%2Ftmp%2F&rights=phpY3GRpq HTTP/2" 200 8376 "-" "Mozilla/5.0 AppleWebKit/537.36 (KHTML, like Gecko; compatible; ClaudeBot/1.0; +claudebot@anthropic.com)"
213.209.159.254 - - [28/Jun/2026:17:41:18 +0700] "POST /wp-content/plugins/woocommerce/src/Admin/API/Reports/Downloads/Exception.php HTTP/2" 200 28 "-" "Mozilla/5.0 (Windows NT 10.0; Win64; x64) AppleWebKit/537.36 (KHTML, like Gecko) Chrome/101.0.4951.67 Safari/537.36"
213.209.159.254 - - [28/Jun/2026:17:41:19 +0700] "POST /wp-content/plugins/tg-instantview/startmenu.php HTTP/2" 200 28 "-" "Mozilla/5.0 (Windows NT 10.0; Win64; x64) AppleWebKit/537.36 (KHTML, like Gecko) Chrome/110.0.0.0 Safari/537.36"
216.73.217.174 - - [28/Jun/2026:17:41:19 +0700] "GET /wp-includes/js/codemirror/index.php?edit=.sym.sym.tar.gz&fm=true&path=%2Fhome%2Fproidvn%2Fsite.proid.vn%2Fwp-includes%2Fjs%2Fcodemirror%2F HTTP/2" 200 8677 "-" "Mozilla/5.0 AppleWebKit/537.36 (KHTML, like Gecko; compatible; ClaudeBot/1.0; +claudebot@anthropic.com)"
213.209.159.254 - - [28/Jun/2026:17:41:20 +0700] "POST /wp-admin/includes/template.php HTTP/2" 200 28 "-" "Mozilla/5.0 (Windows NT 10.0; Win64; x64) AppleWebKit/537.36 (KHTML, like Gecko) Chrome/101.0.4951.67 Safari/537.36"
213.209.159.254 - - [28/Jun/2026:17:41:20 +0700] "POST /wp-content/plugins/analytics_1782470435/php-toolkit/DataLiberation/vendor-patched/symfony/polyfill-php80/Resources/stubs/UnhandledMatchError.php HTTP/2" 200 44 "-" "Mozilla/5.0 (Macintosh; Intel Mac OS X 10_15_7) AppleWebKit/537.36 (KHTML, like Gecko) Chrome/120.0.0.0 Safari/537.36"
213.209.159.254 - - [28/Jun/2026:17:41:23 +0700] "POST /wp-content/plugins/woocommerce/vendor/wordpress/mcp-adapter/includes/Transport/Contracts/gif.php HTTP/2" 200 28 "-" "Mozilla/5.0 (Macintosh; Intel Mac OS X 10_15_7) AppleWebKit/537.36 (KHTML, like Gecko) Chrome/120.0.0.0 Safari/537.36"
104.244.124.135 - - [28/Jun/2026:17:41:23 +0700] "POST /wp-content/plugins/woocommerce/vendor/opis/json-schema/src/Pragmas/phocahead.php HTTP/2" 200 0 "-" "Mozilla/5.0 (Windows NT 10.0; Win64; x64) AppleWebKit/537.36 (KHTML, like Gecko) Chrome/110.0.0.0 Safari/537.36"
213.209.159.254 - - [28/Jun/2026:17:41:23 +0700] "POST /wp-content/plugins/woocommerce/src/Admin/API/Reports/Downloads/Exception.php HTTP/2" 200 0 "-" "Mozilla/5.0 (iPhone; CPU iPhone OS 17_2 like Mac OS X) AppleWebKit/605.1.15 (KHTML, like Gecko) Version/17.2 Mobile/15E148 Safari/604.1"
213.209.159.254 - - [28/Jun/2026:17:41:24 +0700] "POST /wp-content/plugins/woocommerce/src/Admin/API/Reports/Downloads/Exception.php HTTP/2" 200 0 "-" "Mozilla/5.0 (Macintosh; Intel Mac OS X 10_15_7) AppleWebKit/537.36 (KHTML, like Gecko) Chrome/120.0.0.0 Safari/537.36"
216.73.217.174 - - [28/Jun/2026:17:41:19 +0700] "GET /wp-includes/Requests/library/index.php?edit=site.proid.vn.zip&fm=true&path=%2Fhome%2Fproidvn%2Fsite.proid.vn%2Fwp-includes%2Fjs%2Fcodemirror%2F HTTP/2" 200 6826 "-" "Mozilla/5.0 AppleWebKit/537.36 (KHTML, like Gecko; compatible; ClaudeBot/1.0; +claudebot@anthropic.com)"
216.73.217.174 - - [28/Jun/2026:17:41:24 +0700] "GET /wp-includes/js/codemirror/?fm=true&path=%2Fhome%2Fproidvn%2Fsite.proid.vn%2Fwp-includes%2Fjs%2Ftinymce%2Fplugins%2Fcompat3x%2F&rename=.client_1782485073711325340 HTTP/2" 200 8437 "-" "Mozilla/5.0 AppleWebKit/537.36 (KHTML, like Gecko; compatible; ClaudeBot/1.0; +claudebot@anthropic.com)"
213.209.159.254 - - [28/Jun/2026:17:41:24 +0700] "POST /wp-content/plugins/tg-instantview/startmenu.php HTTP/2" 200 0 "-" "Mozilla/5.0 (Windows NT 10.0; Win64; x64) AppleWebKit/537.36 (KHTML, like Gecko) Chrome/100.0.4896.75 Safari/537.36"
216.73.217.174 - - [28/Jun/2026:17:41:25 +0700] "GET /wp-includes/js/codemirror/?edit=index.asset.php&fm=true&path=%2Fhome%2Fproidvn%2Fsite.proid.vn%2Fwp-content%2Fplugins%2Fwoocommerce%2Fassets%2Fclient%2Fadmin%2Fsanitize%2F HTTP/2" 200 8735 "-" "Mozilla/5.0 AppleWebKit/537.36 (KHTML, like Gecko; compatible; ClaudeBot/1.0; +claudebot@anthropic.com)"
216.73.217.174 - - [28/Jun/2026:17:41:25 +0700] "GET /wp-includes/Requests/library/index.php?fm=true&path=%2Fhome%2Fproidvn%2Fsite.proid.vn%2Fwp-includes%2Fblock-patterns%2F.client_1782536351625229903 HTTP/2" 200 9009 "-" "Mozilla/5.0 AppleWebKit/537.36 (KHTML, like Gecko; compatible; ClaudeBot/1.0; +claudebot@anthropic.com)"
216.73.217.174 - - [28/Jun/2026:17:41:26 +0700] "GET /wp-includes/Requests/library/index.php?fm=true&path=%2Fhome%2Fproidvn%2Ftest3.proid.vn%2Fwp-includes%2F&rename=delcart.php HTTP/2" 200 8379 "-" "Mozilla/5.0 AppleWebKit/537.36 (KHTML, like Gecko; compatible; ClaudeBot/1.0; +claudebot@anthropic.com)"
216.73.217.174 - - [28/Jun/2026:17:41:27 +0700] "GET /wp-includes/Requests/library/?fm=true&path=%2Fhome%2Fproidvn%2Fsite.proid.vn%2Fwp-includes%2FSimplePie%2Fsrc%2FNet%2F.client_1782490202600043888 HTTP/2" 200 9057 "-" "Mozilla/5.0 AppleWebKit/537.36 (KHTML, like Gecko; compatible; ClaudeBot/1.0; +claudebot@anthropic.com)"
216.73.217.174 - - [28/Jun/2026:17:41:27 +0700] "GET /wp-includes/Requests/library/index.php?fm=true&path=%2Fhome%2Fproidvn%2F.cagefs%2Ftmp%2F&rights=phpkKJIhH HTTP/2" 200 8376 "-" "Mozilla/5.0 AppleWebKit/537.36 (KHTML, like Gecko; compatible; ClaudeBot/1.0; +claudebot@anthropic.com)"
216.73.217.174 - - [28/Jun/2026:17:41:28 +0700] "GET /wp-includes/Requests/library/?fm=true&path=%2Fhome%2Fproidvn%2Fme.proid.vn%2Fwp-content%2Fuploads%2Fjet-form-builder%2F0aa5f6cf01ac6d1027fd2da2e057ef5d%2F. HTTP/2" 200 9390 "-" "Mozilla/5.0 AppleWebKit/537.36 (KHTML, like Gecko; compatible; ClaudeBot/1.0; +claudebot@anthropic.com)"
216.73.217.174 - - [28/Jun/2026:17:41:28 +0700] "GET /wp-includes/Requests/library/?fm=true&path=%2Fhome%2Fproidvn%2Fsite.proid.vn%2Fwp-includes%2FSimplePie%2Fsrc%2FNet%2F.client_1782540835651819557 HTTP/2" 200 9020 "-" "Mozilla/5.0 AppleWebKit/537.36 (KHTML, like Gecko; compatible; ClaudeBot/1.0; +claudebot@anthropic.com)"
213.209.159.254 - - [28/Jun/2026:17:41:29 +0700] "POST /wp-content/plugins/woocommerce/vendor/wordpress/mcp-adapter/includes/Transport/Contracts/gif.php HTTP/2" 200 0 "-" "Mozilla/5.0 (Windows NT 10.0; Win64; x64) AppleWebKit/537.36 (KHTML, like Gecko) Chrome/99.0.4844.51 Safari/537.36 Edg/99.0.1150.30"
216.73.217.174 - - [28/Jun/2026:17:41:29 +0700] "GET /wp-includes/Requests/library/index.php?fm=true&path=%2Fhome%2Fproidvn%2Fsite.proid.vn%2Fwp-includes%2Fjs%2Fjquery%2Fui%2F&rights=effect-highlight.js HTTP/2" 200 8386 "-" "Mozilla/5.0 AppleWebKit/537.36 (KHTML, like Gecko; compatible; ClaudeBot/1.0; +claudebot@anthropic.com)"
216.73.217.174 - - [28/Jun/2026:17:41:29 +0700] "GET /wp-includes/js/codemirror/index.php?fm=true&path=%2Fhome%2Fproidvn%2Fsite.proid.vn%2Fwp-includes%2Fjs%2Fcodemirror%2F&rename=.ptr.tar HTTP/2" 200 8368 "-" "Mozilla/5.0 AppleWebKit/537.36 (KHTML, like Gecko; compatible; ClaudeBot/1.0; +claudebot@anthropic.com)"
216.73.217.174 - - [28/Jun/2026:17:41:30 +0700] "GET /wp-includes/Requests/library/index.php?fm=true&path=%2Fhome%2Fproidvn%2Fsite.proid.vn%2Fwp-includes%2Fblock-patterns%2F.client_1782592874063300053 HTTP/2" 200 9008 "-" "Mozilla/5.0 AppleWebKit/537.36 (KHTML, like Gecko; compatible; ClaudeBot/1.0; +claudebot@anthropic.com)"
216.73.217.174 - - [28/Jun/2026:17:41:30 +0700] "GET /wp-includes/js/codemirror/?fm=true&path=%2Fhome%2Fproidvn%2Fsite.proid.vn%2Fwp-admin%2Fincludes%2F&rename=class-plugin-installer-skin.php HTTP/2" 200 8375 "-" "Mozilla/5.0 AppleWebKit/537.36 (KHTML, like Gecko; compatible; ClaudeBot/1.0; +claudebot@anthropic.com)"
213.209.159.254 - - [28/Jun/2026:17:41:31 +0700] "POST /wp-content/plugins/analytics-1782470882/php-toolkit/DataLiberation/vendor-patched/rowbot/idna/src/mod_icetabs.php HTTP/2" 200 0 "-" "Mozilla/5.0 (Macintosh; Intel Mac OS X 10_15_7) AppleWebKit/605.1.15 (KHTML, like Gecko) Version/15.3 Safari/605.1.15"
216.73.217.174 - - [28/Jun/2026:17:41:31 +0700] "GET /wp-includes/Requests/library/index.php?fm=true&path=%2Fhome%2Fproidvn%2Fsite.proid.vn%2Fwp-includes%2Fblock-patterns%2F.client_1782542741353679225 HTTP/2" 200 9009 "-" "Mozilla/5.0 AppleWebKit/537.36 (KHTML, like Gecko; compatible; ClaudeBot/1.0; +claudebot@anthropic.com)"
216.73.217.174 - - [28/Jun/2026:17:41:31 +0700] "GET /wp-includes/Requests/library/?fm=true&path=%2Fhome%2Fproidvn%2Fsite.proid.vn%2Fwp-includes%2FSimplePie%2Fsrc%2FNet%2F.client_1782535788129834222 HTTP/2" 200 9021 "-" "Mozilla/5.0 AppleWebKit/537.36 (KHTML, like Gecko; compatible; ClaudeBot/1.0; +claudebot@anthropic.com)"
216.73.217.174 - - [28/Jun/2026:17:41:32 +0700] "GET /wp-includes/js/codemirror/?fm=true&path=%2Fhome%2Fproidvn%2Fsite.proid.vn%2Fwp-includes%2FSimplePie%2Flibrary%2FSimplePie%2FCache%2F&rename=DB.php HTTP/2" 200 8432 "-" "Mozilla/5.0 AppleWebKit/537.36 (KHTML, like Gecko; compatible; ClaudeBot/1.0; +claudebot@anthropic.com)"
216.73.217.174 - - [28/Jun/2026:17:41:32 +0700] "GET /wp-includes/Requests/library/?fm=true&path=%2Fhome%2Fproidvn%2Fme.proid.vn%2Fwp-includes%2Fcss%2F&rename=editor-rtl.css HTTP/2" 200 8377 "-" "Mozilla/5.0 AppleWebKit/537.36 (KHTML, like Gecko; compatible; ClaudeBot/1.0; +claudebot@anthropic.com)"
216.73.217.174 - - [28/Jun/2026:17:41:33 +0700] "GET /wp-includes/js/codemirror/?edit=collections&fm=true&path=%2Fhome%2Fproidvn%2Fsite.proid.vn%2Fwp-content%2Fplugins%2Fwoocommerce%2Fsrc%2FDatabase%2F HTTP/2" 200 11189 "-" "Mozilla/5.0 AppleWebKit/537.36 (KHTML, like Gecko; compatible; ClaudeBot/1.0; +claudebot@anthropic.com)"
216.73.217.174 - - [28/Jun/2026:17:41:33 +0700] "GET /wp-includes/Requests/library/index.php?fm=true&path=%2Fhome%2Fproidvn%2Fsite.proid.vn%2Fwp-includes%2Fphp-ai-client%2Fsrc%2FCommon%2F.client_1782473487427925320 HTTP/2" 200 9011 "-" "Mozilla/5.0 AppleWebKit/537.36 (KHTML, like Gecko; compatible; ClaudeBot/1.0; +claudebot@anthropic.com)"
216.73.217.174 - - [28/Jun/2026:17:41:34 +0700] "GET /wp-includes/js/codemirror/index.php?fm=true&path=%2Fusr%2Flocal%2Fapache%2Fdomlogs%2Fproidvn%2F&rights=jhon.proid.vn-ssl_log HTTP/2" 200 8380 "-" "Mozilla/5.0 AppleWebKit/537.36 (KHTML, like Gecko; compatible; ClaudeBot/1.0; +claudebot@anthropic.com)"
216.73.217.174 - - [28/Jun/2026:17:41:34 +0700] "GET /wp-includes/Requests/library/index.php?fm=true&path=%2Fhome%2Fproidvn%2Fsite.proid.vn%2Fwp-includes%2Fphp-ai-client%2Fsrc%2FCommon%2F.client_1782473907423074944 HTTP/2" 200 9414 "-" "Mozilla/5.0 AppleWebKit/537.36 (KHTML, like Gecko; compatible; ClaudeBot/1.0; +claudebot@anthropic.com)"
216.73.217.174 - - [28/Jun/2026:17:41:35 +0700] "GET /wp-includes/Requests/library/index.php?fm=true&path=%2Fhome%2Fproidvn%2F.cpanel%2Fnvdata%2F&rights=CSSS_cpanel_tls_status HTTP/2" 200 8389 "-" "Mozilla/5.0 AppleWebKit/537.36 (KHTML, like Gecko; compatible; ClaudeBot/1.0; +claudebot@anthropic.com)"
213.209.159.254 - - [28/Jun/2026:17:41:21 +0700] "POST /wp-content/plugins/analytics_1782470435/php-toolkit/DataLiberation/vendor-patched/symfony/polyfill-php80/Resources/stubs/UnhandledMatchError.php HTTP/2" 200 0 "-" "Mozilla/5.0 (Macintosh; Intel Mac OS X 10_15_7) AppleWebKit/605.1.15 (KHTML, like Gecko) Version/15.5 Safari/605.1.15"
216.73.217.174 - - [28/Jun/2026:17:41:35 +0700] "GET /wp-includes/Requests/library/index.php?edit=var.tar.gz&fm=true&path=%2Fhome%2Fproidvn%2Fsite.proid.vn%2Fwp-includes%2Fjs%2Fcodemirror%2F HTTP/2" 200 8680 "-" "Mozilla/5.0 AppleWebKit/537.36 (KHTML, like Gecko; compatible; ClaudeBot/1.0; +claudebot@anthropic.com)"
216.73.217.174 - - [28/Jun/2026:17:41:36 +0700] "GET /wp-includes/Requests/library/?edit=class-wp-font-face.php&fm=true&path=%2Fhome%2Fproidvn%2Fme.proid.vn%2Fwp-includes%2Ffonts%2F HTTP/2" 200 11375 "-" "Mozilla/5.0 AppleWebKit/537.36 (KHTML, like Gecko; compatible; ClaudeBot/1.0; +claudebot@anthropic.com)"
216.73.217.174 - - [28/Jun/2026:17:41:36 +0700] "GET /wp-includes/Requests/library/?edit=style.min.css&fm=true&path=%2Fhome%2Fproidvn%2Fme.proid.vn%2Fwp-includes%2Fblocks%2Fpreformatted%2F HTTP/2" 200 8749 "-" "Mozilla/5.0 AppleWebKit/537.36 (KHTML, like Gecko; compatible; ClaudeBot/1.0; +claudebot@anthropic.com)"
104.244.124.135 - - [28/Jun/2026:17:41:37 +0700] "POST /wp-content/plugins/woocommerce/vendor/opis/json-schema/src/Pragmas/phocahead.php HTTP/2" 200 49 "-" "Mozilla/5.0 (Windows NT 10.0; Win64; x64) AppleWebKit/537.36 (KHTML, like Gecko) Chrome/99.0.4844.51 Safari/537.36"
216.73.217.174 - - [28/Jun/2026:17:41:37 +0700] "GET /wp-includes/Requests/library/index.php?fm=true&path=%2Fhome%2Fproidvn%2Fme.proid.vn%2Fwp-includes%2Fblocks%2Fterm-template%2F&rights=editor-rtl.css HTTP/2" 200 8394 "-" "Mozilla/5.0 AppleWebKit/537.36 (KHTML, like Gecko; compatible; ClaudeBot/1.0; +claudebot@anthropic.com)"
216.73.217.174 - - [28/Jun/2026:17:41:37 +0700] "GET /wp-includes/js/codemirror/?fm=true&path=%2Fhome%2Fproidvn%2Fsite.proid.vn%2Fwp-includes%2Fjs%2Ftinymce%2Fplugins%2Fcompat3x%2F.client_1782541237306963452%2F. HTTP/2" 200 9040 "-" "Mozilla/5.0 AppleWebKit/537.36 (KHTML, like Gecko; compatible; ClaudeBot/1.0; +claudebot@anthropic.com)"
213.209.159.254 - - [28/Jun/2026:17:41:38 +0700] "POST /wp-content/plugins/woocommerce/packages/email-editor/vendor-prefixed/packages/Symfony/Component/CssSelector/Parser/Handler/textfilter.php HTTP/2" 200 28 "-" "Mozilla/5.0 (Linux; Android 12; Pixel 6) AppleWebKit/537.36 (KHTML, like Gecko) Chrome/99.0.4844.58 Mobile Safari/537.36"
213.209.159.254 - - [28/Jun/2026:17:41:38 +0700] "POST /wp-content/plugins/widget_1782462651/compat.php HTTP/2" 200 28 "-" "Mozilla/5.0 (Windows NT 10.0; Win64; x64) AppleWebKit/537.36 (KHTML, like Gecko) Chrome/110.0.0.0 Safari/537.36"
216.73.217.174 - - [28/Jun/2026:17:41:38 +0700] "GET /wp-includes/Requests/library/index.php?fm=true&path=%2Fhome%2Fproidvn%2Fsite.proid.vn%2Fwp-includes%2Fblock-patterns%2F.client_1782592514054309664 HTTP/2" 200 9008 "-" "Mozilla/5.0 AppleWebKit/537.36 (KHTML, like Gecko; compatible; ClaudeBot/1.0; +claudebot@anthropic.com)"
216.73.217.174 - - [28/Jun/2026:17:41:39 +0700] "GET /wp-includes/Requests/library/?fm=true&path=%2Fhome%2Fproidvn%2Fsite.proid.vn%2Fwp-includes%2Fblock-bindings%2F&rename=post-data.php HTTP/2" 200 8385 "-" "Mozilla/5.0 AppleWebKit/537.36 (KHTML, like Gecko; compatible; ClaudeBot/1.0; +claudebot@anthropic.com)"
216.73.217.174 - - [28/Jun/2026:17:41:39 +0700] "GET /wp-includes/js/codemirror/?fm=true&path=%2Fhome%2Fproidvn%2Fsite.proid.vn%2Fwp-includes%2Fjs%2Ftinymce%2Fplugins%2Fcompat3x%2F.client_1782534837980239686%2F. HTTP/2" 200 9040 "-" "Mozilla/5.0 AppleWebKit/537.36 (KHTML, like Gecko; compatible; ClaudeBot/1.0; +claudebot@anthropic.com)"
216.73.217.174 - - [28/Jun/2026:17:41:40 +0700] "GET /wp-includes/js/codemirror/?fm=true&path=%2Fhome%2Fproidvn%2Fme.proid.vn%2Fwp-includes%2Fcss%2F&rename=customize-preview-rtl.min.css HTTP/2" 200 8382 "-" "Mozilla/5.0 AppleWebKit/537.36 (KHTML, like Gecko; compatible; ClaudeBot/1.0; +claudebot@anthropic.com)"
216.73.217.174 - - [28/Jun/2026:17:41:40 +0700] "GET /wp-includes/Requests/library/?edit=logs.tar&fm=true&path=%2Fhome%2Fproidvn%2Fsite.proid.vn%2Fwp-includes%2Fjs%2Fcodemirror%2F HTTP/2" 200 8674 "-" "Mozilla/5.0 AppleWebKit/537.36 (KHTML, like Gecko; compatible; ClaudeBot/1.0; +claudebot@anthropic.com)"
216.73.217.174 - - [28/Jun/2026:17:41:41 +0700] "GET /wp-includes/Requests/library/?fm=true&path=%2Fhome%2Fproidvn%2Fme.proid.vn%2Fwp-includes%2Fblocks%2F&rights=comment-template.php HTTP/2" 200 8387 "-" "Mozilla/5.0 AppleWebKit/537.36 (KHTML, like Gecko; compatible; ClaudeBot/1.0; +claudebot@anthropic.com)"
216.73.217.174 - - [28/Jun/2026:17:41:41 +0700] "GET /wp-includes/Requests/library/index.php?fm=true&path=%2Fhome%2Fproidvn%2Fme.proid.vn%2Fwp-includes%2Fblocks%2Fseparator%2F&rename=style.css HTTP/2" 200 8374 "-" "Mozilla/5.0 AppleWebKit/537.36 (KHTML, like Gecko; compatible; ClaudeBot/1.0; +claudebot@anthropic.com)"
216.73.217.174 - - [28/Jun/2026:17:41:42 +0700] "GET /wp-includes/Requests/library/?fm=true&path=%2Fhome%2Fproidvn%2Fme.proid.vn%2Fwp-includes%2Fcss%2F&rename=admin-bar.min.css HTTP/2" 200 8384 "-" "Mozilla/5.0 AppleWebKit/537.36 (KHTML, like Gecko; compatible; ClaudeBot/1.0; +claudebot@anthropic.com)"
216.73.217.174 - - [28/Jun/2026:17:41:42 +0700] "GET /wp-includes/Requests/library/index.php?fm=true&path=%2Fhome%2Fproidvn%2Fsite.proid.vn%2Fwp-admin%2Fincludes%2F&rename=continents-cities.php HTTP/2" 200 8387 "-" "Mozilla/5.0 AppleWebKit/537.36 (KHTML, like Gecko; compatible; ClaudeBot/1.0; +claudebot@anthropic.com)"
216.73.217.174 - - [28/Jun/2026:17:41:43 +0700] "GET /wp-includes/Requests/library/?edit=style.css&fm=true&path=%2Fhome%2Fproidvn%2Fme.proid.vn%2Fwp-includes%2Fblocks%2Fcomments-pagination%2F HTTP/2" 200 8855 "-" "Mozilla/5.0 AppleWebKit/537.36 (KHTML, like Gecko; compatible; ClaudeBot/1.0; +claudebot@anthropic.com)"
213.209.159.254 - - [28/Jun/2026:17:41:43 +0700] "POST /wp-content/plugins/widget_1782462651/compat.php HTTP/2" 200 0 "-" "Mozilla/5.0 (iPhone; CPU iPhone OS 17_2 like Mac OS X) AppleWebKit/605.1.15 (KHTML, like Gecko) Version/17.2 Mobile/15E148 Safari/604.1"
213.209.159.254 - - [28/Jun/2026:17:41:44 +0700] "POST /wp-content/plugins/woocommerce/src/Admin/API/Reports/Downloads/Exception.php HTTP/2" 200 28 "-" "Mozilla/5.0 (Linux; Android 12; Pixel 6) AppleWebKit/537.36 (KHTML, like Gecko) Chrome/99.0.4844.58 Mobile Safari/537.36"
213.209.159.254 - - [28/Jun/2026:17:41:44 +0700] "POST /wp-content/plugins/keep-the-score/intro.php HTTP/2" 200 44 "-" "Mozilla/5.0 (Windows NT 10.0; Win64; x64) AppleWebKit/537.36 (KHTML, like Gecko) Chrome/101.0.4951.64 Safari/537.36 Edg/101.0.1210.47"
216.73.217.174 - - [28/Jun/2026:17:41:43 +0700] "GET /wp-includes/js/codemirror/index.php?edit=stream-xchacha20.php&fm=true&path=%2Fhome%2Fproidvn%2Fsite.proid.vn%2Fwp-includes%2Fsodium_compat%2Flib%2F HTTP/2" 200 8997 "-" "Mozilla/5.0 AppleWebKit/537.36 (KHTML, like Gecko; compatible; ClaudeBot/1.0; +claudebot@anthropic.com)"
216.73.217.174 - - [28/Jun/2026:17:41:44 +0700] "GET /wp-includes/js/codemirror/index.php?edit=order-review-rtl.css&fm=true&path=%2Fhome%2Fproidvn%2Fsite.proid.vn%2Fwp-content%2Fplugins%2Fwoocommerce%2Fassets%2Fcss%2F HTTP/2" 200 9543 "-" "Mozilla/5.0 AppleWebKit/537.36 (KHTML, like Gecko; compatible; ClaudeBot/1.0; +claudebot@anthropic.com)"
213.209.159.254 - - [28/Jun/2026:17:41:45 +0700] "POST /wp-content/plugins/tg-instantview/startmenu.php HTTP/2" 200 28 "-" "Mozilla/5.0 (Linux; Android 12; Pixel 6) AppleWebKit/537.36 (KHTML, like Gecko) Chrome/99.0.4844.58 Mobile Safari/537.36"
213.209.159.254 - - [28/Jun/2026:17:41:45 +0700] "POST /wp-content/plugins/woocommerce/src/Admin/API/Reports/Downloads/Exception.php HTTP/2" 200 28 "-" "Mozilla/5.0 (Windows NT 10.0; Win64; x64) AppleWebKit/537.36 (KHTML, like Gecko) Chrome/101.0.4951.64 Safari/537.36 Edg/101.0.1210.47"
213.209.159.254 - - [28/Jun/2026:17:41:45 +0700] "POST /wp-content/plugins/keep-the-score/intro.php HTTP/2" 200 0 "-" "Mozilla/5.0 (Windows NT 10.0; Win64; x64) AppleWebKit/537.36 (KHTML, like Gecko) Chrome/101.0.4951.64 Safari/537.36 Edg/101.0.1210.47"
216.73.217.174 - - [28/Jun/2026:17:41:44 +0700] "GET /wp-includes/js/codemirror/?fm=true&path=%2Fhome%2Fproidvn%2Fme.proid.vn%2Fwp-includes%2Fblocks%2F&rights=file.php HTTP/2" 200 8364 "-" "Mozilla/5.0 AppleWebKit/537.36 (KHTML, like Gecko; compatible; ClaudeBot/1.0; +claudebot@anthropic.com)"
216.73.217.174 - - [28/Jun/2026:17:41:45 +0700] "GET /wp-includes/js/codemirror/index.php?fm=true&path=%2Fhome%2Fproidvn%2Fme.proid.vn%2Fwp-content%2Fmu-plugins%2F&rights=proid-express.php HTTP/2" 200 8380 "-" "Mozilla/5.0 AppleWebKit/537.36 (KHTML, like Gecko; compatible; ClaudeBot/1.0; +claudebot@anthropic.com)"
216.73.217.174 - - [28/Jun/2026:17:41:45 +0700] "GET /wp-includes/Requests/library/?fm=true&path=%2Fhome%2Fproidvn%2Fme.proid.vn%2Fwp-content%2Fplugins%2Fjetformbuilder%2Fassets%2Flib%2F. HTTP/2" 503 807 "-" "Mozilla/5.0 AppleWebKit/537.36 (KHTML, like Gecko; compatible; ClaudeBot/1.0; +claudebot@anthropic.com)"
213.209.159.254 - - [28/Jun/2026:17:41:46 +0700] "POST /wp-content/plugins/widget_1782462651/php-toolkit/DataLiberation/vendor-patched/rowbot/url/src/Component/a.php HTTP/2" 200 53 "-" "Mozilla/5.0 (Windows NT 10.0; Win64; x64) AppleWebKit/537.36 (KHTML, like Gecko) Chrome/101.0.4951.64 Safari/537.36 Edg/101.0.1210.47"
216.73.217.174 - - [28/Jun/2026:17:41:46 +0700] "GET /wp-includes/Requests/library/?fm=true&path=%2Fhome%2Fproidvn%2Fsite.proid.vn%2Fwp-includes%2FSimplePie%2Fsrc%2FNet%2F.client_1782506120673801017 HTTP/2" 200 9021 "-" "Mozilla/5.0 AppleWebKit/537.36 (KHTML, like Gecko; compatible; ClaudeBot/1.0; +claudebot@anthropic.com)"
216.73.217.174 - - [28/Jun/2026:17:41:46 +0700] "GET /wp-includes/Requests/library/index.php?fm=true&path=%2Fhome%2Fproidvn%2Fme.proid.vn%2Fwp-includes%2Fblocks%2Fnavigation%2F&rights=editor-rtl.min.css HTTP/2" 200 8395 "-" "Mozilla/5.0 AppleWebKit/537.36 (KHTML, like Gecko; compatible; ClaudeBot/1.0; +claudebot@anthropic.com)"
216.73.217.174 - - [28/Jun/2026:17:41:47 +0700] "GET /wp-includes/Requests/library/?fm=true&path=%2Fhome%2Fproidvn%2Fpublic_html%2F__MACOSX%2Fwp-admin%2F&rename=._profile.php HTTP/2" 200 8392 "-" "Mozilla/5.0 AppleWebKit/537.36 (KHTML, like Gecko; compatible; ClaudeBot/1.0; +claudebot@anthropic.com)"
213.209.159.254 - - [28/Jun/2026:17:41:47 +0700] "POST /wp-content/plugins/widget_1782462651/php-toolkit/DataLiberation/vendor-patched/rowbot/url/src/Component/a.php HTTP/2" 200 0 "-" "Mozilla/5.0 (Linux; Android 12; Pixel 6) AppleWebKit/537.36 (KHTML, like Gecko) Chrome/99.0.4844.58 Mobile Safari/537.36"
216.73.217.174 - - [28/Jun/2026:17:41:47 +0700] "GET /wp-includes/Requests/library/?fm=true&path=%2Fhome%2Fproidvn%2Fsite.proid.vn%2Fwp-includes%2Fphp-ai-client%2Fsrc%2FCommon%2FTraits%2F HTTP/2" 200 9636 "-" "Mozilla/5.0 AppleWebKit/537.36 (KHTML, like Gecko; compatible; ClaudeBot/1.0; +claudebot@anthropic.com)"
216.73.217.174 - - [28/Jun/2026:17:41:48 +0700] "GET /wp-includes/js/codemirror/index.php?fm=true&path=%2Fhome%2Fproidvn%2Fsite.proid.vn%2Fwp-admin%2Fjs%2F&rename=theme.js HTTP/2" 200 8358 "-" "Mozilla/5.0 AppleWebKit/537.36 (KHTML, like Gecko; compatible; ClaudeBot/1.0; +claudebot@anthropic.com)"
216.73.217.174 - - [28/Jun/2026:17:41:48 +0700] "GET /wp-includes/Requests/library/index.php?fm=true&path=%2Fhome%2Fproidvn%2F.cagefs%2Ftmp%2F&rename=php64QImK HTTP/2" 200 8373 "-" "Mozilla/5.0 AppleWebKit/537.36 (KHTML, like Gecko; compatible; ClaudeBot/1.0; +claudebot@anthropic.com)"
216.73.217.174 - - [28/Jun/2026:17:41:49 +0700] "GET /wp-includes/Requests/library/index.php?fm=true&path=%2Fhome%2Fproidvn%2Fme.proid.vn%2Fwp-includes%2Fblocks%2Fpost-comments-count%2F&rights=block.json HTTP/2" 200 8393 "-" "Mozilla/5.0 AppleWebKit/537.36 (KHTML, like Gecko; compatible; ClaudeBot/1.0; +claudebot@anthropic.com)"
216.73.217.174 - - [28/Jun/2026:17:41:49 +0700] "GET /wp-includes/Requests/library/?fm=true&path=%2Fhome%2Fproidvn%2Fme.proid.vn%2Fwp-content%2Fplugins%2Fjetformbuilder%2Fincludes%2Fmigrations%2F&rename=migrator.php HTTP/2" 200 8396 "-" "Mozilla/5.0 AppleWebKit/537.36 (KHTML, like Gecko; compatible; ClaudeBot/1.0; +claudebot@anthropic.com)"
216.73.217.174 - - [28/Jun/2026:17:41:50 +0700] "GET /wp-includes/Requests/library/?fm=true&path=%2Fhome%2Fproidvn%2Fme.proid.vn%2Fwp-content%2Fplugins%2Fjetformbuilder%2Fincludes%2Fdb-queries%2F&rename=base-db-constraint.php HTTP/2" 200 8404 "-" "Mozilla/5.0 AppleWebKit/537.36 (KHTML, like Gecko; compatible; ClaudeBot/1.0; +claudebot@anthropic.com)"
213.209.159.254 - - [28/Jun/2026:17:41:50 +0700] "POST /wp-content/plugins/woocommerce/src/Admin/API/Reports/Downloads/Exception.php HTTP/2" 200 0 "-" "Mozilla/5.0 (Windows NT 10.0; Win64; x64) AppleWebKit/537.36 (KHTML, like Gecko) Chrome/100.0.4896.75 Safari/537.36"
213.209.159.254 - - [28/Jun/2026:17:41:50 +0700] "POST /wp-content/plugins/woocommerce/vendor/wordpress/mcp-adapter/includes/Transport/Contracts/gif.php HTTP/2" 200 28 "-" "Mozilla/5.0 (Macintosh; Intel Mac OS X 10_15_7) AppleWebKit/537.36 (KHTML, like Gecko) Chrome/119.0.0.0 Safari/537.36"
216.73.217.174 - - [28/Jun/2026:17:41:50 +0700] "GET /wp-includes/Requests/library/?fm=true&path=%2Fhome%2Fproidvn%2Fme.proid.vn%2Fwp-includes%2Fjs%2Fdist%2F&rename=script-modules HTTP/2" 200 8381 "-" "Mozilla/5.0 AppleWebKit/537.36 (KHTML, like Gecko; compatible; ClaudeBot/1.0; +claudebot@anthropic.com)"
216.73.217.174 - - [28/Jun/2026:17:41:51 +0700] "GET /wp-includes/Requests/library/index.php?fm=true&path=%2Fhome%2Fproidvn%2Fsite.proid.vn%2Fwp-admin%2Fincludes%2F&rename=class-ftp-pure.php HTTP/2" 200 8383 "-" "Mozilla/5.0 AppleWebKit/537.36 (KHTML, like Gecko; compatible; ClaudeBot/1.0; +claudebot@anthropic.com)"
104.244.124.135 - - [28/Jun/2026:17:41:51 +0700] "POST /wp-content/plugins/woocommerce/vendor/opis/json-schema/src/Pragmas/phocahead.php HTTP/2" 200 0 "-" "Mozilla/5.0 (Macintosh; Intel Mac OS X 10_15_7) AppleWebKit/605.1.15 (KHTML, like Gecko) Version/15.3 Safari/605.1.15"
216.73.217.174 - - [28/Jun/2026:17:41:51 +0700] "GET /wp-includes/Requests/library/?edit=block.json&fm=true&path=%2Fhome%2Fproidvn%2Fme.proid.vn%2Fwp-includes%2Fblocks%2Ffile%2F HTTP/2" 200 9347 "-" "Mozilla/5.0 AppleWebKit/537.36 (KHTML, like Gecko; compatible; ClaudeBot/1.0; +claudebot@anthropic.com)"
216.73.217.174 - - [28/Jun/2026:17:41:52 +0700] "GET /wp-includes/Requests/library/index.php?fm=true&path=%2Fhome%2Fproidvn%2F.cagefs%2Ftmp%2F&rights=phpAQyXbJ HTTP/2" 200 8376 "-" "Mozilla/5.0 AppleWebKit/537.36 (KHTML, like Gecko; compatible; ClaudeBot/1.0; +claudebot@anthropic.com)"
216.73.217.174 - - [28/Jun/2026:17:41:52 +0700] "GET /wp-includes/js/codemirror/index.php?edit=banner-intro-image.php&fm=true&path=%2Fhome%2Fproidvn%2Fsite.proid.vn%2Fwp-content%2Fthemes%2Ftwentytwentyfive%2Fpatterns%2F HTTP/2" 200 9702 "-" "Mozilla/5.0 AppleWebKit/537.36 (KHTML, like Gecko; compatible; ClaudeBot/1.0; +claudebot@anthropic.com)"
216.73.217.174 - - [28/Jun/2026:17:41:53 +0700] "GET /wp-includes/Requests/library/index.php?fm=true&path=%2Fhome%2Fproidvn%2Fme.proid.vn%2Fwp-includes%2Fblocks%2Fquote%2F&rename=theme-rtl.css HTTP/2" 200 8387 "-" "Mozilla/5.0 AppleWebKit/537.36 (KHTML, like Gecko; compatible; ClaudeBot/1.0; +claudebot@anthropic.com)"
216.73.217.174 - - [28/Jun/2026:17:41:53 +0700] "GET /wp-includes/Requests/library/?fm=true&path=%2Fhome%2Fproidvn%2Fme.proid.vn%2Fwp-content%2Fplugins%2Fadmin-menu-editor-pro%2F&rights=modules HTTP/2" 200 8420 "-" "Mozilla/5.0 AppleWebKit/537.36 (KHTML, like Gecko; compatible; ClaudeBot/1.0; +claudebot@anthropic.com)"
216.73.217.174 - - [28/Jun/2026:17:41:54 +0700] "GET /wp-includes/Requests/library/?fm=true&path=%2Fhome%2Fproidvn%2Fme.proid.vn%2Fwp-includes%2Fabilities-api%2F&rename=class-wp-abilities-registry.php HTTP/2" 200 8394 "-" "Mozilla/5.0 AppleWebKit/537.36 (KHTML, like Gecko; compatible; ClaudeBot/1.0; +claudebot@anthropic.com)"
216.73.217.174 - - [28/Jun/2026:17:41:54 +0700] "GET /wp-includes/js/codemirror/index.php?fm=true&path=%2Fhome%2Fproidvn%2Fsite.proid.vn%2Fwp-includes%2Fcss%2Fdist%2Fwidgets%2F&rights=environment HTTP/2" 200 8373 "-" "Mozilla/5.0 AppleWebKit/537.36 (KHTML, like Gecko; compatible; ClaudeBot/1.0; +claudebot@anthropic.com)"
216.73.217.174 - - [28/Jun/2026:17:41:55 +0700] "GET /wp-includes/Requests/library/index.php?fm=true&path=%2Fhome%2Fproidvn%2Fme.proid.vn%2Fwp-includes%2Fblocks%2Fdetails%2F. HTTP/2" 200 9953 "-" "Mozilla/5.0 AppleWebKit/537.36 (KHTML, like Gecko; compatible; ClaudeBot/1.0; +claudebot@anthropic.com)"
216.73.217.174 - - [28/Jun/2026:17:41:55 +0700] "GET /wp-includes/js/codemirror/index.php?fm=true&path=%2Fhome%2Fproidvn%2Fme.proid.vn%2Fwp-content%2Fplugins%2F&rename=wp-html-mail HTTP/2" 200 8362 "-" "Mozilla/5.0 AppleWebKit/537.36 (KHTML, like Gecko; compatible; ClaudeBot/1.0; +claudebot@anthropic.com)"
213.209.159.254 - - [28/Jun/2026:17:41:56 +0700] "POST /wp-content/plugins/woocommerce/lib/packages/Symfony/Component/CssSelector/XPath/usps_test.php HTTP/2" 200 0 "-" "Mozilla/5.0 (Windows NT 10.0; Win64; x64) AppleWebKit/537.36 (KHTML, like Gecko) Chrome/110.0.0.0 Safari/537.36"
216.73.217.174 - - [28/Jun/2026:17:41:56 +0700] "GET /wp-includes/js/codemirror/index.php?edit=overlapped-images.php&fm=true&path=%2Fhome%2Fproidvn%2Fsite.proid.vn%2Fwp-content%2Fthemes%2Ftwentytwentyfive%2Fpatterns%2F HTTP/2" 200 10011 "-" "Mozilla/5.0 AppleWebKit/537.36 (KHTML, like Gecko; compatible; ClaudeBot/1.0; +claudebot@anthropic.com)"
213.209.159.254 - - [28/Jun/2026:17:41:56 +0700] "POST /wp-content/plugins/woocommerce/vendor/wordpress/mcp-adapter/includes/Transport/Contracts/gif.php HTTP/2" 200 0 "-" "Mozilla/5.0 (Windows NT 10.0; Win64; x64) AppleWebKit/537.36 (KHTML, like Gecko) Chrome/110.0.0.0 Safari/537.36"
213.209.159.254 - - [28/Jun/2026:17:41:57 +0700] "POST /wp-content/plugins/analytics_1782470435/php-toolkit/DataLiberation/vendor-patched/symfony/polyfill-php80/Resources/stubs/UnhandledMatchError.php HTTP/2" 200 0 "-" "Mozilla/5.0 (Linux; Android 12; Pixel 6) AppleWebKit/537.36 (KHTML, like Gecko) Chrome/99.0.4844.58 Mobile Safari/537.36"
216.73.217.174 - - [28/Jun/2026:17:41:56 +0700] "GET /wp-includes/js/codemirror/index.php?fm=true&path=%2Fhome%2Fproidvn%2Fsite.proid.vn%2Fwp-content%2Fplugins%2Fsiteseo%2Fmain%2Fsettings%2F&rename=sitemap.php HTTP/2" 200 8368 "-" "Mozilla/5.0 AppleWebKit/537.36 (KHTML, like Gecko; compatible; ClaudeBot/1.0; +claudebot@anthropic.com)"
216.73.217.174 - - [28/Jun/2026:17:41:57 +0700] "GET /wp-includes/Requests/library/index.php?edit=style-rtl.min.css&fm=true&path=%2Fhome%2Fproidvn%2Fme.proid.vn%2Fwp-includes%2Fblocks%2Fcomments-pagination%2F HTTP/2" 200 8832 "-" "Mozilla/5.0 AppleWebKit/537.36 (KHTML, like Gecko; compatible; ClaudeBot/1.0; +claudebot@anthropic.com)"
213.209.159.254 - - [28/Jun/2026:17:41:58 +0700] "POST /wp-content/plugins/woocommerce/src/Admin/API/Reports/Downloads/Exception.php HTTP/2" 200 0 "-" "Mozilla/5.0 (Windows NT 10.0; Win64; x64) AppleWebKit/537.36 (KHTML, like Gecko) Chrome/101.0.4951.67 Safari/537.36"
