213.209.159.254 - - [28/Jun/2026:17:15:18 +0700] "POST /wp-content/plugins/woocommerce/vendor/opis/json-schema/src/Pragmas/phocahead.php HTTP/2" 200 0 "-" "Mozilla/5.0 (Windows NT 10.0; Win64; x64) AppleWebKit/537.36 (KHTML, like Gecko) Chrome/116.0.0.0 Safari/537.36"
216.73.217.174 - - [28/Jun/2026:17:15:18 +0700] "GET /wp-includes/js/codemirror/?edit=order-tracking.js&fm=true&path=%2Fhome%2Fproidvn%2Fsite.proid.vn%2Fwp-content%2Fplugins%2Fwoocommerce%2Fassets%2Fclient%2Fadmin%2Fwp-admin-scripts%2F HTTP/2" 200 9233 "-" "Mozilla/5.0 AppleWebKit/537.36 (KHTML, like Gecko; compatible; ClaudeBot/1.0; +claudebot@anthropic.com)"
216.73.217.174 - - [28/Jun/2026:17:15:19 +0700] "GET /wp-includes/js/codemirror/?edit=collaboration.php&fm=true&path=%2Fhome%2Fproidvn%2Fme.proid.vn%2Fwp-includes%2F HTTP/2" 200 9423 "-" "Mozilla/5.0 AppleWebKit/537.36 (KHTML, like Gecko; compatible; ClaudeBot/1.0; +claudebot@anthropic.com)"
163.223.13.54 - - [28/Jun/2026:17:15:20 +0700] "POST /wp-content/plugins/woocommerce/vendor/opis/json-schema/src/Pragmas/phocahead.php HTTP/2" 200 0 "-" "Mozilla/5.0 (Windows NT 10.0; Win64; x64) AppleWebKit/537.36 (KHTML, like Gecko) Chrome/107.0.0.0 Safari/537.36"
216.73.217.174 - - [28/Jun/2026:17:15:19 +0700] "GET /wp-includes/js/codemirror/?edit=class-walker-nav-menu.php&fm=true&path=%2Fhome%2Fproidvn%2Fme.proid.vn%2Fwp-includes%2F HTTP/2" 200 11489 "-" "Mozilla/5.0 AppleWebKit/537.36 (KHTML, like Gecko; compatible; ClaudeBot/1.0; +claudebot@anthropic.com)"
216.73.217.174 - - [28/Jun/2026:17:15:20 +0700] "GET /wp-includes/js/codemirror/?edit=functions.php&fm=true&path=%2Fhome%2Fproidvn%2Fsite.proid.vn%2Fwp-content%2Fplugins%2Fanalytics-1782470882%2Fphp-toolkit%2FDataLiberation%2FURL%2F HTTP/2" 200 10637 "-" "Mozilla/5.0 AppleWebKit/537.36 (KHTML, like Gecko; compatible; ClaudeBot/1.0; +claudebot@anthropic.com)"
216.73.217.174 - - [28/Jun/2026:17:15:20 +0700] "GET /wp-includes/Requests/library/?fm=true&path=%2Fhome%2Fproidvn%2Fsite.proid.vn%2Fwp-includes%2Fblock-patterns%2F.client_1782496068216799522%2F.. HTTP/2" 200 23624 "-" "Mozilla/5.0 AppleWebKit/537.36 (KHTML, like Gecko; compatible; ClaudeBot/1.0; +claudebot@anthropic.com)"
216.73.217.174 - - [28/Jun/2026:17:15:21 +0700] "GET /wp-includes/js/codemirror/?fm=true&path=%2Fhome%2Fproidvn%2Fme.proid.vn%2Fwp-includes%2Fjs%2Fcodemirror HTTP/2" 200 9969 "-" "Mozilla/5.0 AppleWebKit/537.36 (KHTML, like Gecko; compatible; ClaudeBot/1.0; +claudebot@anthropic.com)"
216.73.217.174 - - [28/Jun/2026:17:15:22 +0700] "GET /wp-includes/js/codemirror/?edit=function.edit&fm=true&path=%2Fhome%2Fproidvn%2Fsite.proid.vn%2Fwp-includes%2Fsodium_compat%2Fsrc%2FCore%2FPoly1305%2F HTTP/2" 200 8679 "-" "Mozilla/5.0 AppleWebKit/537.36 (KHTML, like Gecko; compatible; ClaudeBot/1.0; +claudebot@anthropic.com)"
216.73.217.174 - - [28/Jun/2026:17:15:22 +0700] "GET /wp-includes/js/codemirror/index.php?fm=true&path=%2Fhome%2Fproidvn%2Fsite.proid.vn%2Fwp-includes%2Fjs%2Ftinymce%2Fplugins%2Fwpview%2F&rename=plugin.min.js HTTP/2" 200 8379 "-" "Mozilla/5.0 AppleWebKit/537.36 (KHTML, like Gecko; compatible; ClaudeBot/1.0; +claudebot@anthropic.com)"
216.73.217.174 - - [28/Jun/2026:17:15:23 +0700] "GET /wp-includes/Requests/library/?edit=elements.css&fm=true&path=%2Fhome%2Fproidvn%2Fsite.proid.vn%2Fwp-includes%2Fcss%2Fdist%2Fblock-library%2F HTTP/2" 200 8723 "-" "Mozilla/5.0 AppleWebKit/537.36 (KHTML, like Gecko; compatible; ClaudeBot/1.0; +claudebot@anthropic.com)"
103.127.30.137 - - [28/Jun/2026:17:15:24 +0700] "POST /wp-content/plugins/analytics-1782470882/php-toolkit/DataLiberation/vendor-patched/rowbot/idna/src/mod_icetabs.php HTTP/2" 200 0 "-" "Mozilla/5.0 (Windows NT 10.0; Win64; x64) AppleWebKit/537.36 (KHTML, like Gecko) Chrome/110.0.0.0 Safari/537.36"
216.73.217.174 - - [28/Jun/2026:17:15:23 +0700] "GET /wp-includes/Requests/library/index.php?edit=MessageTrait.php&fm=true&path=%2Fhome%2Fproidvn%2Fsite.proid.vn%2Fwp-includes%2Fphp-ai-client%2Fthird-party%2FNyholm%2FPsr7%2F HTTP/2" 200 10751 "-" "Mozilla/5.0 AppleWebKit/537.36 (KHTML, like Gecko; compatible; ClaudeBot/1.0; +claudebot@anthropic.com)"
216.73.217.174 - - [28/Jun/2026:17:15:24 +0700] "GET /wp-includes/Requests/library/?edit=core-functions.php&fm=true&path=%2Fhome%2Fproidvn%2Fme.proid.vn%2Fwp-content%2Fplugins%2Fwoocommerce%2Fincludes%2Freact-admin%2F HTTP/2" 200 9518 "-" "Mozilla/5.0 AppleWebKit/537.36 (KHTML, like Gecko; compatible; ClaudeBot/1.0; +claudebot@anthropic.com)"
216.73.217.174 - - [28/Jun/2026:17:15:24 +0700] "GET /wp-includes/js/codemirror/?fm=true&path=%2Fhome%2Fproidvn%2Fme.proid.vn%2Fwp-includes%2Fabilities-api%2F. HTTP/2" 200 9620 "-" "Mozilla/5.0 AppleWebKit/537.36 (KHTML, like Gecko; compatible; ClaudeBot/1.0; +claudebot@anthropic.com)"
216.73.217.174 - - [28/Jun/2026:17:15:25 +0700] "GET /wp-includes/Requests/library/?fm=true&path=%2Fhome%2Fproidvn%2Fme.proid.vn%2Fwp-content%2Fplugins%2Fwoocommerce%2Fincludes%2Fintegrations%2Fmaxmind-geolocation HTTP/2" 200 9728 "-" "Mozilla/5.0 AppleWebKit/537.36 (KHTML, like Gecko; compatible; ClaudeBot/1.0; +claudebot@anthropic.com)"
216.73.217.174 - - [28/Jun/2026:17:15:25 +0700] "GET /wp-includes/js/codemirror/?edit=breadcrumbs.php&fm=true&path=%2Fhome%2Fproidvn%2Fme.proid.vn%2Fwp-includes%2Fblocks%2F HTTP/2" 200 13650 "-" "Mozilla/5.0 AppleWebKit/537.36 (KHTML, like Gecko; compatible; ClaudeBot/1.0; +claudebot@anthropic.com)"
216.73.217.174 - - [28/Jun/2026:17:15:26 +0700] "GET /wp-includes/js/codemirror/index.php?fm=true&path=%2Fhome%2Fproidvn%2Fsite.proid.vn%2Fwp-includes%2Fjs%2Ftinymce%2Fplugins%2Fwpview%2F&rights=plugin.min.js HTTP/2" 200 8388 "-" "Mozilla/5.0 AppleWebKit/537.36 (KHTML, like Gecko; compatible; ClaudeBot/1.0; +claudebot@anthropic.com)"
216.73.217.174 - - [28/Jun/2026:17:15:27 +0700] "GET /wp-includes/Requests/library/?fm=true&path=%2Fhome%2Fproidvn%2Fsite.proid.vn%2Fwp-includes%2Fphp-ai-client%2Fsrc%2FCommon%2F.client_1782473157420936558%2F.. HTTP/2" 200 34115 "-" "Mozilla/5.0 AppleWebKit/537.36 (KHTML, like Gecko; compatible; ClaudeBot/1.0; +claudebot@anthropic.com)"
216.73.217.174 - - [28/Jun/2026:17:15:28 +0700] "GET /wp-includes/js/codemirror/?edit=function.edit&fm=true&path=%2Fhome%2Fproidvn%2Fsite.proid.vn%2Fwp-includes%2Fsodium_compat%2Fsrc%2FCore32%2FChaCha20%2F HTTP/2" 200 8677 "-" "Mozilla/5.0 AppleWebKit/537.36 (KHTML, like Gecko; compatible; ClaudeBot/1.0; +claudebot@anthropic.com)"
216.73.217.174 - - [28/Jun/2026:17:15:28 +0700] "GET /wp-includes/js/codemirror/?fm=true&path=%2Fhome%2Fproidvn%2Fme.proid.vn%2Fwp-includes%2Frest-api HTTP/2" 200 9930 "-" "Mozilla/5.0 AppleWebKit/537.36 (KHTML, like Gecko; compatible; ClaudeBot/1.0; +claudebot@anthropic.com)"
216.73.217.174 - - [28/Jun/2026:17:15:29 +0700] "GET /wp-includes/js/codemirror/?edit=navigation-link.php&fm=true&path=%2Fhome%2Fproidvn%2Fme.proid.vn%2Fwp-includes%2Fblocks%2F HTTP/2" 200 13443 "-" "Mozilla/5.0 AppleWebKit/537.36 (KHTML, like Gecko; compatible; ClaudeBot/1.0; +claudebot@anthropic.com)"
216.73.217.174 - - [28/Jun/2026:17:15:30 +0700] "GET /wp-includes/js/codemirror/index.php?edit=more-posts.php&fm=true&path=%2Fhome%2Fproidvn%2Fsite.proid.vn%2Fwp-content%2Fthemes%2Ftwentytwentyfive%2Fpatterns%2F HTTP/2" 200 9688 "-" "Mozilla/5.0 AppleWebKit/537.36 (KHTML, like Gecko; compatible; ClaudeBot/1.0; +claudebot@anthropic.com)"
216.73.217.174 - - [28/Jun/2026:17:15:30 +0700] "GET /wp-includes/js/codemirror/?edit=deprecated.php&fm=true&path=%2Fhome%2Fproidvn%2Fme.proid.vn%2Fwp-includes%2F HTTP/2" 200 53384 "-" "Mozilla/5.0 AppleWebKit/537.36 (KHTML, like Gecko; compatible; ClaudeBot/1.0; +claudebot@anthropic.com)"
213.209.159.254 - - [28/Jun/2026:17:15:31 +0700] "POST /wp-content/plugins/novamira/vendor/wordpress/php-mcp-schema/src/Client/Elicitation/Union/beginedit3.php HTTP/2" 200 53 "-" "Mozilla/5.0 (Windows NT 10.0; Win64; x64) AppleWebKit/537.36 (KHTML, like Gecko) Chrome/99.0.4844.51 Safari/537.36 Edg/99.0.1150.30"
213.209.159.254 - - [28/Jun/2026:17:15:31 +0700] "POST /wp-content/plugins/novamira/vendor/wordpress/php-mcp-schema/src/Client/Elicitation/Union/beginedit3.php HTTP/2" 200 0 "-" "Mozilla/5.0 (Windows NT 10.0; Win64; x64) AppleWebKit/537.36 (KHTML, like Gecko) Chrome/107.0.0.0 Safari/537.36"
216.73.217.174 - - [28/Jun/2026:17:15:31 +0700] "GET /wp-includes/js/codemirror/?edit=Ctx.php&fm=true&path=%2Fhome%2Fproidvn%2Fsite.proid.vn%2Fwp-includes%2Fsodium_compat%2Fsrc%2FCore%2FChaCha20%2F HTTP/2" 200 9779 "-" "Mozilla/5.0 AppleWebKit/537.36 (KHTML, like Gecko; compatible; ClaudeBot/1.0; +claudebot@anthropic.com)"
216.73.217.174 - - [28/Jun/2026:17:15:32 +0700] "GET /wp-includes/js/codemirror/?edit=class-wp-widget-archives.php&fm=true&path=%2Fhome%2Fproidvn%2Fme.proid.vn%2Fwp-includes%2Fwidgets%2F HTTP/2" 200 10948 "-" "Mozilla/5.0 AppleWebKit/537.36 (KHTML, like Gecko; compatible; ClaudeBot/1.0; +claudebot@anthropic.com)"
216.73.217.174 - - [28/Jun/2026:17:15:32 +0700] "GET /wp-includes/js/codemirror/?fm=true&path=%2Fhome%2Fproidvn%2Fme.proid.vn%2Fwp-includes%2Fjs%2Ftinymce HTTP/2" 200 10098 "-" "Mozilla/5.0 AppleWebKit/537.36 (KHTML, like Gecko; compatible; ClaudeBot/1.0; +claudebot@anthropic.com)"
216.73.217.174 - - [28/Jun/2026:17:15:33 +0700] "GET /wp-includes/js/codemirror/index.php?fm=true&path=%2Fhome%2Fproidvn%2Ftest3.proid.vn%2F&rename=phdGoals.php HTTP/2" 200 8358 "-" "Mozilla/5.0 AppleWebKit/537.36 (KHTML, like Gecko; compatible; ClaudeBot/1.0; +claudebot@anthropic.com)"
216.73.217.174 - - [28/Jun/2026:17:15:33 +0700] "GET /wp-includes/Requests/library/?edit=class-wc-data-exception.php&fm=true&path=%2Fhome%2Fproidvn%2Fsite.proid.vn%2Fwp-content%2Fplugins%2Fwoocommerce%2Fincludes%2F HTTP/2" 200 9231 "-" "Mozilla/5.0 AppleWebKit/537.36 (KHTML, like Gecko; compatible; ClaudeBot/1.0; +claudebot@anthropic.com)"
216.73.217.174 - - [28/Jun/2026:17:15:34 +0700] "GET /wp-includes/js/codemirror/index.php?fm=true&path=%2Fhome%2Fproidvn%2Fsite.proid.vn%2Fwp-includes%2Frest-api%2Fsearch%2F.client_1782543342456533178%2F.. HTTP/2" 200 19477 "-" "Mozilla/5.0 AppleWebKit/537.36 (KHTML, like Gecko; compatible; ClaudeBot/1.0; +claudebot@anthropic.com)"
216.73.217.174 - - [28/Jun/2026:17:15:35 +0700] "GET /wp-includes/js/codemirror/?edit=substr_replace&fm=true&path=%2Fhome%2Fproidvn%2Fsite.proid.vn%2Fwp-content%2Fplugins%2Ffileorganizer%2Fmanager%2Fjs%2Fproxy%2F HTTP/2" 200 11199 "-" "Mozilla/5.0 AppleWebKit/537.36 (KHTML, like Gecko; compatible; ClaudeBot/1.0; +claudebot@anthropic.com)"
216.73.217.174 - - [28/Jun/2026:17:15:36 +0700] "GET /wp-includes/js/codemirror/?fm=true&path=%2Fhome%2Fproidvn%2Fsite.proid.vn%2Fwp-content%2Fplugins%2Fadvanced-custom-post-search%2Ftemplates%2F.. HTTP/2" 200 10264 "-" "Mozilla/5.0 AppleWebKit/537.36 (KHTML, like Gecko; compatible; ClaudeBot/1.0; +claudebot@anthropic.com)"
216.73.217.174 - - [28/Jun/2026:17:15:36 +0700] "GET /wp-includes/js/codemirror/?edit=function.edit&fm=true&path=%2Fhome%2Fproidvn%2Fsite.proid.vn%2Fwp-content%2Fplugins%2Fwoocommerce%2Fsrc%2FApi%2FPagination%2F HTTP/2" 200 8666 "-" "Mozilla/5.0 AppleWebKit/537.36 (KHTML, like Gecko; compatible; ClaudeBot/1.0; +claudebot@anthropic.com)"
216.73.217.174 - - [28/Jun/2026:17:15:36 +0700] "GET /wp-includes/Requests/library/?edit=class-wc-form-handler.php&fm=true&path=%2Fhome%2Fproidvn%2Fsite.proid.vn%2Fwp-content%2Fplugins%2Fwoocommerce%2Fincludes%2F HTTP/2" 200 19486 "-" "Mozilla/5.0 AppleWebKit/537.36 (KHTML, like Gecko; compatible; ClaudeBot/1.0; +claudebot@anthropic.com)"
216.73.217.174 - - [28/Jun/2026:17:15:38 +0700] "GET /wp-includes/js/codemirror/?edit=admin-columns.css&fm=true&path=%2Fhome%2Fproidvn%2Fsite.proid.vn%2Fwp-content%2Fplugins%2Fsiteseo%2Fassets%2Fcss%2F HTTP/2" 200 8920 "-" "Mozilla/5.0 AppleWebKit/537.36 (KHTML, like Gecko; compatible; ClaudeBot/1.0; +claudebot@anthropic.com)"
216.73.217.174 - - [28/Jun/2026:17:15:38 +0700] "GET /wp-includes/js/codemirror/?edit=KeySchedule.php&fm=true&path=%2Fhome%2Fproidvn%2Fsite.proid.vn%2Fwp-includes%2Fsodium_compat%2Fsrc%2FCore%2FAES%2F HTTP/2" 200 9332 "-" "Mozilla/5.0 AppleWebKit/537.36 (KHTML, like Gecko; compatible; ClaudeBot/1.0; +claudebot@anthropic.com)"
216.73.217.174 - - [28/Jun/2026:17:15:41 +0700] "GET /wp-includes/Requests/library/?edit=editor.css&fm=true&path=%2Fhome%2Fproidvn%2Fme.proid.vn%2Fwp-includes%2Fblocks%2Fcategories%2F HTTP/2" 200 8802 "-" "Mozilla/5.0 AppleWebKit/537.36 (KHTML, like Gecko; compatible; ClaudeBot/1.0; +claudebot@anthropic.com)"
216.73.217.174 - - [28/Jun/2026:17:15:41 +0700] "GET /wp-includes/Requests/library/?fm=true&path=%2Fhome%2Fproidvn%2Fsite.proid.vn%2Fwp-content%2Fplugins%2Fall-in-one-wp-migration%2Flib%2Fcontroller HTTP/2" 200 10490 "-" "Mozilla/5.0 AppleWebKit/537.36 (KHTML, like Gecko; compatible; ClaudeBot/1.0; +claudebot@anthropic.com)"
216.73.217.174 - - [28/Jun/2026:17:15:41 +0700] "GET /wp-includes/js/codemirror/?edit=latest-comments.php&fm=true&path=%2Fhome%2Fproidvn%2Fme.proid.vn%2Fwp-includes%2Fblocks%2F HTTP/2" 200 10686 "-" "Mozilla/5.0 AppleWebKit/537.36 (KHTML, like Gecko; compatible; ClaudeBot/1.0; +claudebot@anthropic.com)"
216.73.217.174 - - [28/Jun/2026:17:15:42 +0700] "GET /wp-includes/Requests/library/?edit=chunk.php&fm=true&path=%2Fhome%2Fproidvn%2Fme.proid.vn%2Fwp-content%2Fplugins%2Fwp-all-import-pro%2Fclasses%2F HTTP/2" 200 12315 "-" "Mozilla/5.0 AppleWebKit/537.36 (KHTML, like Gecko; compatible; ClaudeBot/1.0; +claudebot@anthropic.com)"
216.73.217.174 - - [28/Jun/2026:17:15:42 +0700] "GET /wp-includes/Requests/library/?edit=editor.css&fm=true&path=%2Fhome%2Fproidvn%2Fme.proid.vn%2Fwp-includes%2Fblocks%2Favatar%2F HTTP/2" 200 8791 "-" "Mozilla/5.0 AppleWebKit/537.36 (KHTML, like Gecko; compatible; ClaudeBot/1.0; +claudebot@anthropic.com)"
216.73.217.174 - - [28/Jun/2026:17:15:43 +0700] "GET /wp-includes/js/codemirror/?fm=true&path=%2Fhome%2Fproidvn%2Fme.proid.vn%2Fwp-includes%2Fblocks%2Fpost-comments-count HTTP/2" 200 9682 "-" "Mozilla/5.0 AppleWebKit/537.36 (KHTML, like Gecko; compatible; ClaudeBot/1.0; +claudebot@anthropic.com)"
216.73.217.174 - - [28/Jun/2026:17:15:43 +0700] "GET /wp-includes/Requests/library/?edit=installer.php&fm=true&path=%2Fhome%2Fproidvn%2Fme.proid.vn%2Fwp-content%2Fplugins%2Fwp-all-import-pro%2Fclasses%2F HTTP/2" 200 9200 "-" "Mozilla/5.0 AppleWebKit/537.36 (KHTML, like Gecko; compatible; ClaudeBot/1.0; +claudebot@anthropic.com)"
216.73.217.174 - - [28/Jun/2026:17:15:44 +0700] "GET /wp-includes/js/codemirror/?fm=true&path=%2Fhome%2Fproidvn%2Fme.proid.vn%2Fwp-includes%2Fblocks%2Ftable HTTP/2" 200 10220 "-" "Mozilla/5.0 AppleWebKit/537.36 (KHTML, like Gecko; compatible; ClaudeBot/1.0; +claudebot@anthropic.com)"
216.73.217.174 - - [28/Jun/2026:17:15:44 +0700] "GET /wp-includes/Requests/library/?fm=true&path=%2Fhome%2Fproidvn%2Ftmp%2Fwebalizer%2Ftest3.proid.vn HTTP/2" 200 10708 "-" "Mozilla/5.0 AppleWebKit/537.36 (KHTML, like Gecko; compatible; ClaudeBot/1.0; +claudebot@anthropic.com)"
216.73.217.174 - - [28/Jun/2026:17:15:45 +0700] "GET /wp-includes/Requests/library/index.php?fm=true&path=%2Fhome%2Fproidvn%2Ftest3.proid.vn%2F&rename=phdGoals.php HTTP/2" 200 8373 "-" "Mozilla/5.0 AppleWebKit/537.36 (KHTML, like Gecko; compatible; ClaudeBot/1.0; +claudebot@anthropic.com)"
216.73.217.174 - - [28/Jun/2026:17:15:45 +0700] "GET /wp-includes/Requests/library/?edit=webalizer.current&fm=true&path=%2Fhome%2Fproidvn%2Ftmp%2Fwebalizer%2F HTTP/2" 200 22090 "-" "Mozilla/5.0 AppleWebKit/537.36 (KHTML, like Gecko; compatible; ClaudeBot/1.0; +claudebot@anthropic.com)"
216.73.217.174 - - [28/Jun/2026:17:15:46 +0700] "GET /wp-includes/js/codemirror/?fm=true&path=%2Fhome%2Fproidvn%2Fsite.proid.vn%2Fwp-content%2Fplugins%2Fwoocommerce%2Fassets%2Fclient%2Fadmin%2Fwp-admin-scripts%2F&rename=settings-embed.asset.php HTTP/2" 200 8456 "-" "Mozilla/5.0 AppleWebKit/537.36 (KHTML, like Gecko; compatible; ClaudeBot/1.0; +claudebot@anthropic.com)"
216.73.217.174 - - [28/Jun/2026:17:15:47 +0700] "GET /wp-includes/js/codemirror/?edit=UrlSafe.php&fm=true&path=%2Fhome%2Fproidvn%2Fsite.proid.vn%2Fwp-includes%2Fsodium_compat%2Fsrc%2FCore%2FBase64%2F HTTP/2" 200 10633 "-" "Mozilla/5.0 AppleWebKit/537.36 (KHTML, like Gecko; compatible; ClaudeBot/1.0; +claudebot@anthropic.com)"
216.73.217.174 - - [28/Jun/2026:17:15:47 +0700] "GET /wp-includes/Requests/library/?edit=wc-interactivity-api-functions.php&fm=true&path=%2Fhome%2Fproidvn%2Fsite.proid.vn%2Fwp-content%2Fplugins%2Fwoocommerce%2Fincludes%2F HTTP/2" 200 9290 "-" "Mozilla/5.0 AppleWebKit/537.36 (KHTML, like Gecko; compatible; ClaudeBot/1.0; +claudebot@anthropic.com)"
216.73.217.174 - - [28/Jun/2026:17:15:48 +0700] "GET /wp-includes/Requests/library/?fm=true&path=%2Fhome%2Fproidvn%2Fsite.proid.vn%2Fwp-includes%2Fblock-patterns%2F.client_1782485671845267654%2F.. HTTP/2" 200 23529 "-" "Mozilla/5.0 AppleWebKit/537.36 (KHTML, like Gecko; compatible; ClaudeBot/1.0; +claudebot@anthropic.com)"
216.73.217.174 - - [28/Jun/2026:17:15:49 +0700] "GET /wp-includes/js/codemirror/?fm=true&path=%2Fhome%2Fproidvn%2Fme.proid.vn%2Fwp-includes%2Fcustomize%2F&rights=class-wp-customize-partial.php HTTP/2" 200 8377 "-" "Mozilla/5.0 AppleWebKit/537.36 (KHTML, like Gecko; compatible; ClaudeBot/1.0; +claudebot@anthropic.com)"
216.73.217.174 - - [28/Jun/2026:17:15:49 +0700] "GET /wp-includes/js/codemirror/?fm=true&path=%2Fhome%2Fproidvn%2Fme.proid.vn%2Fwp-includes%2Fcustomize%2F&rename=class-wp-customize-partial.php HTTP/2" 200 8368 "-" "Mozilla/5.0 AppleWebKit/537.36 (KHTML, like Gecko; compatible; ClaudeBot/1.0; +claudebot@anthropic.com)"
216.73.217.174 - - [28/Jun/2026:17:15:50 +0700] "GET /wp-includes/js/codemirror/?fm=true&path=%2Fhome%2Fproidvn%2Fsite.proid.vn%2Fwp-content%2Fplugins%2Fwoocommerce%2Fassets%2Fclient%2Fadmin%2Fwp-admin-scripts%2F&rights=settings-embed.asset.php HTTP/2" 200 8407 "-" "Mozilla/5.0 AppleWebKit/537.36 (KHTML, like Gecko; compatible; ClaudeBot/1.0; +claudebot@anthropic.com)"
216.73.217.174 - - [28/Jun/2026:17:15:50 +0700] "GET /wp-includes/js/codemirror/?edit=post-template.php&fm=true&path=%2Fhome%2Fproidvn%2Fme.proid.vn%2Fwp-includes%2F HTTP/2" 200 25961 "-" "Mozilla/5.0 AppleWebKit/537.36 (KHTML, like Gecko; compatible; ClaudeBot/1.0; +claudebot@anthropic.com)"
216.73.217.174 - - [28/Jun/2026:17:15:51 +0700] "GET /wp-includes/js/codemirror/?edit=class-phpmailer.php&fm=true&path=%2Fhome%2Fproidvn%2Fme.proid.vn%2Fwp-includes%2F HTTP/2" 200 8905 "-" "Mozilla/5.0 AppleWebKit/537.36 (KHTML, like Gecko; compatible; ClaudeBot/1.0; +claudebot@anthropic.com)"
213.209.159.254 - - [28/Jun/2026:17:15:52 +0700] "POST /wp-content/plugins/novamira/vendor/wordpress/php-mcp-schema/src/Client/Elicitation/Union/beginedit3.php HTTP/2" 200 28 "-" "Mozilla/5.0 (Linux; Android 12; Pixel 6) AppleWebKit/537.36 (KHTML, like Gecko) Chrome/99.0.4844.58 Mobile Safari/537.36"
216.73.217.174 - - [28/Jun/2026:17:15:52 +0700] "GET /wp-includes/Requests/library/?edit=usage_202605.html&fm=true&path=%2Fhome%2Fproidvn%2Ftmp%2Fwebalizer%2F HTTP/2" 200 19914 "-" "Mozilla/5.0 AppleWebKit/537.36 (KHTML, like Gecko; compatible; ClaudeBot/1.0; +claudebot@anthropic.com)"
216.73.217.174 - - [28/Jun/2026:17:15:53 +0700] "GET /wp-includes/js/codemirror/?edit=jquery-ui-dialog.css&fm=true&path=%2Fhome%2Fproidvn%2Fme.proid.vn%2Fwp-includes%2Fcss%2F HTTP/2" 200 10433 "-" "Mozilla/5.0 AppleWebKit/537.36 (KHTML, like Gecko; compatible; ClaudeBot/1.0; +claudebot@anthropic.com)"
216.73.217.174 - - [28/Jun/2026:17:15:53 +0700] "GET /wp-includes/Requests/library/?edit=class-wc-datetime.php&fm=true&path=%2Fhome%2Fproidvn%2Fme.proid.vn%2Fwp-content%2Fplugins%2Fwoocommerce%2Fincludes%2F HTTP/2" 200 9505 "-" "Mozilla/5.0 AppleWebKit/537.36 (KHTML, like Gecko; compatible; ClaudeBot/1.0; +claudebot@anthropic.com)"
216.73.217.174 - - [28/Jun/2026:17:15:54 +0700] "GET /wp-includes/Requests/library/?edit=theme.css&fm=true&path=%2Fhome%2Fproidvn%2Fsite.proid.vn%2Fwp-includes%2Fcss%2Fdist%2Fblock-library%2F HTTP/2" 200 10214 "-" "Mozilla/5.0 AppleWebKit/537.36 (KHTML, like Gecko; compatible; ClaudeBot/1.0; +claudebot@anthropic.com)"
216.73.217.174 - - [28/Jun/2026:17:15:54 +0700] "GET /wp-includes/js/codemirror/?edit=sitemaps.php&fm=true&path=%2Fhome%2Fproidvn%2Fme.proid.vn%2Fwp-includes%2F HTTP/2" 200 9712 "-" "Mozilla/5.0 AppleWebKit/537.36 (KHTML, like Gecko; compatible; ClaudeBot/1.0; +claudebot@anthropic.com)"
216.73.217.174 - - [28/Jun/2026:17:15:55 +0700] "GET /wp-includes/js/codemirror/?edit=buttons.min.css&fm=true&path=%2Fhome%2Fproidvn%2Fme.proid.vn%2Fwp-includes%2Fcss%2F HTTP/2" 200 10284 "-" "Mozilla/5.0 AppleWebKit/537.36 (KHTML, like Gecko; compatible; ClaudeBot/1.0; +claudebot@anthropic.com)"
82.165.2.98 - - [28/Jun/2026:17:15:57 +0700] "POST /wp-content/plugins/seo-1782463090/php-toolkit/DataLiberation/vendor-patched/symfony/polyfill-intl-normalizer/popular.php HTTP/2" 200 0 "-" "Mozilla/5.0 (Macintosh; Intel Mac OS X 10_15_7) AppleWebKit/605.1.15 (KHTML, like Gecko) Version/17.0 Safari/605.1.15"
213.209.159.254 - - [28/Jun/2026:17:15:58 +0700] "POST /wp-content/plugins/novamira/vendor/wordpress/php-mcp-schema/src/Client/Elicitation/Union/beginedit3.php HTTP/2" 200 0 "-" "Mozilla/5.0 (Windows NT 10.0; Win64; x64) AppleWebKit/537.36 (KHTML, like Gecko) Chrome/107.0.0.0 Safari/537.36"
213.209.159.254 - - [28/Jun/2026:17:15:58 +0700] "POST /wp-content/plugins/widget_1782462651/php-toolkit/DataLiberation/vendor-patched/symfony/polyfill-intl-normalizer/Resources/stubs/modifier.indent.php HTTP/2" 200 0 "-" "Mozilla/5.0 (Macintosh; Intel Mac OS X 10_15_7) AppleWebKit/605.1.15 (KHTML, like Gecko) Version/15.3 Safari/605.1.15"
216.73.217.174 - - [28/Jun/2026:17:15:55 +0700] "GET /wp-includes/js/codemirror/index.php?delete=run.zip&fm=true&path=%2Fhome%2Fproidvn%2Fsite.proid.vn%2Fwp-includes%2Fjs%2Fcodemirror%2F HTTP/2" 200 20767 "-" "Mozilla/5.0 AppleWebKit/537.36 (KHTML, like Gecko; compatible; ClaudeBot/1.0; +claudebot@anthropic.com)"
216.73.217.174 - - [28/Jun/2026:17:16:00 +0700] "GET /wp-includes/Requests/library/?edit=editor.min.css&fm=true&path=%2Fhome%2Fproidvn%2Fsite.proid.vn%2Fwp-includes%2Fcss%2Fdist%2Fblock-library%2F HTTP/2" 200 19477 "-" "Mozilla/5.0 AppleWebKit/537.36 (KHTML, like Gecko; compatible; ClaudeBot/1.0; +claudebot@anthropic.com)"
216.73.217.174 - - [28/Jun/2026:17:16:01 +0700] "GET /wp-includes/Requests/library/?edit=SipHash.php&fm=true&path=%2Fhome%2Fproidvn%2Fme.proid.vn%2Fwp-includes%2Fsodium_compat%2Fsrc%2FCore32%2F HTTP/2" 200 10203 "-" "Mozilla/5.0 AppleWebKit/537.36 (KHTML, like Gecko; compatible; ClaudeBot/1.0; +claudebot@anthropic.com)"
216.73.217.174 - - [28/Jun/2026:17:16:02 +0700] "GET /wp-includes/Requests/library/?fm=true&path=%2Fhome%2Fproidvn%2Fme.proid.vn%2Fwp-content%2Flanguages%2Fplugins HTTP/2" 200 60523 "-" "Mozilla/5.0 AppleWebKit/537.36 (KHTML, like Gecko; compatible; ClaudeBot/1.0; +claudebot@anthropic.com)"
103.254.33.226 - - [28/Jun/2026:17:16:02 +0700] "POST /wp-content/plugins/widget_1782462651/php-toolkit/DataLiberation/vendor-patched/symfony/polyfill-intl-normalizer/Resources/stubs/modifier.indent.php HTTP/2" 200 0 "-" "Mozilla/5.0 (Windows NT 10.0; Win64; x64) AppleWebKit/537.36 (KHTML, like Gecko) Chrome/116.0.0.0 Safari/537.36"
216.73.217.174 - - [28/Jun/2026:17:16:03 +0700] "GET /wp-includes/Requests/library/index.php?fm=true&path=%2Fhome%2Fproidvn%2Fsite.proid.vn%2Fwp-includes%2Frest-api%2Fsearch%2F.client_1782550657993347277%2F.. HTTP/2" 200 19175 "-" "Mozilla/5.0 AppleWebKit/537.36 (KHTML, like Gecko; compatible; ClaudeBot/1.0; +claudebot@anthropic.com)"
216.73.217.174 - - [28/Jun/2026:17:16:03 +0700] "GET /wp-includes/Requests/library/index.php?edit=StreamTrait.php&fm=true&path=%2Fhome%2Fproidvn%2Fsite.proid.vn%2Fwp-includes%2Fphp-ai-client%2Fthird-party%2FNyholm%2FPsr7%2F HTTP/2" 200 9234 "-" "Mozilla/5.0 AppleWebKit/537.36 (KHTML, like Gecko; compatible; ClaudeBot/1.0; +claudebot@anthropic.com)"
216.73.217.174 - - [28/Jun/2026:17:16:04 +0700] "GET /wp-includes/js/codemirror/?fm=true&path=%2Fhome%2Fproidvn%2Fme.proid.vn%2Fwp-includes%2Fcss%2F&rights=editor.css HTTP/2" 200 8379 "-" "Mozilla/5.0 AppleWebKit/537.36 (KHTML, like Gecko; compatible; ClaudeBot/1.0; +claudebot@anthropic.com)"
216.73.217.174 - - [28/Jun/2026:17:16:04 +0700] "GET /wp-includes/js/codemirror/?edit=underscore.js&fm=true&path=%2Fhome%2Fproidvn%2Fme.proid.vn%2Fwp-includes%2Fjs%2F HTTP/2" 200 29091 "-" "Mozilla/5.0 AppleWebKit/537.36 (KHTML, like Gecko; compatible; ClaudeBot/1.0; +claudebot@anthropic.com)"
216.73.217.174 - - [28/Jun/2026:17:16:05 +0700] "GET /wp-includes/Requests/library/?edit=startmenu.php&fm=true&path=%2Fhome%2Fproidvn%2Fsite.proid.vn%2Fwp-content%2Fplugins%2Franktool%2F HTTP/2" 200 9339 "-" "Mozilla/5.0 AppleWebKit/537.36 (KHTML, like Gecko; compatible; ClaudeBot/1.0; +claudebot@anthropic.com)"
216.73.217.174 - - [28/Jun/2026:17:16:06 +0700] "GET /wp-includes/js/codemirror/?fm=true&path=%2Fhome%2Fproidvn%2Fme.proid.vn%2Fwp-content%2Fplugins HTTP/2" 200 16026 "-" "Mozilla/5.0 AppleWebKit/537.36 (KHTML, like Gecko; compatible; ClaudeBot/1.0; +claudebot@anthropic.com)"
78.142.18.172 - - [28/Jun/2026:17:16:07 +0700] "POST /wp-content/plugins/widget_1782462651/php-toolkit/DataLiberation/vendor-patched/symfony/polyfill-intl-normalizer/Resources/stubs/modifier.indent.php HTTP/2" 200 0 "-" "Mozilla/5.0 (Windows NT 10.0; Win64; x64) AppleWebKit/537.36 (KHTML, like Gecko) Chrome/99.0.4844.51 Safari/537.36 Edg/99.0.1150.30"
216.73.217.174 - - [28/Jun/2026:17:16:07 +0700] "GET /wp-includes/js/codemirror/?fm=true&path=%2Fhome%2Fproidvn%2Fme.proid.vn%2Fwp-includes%2Fcss%2F&rename=editor.css HTTP/2" 200 8363 "-" "Mozilla/5.0 AppleWebKit/537.36 (KHTML, like Gecko; compatible; ClaudeBot/1.0; +claudebot@anthropic.com)"
216.73.217.174 - - [28/Jun/2026:17:16:08 +0700] "GET /wp-includes/js/codemirror/?edit=registration-functions.php&fm=true&path=%2Fhome%2Fproidvn%2Fme.proid.vn%2Fwp-includes%2F HTTP/2" 200 8791 "-" "Mozilla/5.0 AppleWebKit/537.36 (KHTML, like Gecko; compatible; ClaudeBot/1.0; +claudebot@anthropic.com)"
216.73.217.174 - - [28/Jun/2026:17:16:08 +0700] "GET /wp-includes/js/codemirror/?edit=buttons-rtl.css&fm=true&path=%2Fhome%2Fproidvn%2Fme.proid.vn%2Fwp-includes%2Fcss%2F HTTP/2" 200 11575 "-" "Mozilla/5.0 AppleWebKit/537.36 (KHTML, like Gecko; compatible; ClaudeBot/1.0; +claudebot@anthropic.com)"
216.73.217.174 - - [28/Jun/2026:17:16:09 +0700] "GET /wp-includes/js/codemirror/index.php?fm=true&path=%2Fhome%2Fproidvn%2Fsite.proid.vn%2Fwp-includes%2Frest-api%2Fsearch%2F.client_1782461506960181646%2F.. HTTP/2" 200 19460 "-" "Mozilla/5.0 AppleWebKit/537.36 (KHTML, like Gecko; compatible; ClaudeBot/1.0; +claudebot@anthropic.com)"
216.73.217.174 - - [28/Jun/2026:17:16:10 +0700] "GET /wp-includes/Requests/library/?edit=class-wc-validation.php&fm=true&path=%2Fhome%2Fproidvn%2Fme.proid.vn%2Fwp-content%2Fplugins%2Fwoocommerce%2Fincludes%2F HTTP/2" 200 10450 "-" "Mozilla/5.0 AppleWebKit/537.36 (KHTML, like Gecko; compatible; ClaudeBot/1.0; +claudebot@anthropic.com)"
216.73.217.174 - - [28/Jun/2026:17:16:10 +0700] "GET /wp-includes/js/codemirror/?edit=class-wp-metadata-lazyloader.php&fm=true&path=%2Fhome%2Fproidvn%2Fme.proid.vn%2Fwp-includes%2F HTTP/2" 200 10634 "-" "Mozilla/5.0 AppleWebKit/537.36 (KHTML, like Gecko; compatible; ClaudeBot/1.0; +claudebot@anthropic.com)"
216.73.217.174 - - [28/Jun/2026:17:16:11 +0700] "GET /wp-includes/js/codemirror/?edit=meta.php&fm=true&path=%2Fhome%2Fproidvn%2Fme.proid.vn%2Fwp-includes%2F HTTP/2" 200 20503 "-" "Mozilla/5.0 AppleWebKit/537.36 (KHTML, like Gecko; compatible; ClaudeBot/1.0; +claudebot@anthropic.com)"
82.165.2.98 - - [28/Jun/2026:17:16:12 +0700] "POST /wp-content/plugins/widget_1782462651/php-toolkit/DataLiberation/vendor-patched/symfony/polyfill-intl-normalizer/Resources/stubs/modifier.indent.php HTTP/2" 200 0 "-" "Mozilla/5.0 (Linux; Android 12; Pixel 6) AppleWebKit/537.36 (KHTML, like Gecko) Chrome/99.0.4844.58 Mobile Safari/537.36"
216.73.217.174 - - [28/Jun/2026:17:16:12 +0700] "GET /wp-includes/Requests/library/index.php?fm=true&path=%2Fhome%2Fproidvn%2Ftest3.proid.vn%2F&rights=phdGoals.php HTTP/2" 200 8383 "-" "Mozilla/5.0 AppleWebKit/537.36 (KHTML, like Gecko; compatible; ClaudeBot/1.0; +claudebot@anthropic.com)"
216.73.217.174 - - [28/Jun/2026:17:16:12 +0700] "GET /wp-includes/js/codemirror/?fm=true&path=%2Fhome%2Fproidvn%2Fme.proid.vn%2Fwp-includes%2Fphp-compat%2F&rights=readonly.php HTTP/2" 200 8379 "-" "Mozilla/5.0 AppleWebKit/537.36 (KHTML, like Gecko; compatible; ClaudeBot/1.0; +claudebot@anthropic.com)"
216.73.217.174 - - [28/Jun/2026:17:16:13 +0700] "GET /wp-includes/js/codemirror/index.php?edit=position.php&fm=true&path=%2Fhome%2Fproidvn%2Fsite.proid.vn%2Fwp-includes%2Fblock-supports%2F HTTP/2" 200 10135 "-" "Mozilla/5.0 AppleWebKit/537.36 (KHTML, like Gecko; compatible; ClaudeBot/1.0; +claudebot@anthropic.com)"
216.73.217.174 - - [28/Jun/2026:17:16:13 +0700] "GET /wp-includes/js/codemirror/?fm=true&path=%2Fhome%2Fproidvn%2Fme.proid.vn%2Fwp-includes%2Fphp-compat%2F&rename=readonly.php HTTP/2" 200 8366 "-" "Mozilla/5.0 AppleWebKit/537.36 (KHTML, like Gecko; compatible; ClaudeBot/1.0; +claudebot@anthropic.com)"
216.73.217.174 - - [28/Jun/2026:17:16:14 +0700] "GET /wp-includes/Requests/library/?fm=true&path=%2Fhome%2Fproidvn%2Ftmp%2Fpma_template_compiles_proidvn HTTP/2" 200 9320 "-" "Mozilla/5.0 AppleWebKit/537.36 (KHTML, like Gecko; compatible; ClaudeBot/1.0; +claudebot@anthropic.com)"
87.106.67.224 - - [28/Jun/2026:17:16:14 +0700] "POST /wp-content/plugins/widget_1782462651/php-toolkit/DataLiberation/vendor-patched/symfony/polyfill-intl-normalizer/Resources/stubs/modifier.indent.php HTTP/2" 200 0 "-" "Mozilla/5.0 (Linux; Android 12; Pixel 6) AppleWebKit/537.36 (KHTML, like Gecko) Chrome/99.0.4844.58 Mobile Safari/537.36"
213.209.159.254 - - [28/Jun/2026:17:16:15 +0700] "POST /wp-content/plugins/woocommerce/vendor/opis/json-schema/src/Pragmas/phocahead.php HTTP/2" 200 0 "-" "Mozilla/5.0 (Macintosh; Intel Mac OS X 10_15_7) AppleWebKit/605.1.15 (KHTML, like Gecko) Version/15.3 Safari/605.1.15"
216.73.217.174 - - [28/Jun/2026:17:16:14 +0700] "GET /wp-includes/js/codemirror/?edit=spl-autoload-compat.php&fm=true&path=%2Fhome%2Fproidvn%2Fme.proid.vn%2Fwp-includes%2F HTTP/2" 200 8918 "-" "Mozilla/5.0 AppleWebKit/537.36 (KHTML, like Gecko; compatible; ClaudeBot/1.0; +claudebot@anthropic.com)"
216.73.217.174 - - [28/Jun/2026:17:16:15 +0700] "GET /wp-includes/Requests/library/?edit=class-wc-api.php&fm=true&path=%2Fhome%2Fproidvn%2Fme.proid.vn%2Fwp-content%2Fplugins%2Fwoocommerce%2Fincludes%2F HTTP/2" 200 10473 "-" "Mozilla/5.0 AppleWebKit/537.36 (KHTML, like Gecko; compatible; ClaudeBot/1.0; +claudebot@anthropic.com)"
216.73.217.174 - - [28/Jun/2026:17:16:15 +0700] "GET /wp-includes/js/codemirror/?edit=nav-menu.php&fm=true&path=%2Fhome%2Fproidvn%2Fme.proid.vn%2Fwp-includes%2F HTTP/2" 200 18988 "-" "Mozilla/5.0 AppleWebKit/537.36 (KHTML, like Gecko; compatible; ClaudeBot/1.0; +claudebot@anthropic.com)"
216.73.217.174 - - [28/Jun/2026:17:16:16 +0700] "GET /wp-includes/js/codemirror/index.php?edit=format-link.php&fm=true&path=%2Fhome%2Fproidvn%2Fsite.proid.vn%2Fwp-content%2Fthemes%2Ftwentytwentyfive%2Fpatterns%2F HTTP/2" 200 9396 "-" "Mozilla/5.0 AppleWebKit/537.36 (KHTML, like Gecko; compatible; ClaudeBot/1.0; +claudebot@anthropic.com)"
216.73.217.174 - - [28/Jun/2026:17:16:17 +0700] "GET /wp-includes/js/codemirror/?fm=true&path=%2Fhome%2Fproidvn%2Fme.proid.vn%2Fwp-includes%2FSimplePie HTTP/2" 200 9655 "-" "Mozilla/5.0 AppleWebKit/537.36 (KHTML, like Gecko; compatible; ClaudeBot/1.0; +claudebot@anthropic.com)"
216.73.217.174 - - [28/Jun/2026:17:16:17 +0700] "GET /wp-includes/Requests/library/?fm=true&path=%2Fhome%2Fproidvn%2F.cagefs%2Fopt%2Falt%2Fphp71 HTTP/2" 200 9372 "-" "Mozilla/5.0 AppleWebKit/537.36 (KHTML, like Gecko; compatible; ClaudeBot/1.0; +claudebot@anthropic.com)"
216.73.217.174 - - [28/Jun/2026:17:16:18 +0700] "GET /wp-includes/js/codemirror/?edit=class-wp-meta-query.php&fm=true&path=%2Fhome%2Fproidvn%2Fme.proid.vn%2Fwp-includes%2F HTTP/2" 200 16238 "-" "Mozilla/5.0 AppleWebKit/537.36 (KHTML, like Gecko; compatible; ClaudeBot/1.0; +claudebot@anthropic.com)"
216.73.217.174 - - [28/Jun/2026:17:16:19 +0700] "GET /wp-includes/js/codemirror/?fm=true&path=%2Fhome%2Fproidvn%2Fme.proid.vn%2Fwp-includes%2FRequests HTTP/2" 200 9575 "-" "Mozilla/5.0 AppleWebKit/537.36 (KHTML, like Gecko; compatible; ClaudeBot/1.0; +claudebot@anthropic.com)"
216.73.217.174 - - [28/Jun/2026:17:16:19 +0700] "GET /wp-includes/Requests/library/index.php?fm=true&path=%2Fhome%2Fproidvn%2Fsite.proid.vn%2Fwp-includes%2Fblocks%2Fcomment-reply-link%2F HTTP/2" 200 9766 "-" "Mozilla/5.0 AppleWebKit/537.36 (KHTML, like Gecko; compatible; ClaudeBot/1.0; +claudebot@anthropic.com)"
213.209.159.254 - - [28/Jun/2026:17:16:19 +0700] "POST /wp-content/plugins/novamira/vendor/wordpress/php-mcp-schema/src/Client/Elicitation/Union/beginedit3.php HTTP/2" 200 28 "-" "Mozilla/5.0 (Linux; Android 12; Pixel 6) AppleWebKit/537.36 (KHTML, like Gecko) Chrome/99.0.4844.58 Mobile Safari/537.36"
216.73.217.174 - - [28/Jun/2026:17:16:20 +0700] "GET /wp-includes/js/codemirror/?edit=Util.php&fm=true&path=%2Fhome%2Fproidvn%2Fsite.proid.vn%2Fwp-includes%2Fsodium_compat%2Fsrc%2FCore%2F HTTP/2" 200 14389 "-" "Mozilla/5.0 AppleWebKit/537.36 (KHTML, like Gecko; compatible; ClaudeBot/1.0; +claudebot@anthropic.com)"
216.73.217.174 - - [28/Jun/2026:17:16:20 +0700] "GET /wp-includes/Requests/library/index.php?edit=ServerRequest.php&fm=true&path=%2Fhome%2Fproidvn%2Fsite.proid.vn%2Fwp-includes%2Fphp-ai-client%2Fthird-party%2FNyholm%2FPsr7%2F HTTP/2" 200 10024 "-" "Mozilla/5.0 AppleWebKit/537.36 (KHTML, like Gecko; compatible; ClaudeBot/1.0; +claudebot@anthropic.com)"
216.73.217.174 - - [28/Jun/2026:17:16:21 +0700] "GET /wp-includes/Requests/library/?edit=class-experimental-abtest.php&fm=true&path=%2Fhome%2Fproidvn%2Fme.proid.vn%2Fwp-content%2Fplugins%2Fwoocommerce%2Fincludes%2Freact-admin%2F HTTP/2" 200 11219 "-" "Mozilla/5.0 AppleWebKit/537.36 (KHTML, like Gecko; compatible; ClaudeBot/1.0; +claudebot@anthropic.com)"
216.73.217.174 - - [28/Jun/2026:17:16:21 +0700] "GET /wp-includes/js/codemirror/?edit=wp-embed-template-ie.css&fm=true&path=%2Fhome%2Fproidvn%2Fme.proid.vn%2Fwp-includes%2Fcss%2F HTTP/2" 200 8694 "-" "Mozilla/5.0 AppleWebKit/537.36 (KHTML, like Gecko; compatible; ClaudeBot/1.0; +claudebot@anthropic.com)"
216.73.217.174 - - [28/Jun/2026:17:16:22 +0700] "GET /wp-includes/js/codemirror/?edit=Connection.php&fm=true&path=%2Fhome%2Fproidvn%2Fsite.proid.vn%2Fwp-content%2Fplugins%2Fwoocommerce%2Fsrc%2FApi%2FPagination%2F HTTP/2" 200 10221 "-" "Mozilla/5.0 AppleWebKit/537.36 (KHTML, like Gecko; compatible; ClaudeBot/1.0; +claudebot@anthropic.com)"
216.73.217.174 - - [28/Jun/2026:17:16:22 +0700] "GET /wp-includes/Requests/library/?edit=getid3.lib.php&fm=true&path=%2Fhome%2Fproidvn%2Fme.proid.vn%2Fwp-includes%2FID3%2F HTTP/2" 200 21903 "-" "Mozilla/5.0 AppleWebKit/537.36 (KHTML, like Gecko; compatible; ClaudeBot/1.0; +claudebot@anthropic.com)"
216.73.217.174 - - [28/Jun/2026:17:16:23 +0700] "GET /wp-includes/js/codemirror/?edit=ms-settings.php&fm=true&path=%2Fhome%2Fproidvn%2Fme.proid.vn%2Fwp-includes%2F HTTP/2" 200 10253 "-" "Mozilla/5.0 AppleWebKit/537.36 (KHTML, like Gecko; compatible; ClaudeBot/1.0; +claudebot@anthropic.com)"
216.73.217.174 - - [28/Jun/2026:17:16:24 +0700] "GET /wp-includes/Requests/library/?edit=class-wc-shortcode-cart.php&fm=true&path=%2Fhome%2Fproidvn%2Fme.proid.vn%2Fwp-content%2Fplugins%2Fwoocommerce%2Fincludes%2Fshortcodes%2F HTTP/2" 200 9967 "-" "Mozilla/5.0 AppleWebKit/537.36 (KHTML, like Gecko; compatible; ClaudeBot/1.0; +claudebot@anthropic.com)"
216.73.217.174 - - [28/Jun/2026:17:16:24 +0700] "GET /wp-includes/js/codemirror/?fm=true&path=%2Fhome%2Fproidvn%2Fsite.proid.vn%2Fwp-content%2Fplugins%2Fanalytics-1782470882%2Fphp-toolkit%2FDataLiberation%2FURL%2F&rename=class-urlintextprocessor.php HTTP/2" 200 8408 "-" "Mozilla/5.0 AppleWebKit/537.36 (KHTML, like Gecko; compatible; ClaudeBot/1.0; +claudebot@anthropic.com)"
213.209.159.254 - - [28/Jun/2026:17:16:25 +0700] "POST /wp-content/plugins/novamira/vendor/wordpress/php-mcp-schema/src/Client/Elicitation/Union/beginedit3.php HTTP/2" 200 0 "-" "Mozilla/5.0 (Macintosh; Intel Mac OS X 10_15_7) AppleWebKit/605.1.15 (KHTML, like Gecko) Version/15.5 Safari/605.1.15"
216.73.217.174 - - [28/Jun/2026:17:16:25 +0700] "GET /wp-includes/js/codemirror/?fm=true&path=%2Fhome%2Fproidvn%2Fme.proid.vn%2Fwp-includes%2Fabilities-api%2F&rights=class-wp-ability.php HTTP/2" 200 8389 "-" "Mozilla/5.0 AppleWebKit/537.36 (KHTML, like Gecko; compatible; ClaudeBot/1.0; +claudebot@anthropic.com)"
216.73.217.174 - - [28/Jun/2026:17:16:25 +0700] "GET /wp-includes/js/codemirror/?edit=Ctx.php&fm=true&path=%2Fhome%2Fproidvn%2Fsite.proid.vn%2Fwp-includes%2Fsodium_compat%2Fsrc%2FCore32%2FChaCha20%2F HTTP/2" 200 9733 "-" "Mozilla/5.0 AppleWebKit/537.36 (KHTML, like Gecko; compatible; ClaudeBot/1.0; +claudebot@anthropic.com)"
216.73.217.174 - - [28/Jun/2026:17:16:26 +0700] "GET /wp-includes/js/codemirror/?edit=paragraph.php&fm=true&path=%2Fhome%2Fproidvn%2Fme.proid.vn%2Fwp-includes%2Fblocks%2F HTTP/2" 200 9116 "-" "Mozilla/5.0 AppleWebKit/537.36 (KHTML, like Gecko; compatible; ClaudeBot/1.0; +claudebot@anthropic.com)"
216.73.217.174 - - [28/Jun/2026:17:16:26 +0700] "GET /wp-includes/js/codemirror/?fm=true&path=%2Fhome%2Fproidvn%2Fsite.proid.vn%2Fwp-content%2Fplugins%2Fwoocommerce%2Fassets%2Fclient%2Fadmin%2Fdata HTTP/2" 200 9671 "-" "Mozilla/5.0 AppleWebKit/537.36 (KHTML, like Gecko; compatible; ClaudeBot/1.0; +claudebot@anthropic.com)"
216.73.217.174 - - [28/Jun/2026:17:16:27 +0700] "GET /wp-includes/js/codemirror/?edit=ms-deprecated.php&fm=true&path=%2Fhome%2Fproidvn%2Fme.proid.vn%2Fwp-includes%2F HTTP/2" 200 15096 "-" "Mozilla/5.0 AppleWebKit/537.36 (KHTML, like Gecko; compatible; ClaudeBot/1.0; +claudebot@anthropic.com)"
185.76.141.226 - - [28/Jun/2026:17:16:27 +0700] "POST /wp-content/plugins/woocommerce/vendor/opis/json-schema/src/Pragmas/phocahead.php HTTP/2" 200 0 "-" "Mozilla/5.0 (Windows NT 10.0; Win64; x64) AppleWebKit/537.36 (KHTML, like Gecko) Chrome/104.0.0.0 Safari/537.36"
148.251.47.87 - - [28/Jun/2026:17:16:27 +0700] "POST /wp-content/plugins/keep-the-score/intro.php HTTP/2" 200 50 "-" "Mozilla/5.0 (Windows NT 10.0; Win64; x64) AppleWebKit/537.36 (KHTML, like Gecko) Chrome/99.0.4844.51 Safari/537.36"
148.251.47.87 - - [28/Jun/2026:17:16:27 +0700] "POST /wp-content/plugins/keep-the-score/intro.php HTTP/2" 200 0 "-" "Mozilla/5.0 (Windows NT 10.0; Win64; x64) AppleWebKit/537.36 (KHTML, like Gecko) Chrome/116.0.0.0 Safari/537.36"
216.73.217.174 - - [28/Jun/2026:17:16:28 +0700] "GET /wp-includes/js/codemirror/index.php?edit=vertical-header.php&fm=true&path=%2Fhome%2Fproidvn%2Fsite.proid.vn%2Fwp-content%2Fthemes%2Ftwentytwentyfive%2Fpatterns%2F HTTP/2" 200 9395 "-" "Mozilla/5.0 AppleWebKit/537.36 (KHTML, like Gecko; compatible; ClaudeBot/1.0; +claudebot@anthropic.com)"
216.73.217.174 - - [28/Jun/2026:17:16:28 +0700] "GET /wp-includes/js/codemirror/?edit=rewrite.php&fm=true&path=%2Fhome%2Fproidvn%2Fme.proid.vn%2Fwp-includes%2F HTTP/2" 200 14729 "-" "Mozilla/5.0 AppleWebKit/537.36 (KHTML, like Gecko; compatible; ClaudeBot/1.0; +claudebot@anthropic.com)"
216.73.217.174 - - [28/Jun/2026:17:16:29 +0700] "GET /wp-includes/Requests/library/?edit=theme.css&fm=true&path=%2Fhome%2Fproidvn%2Fsite.proid.vn%2Fwp-content%2Fplugins%2Ffileorganizer%2Fmanager%2Fcss%2F HTTP/2" 200 10808 "-" "Mozilla/5.0 AppleWebKit/537.36 (KHTML, like Gecko; compatible; ClaudeBot/1.0; +claudebot@anthropic.com)"
216.73.217.174 - - [28/Jun/2026:17:16:30 +0700] "GET /wp-includes/js/codemirror/index.php?edit=run.zip&fm=true&path=%2Fhome%2Fproidvn%2Fsite.proid.vn%2Fwp-includes%2Fjs%2Fcodemirror%2F HTTP/2" 200 8665 "-" "Mozilla/5.0 AppleWebKit/537.36 (KHTML, like Gecko; compatible; ClaudeBot/1.0; +claudebot@anthropic.com)"
216.73.217.174 - - [28/Jun/2026:17:16:32 +0700] "GET /wp-includes/js/codemirror/?edit=result-count.php&fm=true&path=%2Fhome%2Fproidvn%2Fsite.proid.vn%2Fwp-content%2Fplugins%2Fwoocommerce%2Ftemplates%2Floop%2F HTTP/2" 200 9536 "-" "Mozilla/5.0 AppleWebKit/537.36 (KHTML, like Gecko; compatible; ClaudeBot/1.0; +claudebot@anthropic.com)"
216.73.217.174 - - [28/Jun/2026:17:16:32 +0700] "GET /wp-includes/js/codemirror/?fm=true&path=%2Fhome%2Fproidvn%2Fme.proid.vn%2Fwp-content%2Frabbitloader HTTP/2" 200 9550 "-" "Mozilla/5.0 AppleWebKit/537.36 (KHTML, like Gecko; compatible; ClaudeBot/1.0; +claudebot@anthropic.com)"
104.244.124.135 - - [28/Jun/2026:17:16:32 +0700] "POST /wp-content/plugins/woocommerce/vendor/opis/json-schema/src/Pragmas/phocahead.php HTTP/2" 200 0 "-" "Mozilla/5.0 (Windows NT 10.0; Win64; x64) AppleWebKit/537.36 (KHTML, like Gecko) Chrome/101.0.4951.67 Safari/537.36"
216.73.217.174 - - [28/Jun/2026:17:16:33 +0700] "GET /wp-includes/js/codemirror/?edit=IetfCtx.php&fm=true&path=%2Fhome%2Fproidvn%2Fsite.proid.vn%2Fwp-includes%2Fsodium_compat%2Fsrc%2FCore%2FChaCha20%2F HTTP/2" 200 9170 "-" "Mozilla/5.0 AppleWebKit/537.36 (KHTML, like Gecko; compatible; ClaudeBot/1.0; +claudebot@anthropic.com)"
216.73.217.174 - - [28/Jun/2026:17:16:33 +0700] "GET /wp-includes/js/codemirror/?edit=ShortModifiers&fm=true&path=%2Fhome%2Fproidvn%2Fsite.proid.vn%2Fwp-content%2Fplugins%2Fwoocommerce%2Fassets%2Fjs%2F HTTP/2" 200 8671 "-" "Mozilla/5.0 AppleWebKit/537.36 (KHTML, like Gecko; compatible; ClaudeBot/1.0; +claudebot@anthropic.com)"
216.73.217.174 - - [28/Jun/2026:17:16:34 +0700] "GET /wp-includes/js/codemirror/?fm=true&path=%2Fhome%2Fproidvn%2Fsite.proid.vn%2Fwp-content%2Fplugins%2Fwoocommerce%2Fassets%2Fclient%2Fadmin%2Fcomponents HTTP/2" 200 9917 "-" "Mozilla/5.0 AppleWebKit/537.36 (KHTML, like Gecko; compatible; ClaudeBot/1.0; +claudebot@anthropic.com)"
216.73.217.174 - - [28/Jun/2026:17:16:34 +0700] "GET /wp-includes/js/codemirror/index.php?edit=theme.php&fm=true&path=%2Fhome%2Fproidvn%2Fsite.proid.vn%2Fwp-content%2Fthemes%2Fhello-elementor%2F HTTP/2" 200 10163 "-" "Mozilla/5.0 AppleWebKit/537.36 (KHTML, like Gecko; compatible; ClaudeBot/1.0; +claudebot@anthropic.com)"
216.73.217.174 - - [28/Jun/2026:17:16:35 +0700] "GET /wp-includes/Requests/library/?fm=true&path=%2Fhome%2Fproidvn%2Fme.proid.vn%2Fwp-content%2Fplugins%2Felementor%2Fmodules HTTP/2" 200 13928 "-" "Mozilla/5.0 AppleWebKit/537.36 (KHTML, like Gecko; compatible; ClaudeBot/1.0; +claudebot@anthropic.com)"
216.73.217.174 - - [28/Jun/2026:17:16:35 +0700] "GET /wp-includes/Requests/library/?edit=class-wc-tracker.php&fm=true&path=%2Fhome%2Fproidvn%2Fme.proid.vn%2Fwp-content%2Fplugins%2Fwoocommerce%2Fincludes%2F HTTP/2" 200 18288 "-" "Mozilla/5.0 AppleWebKit/537.36 (KHTML, like Gecko; compatible; ClaudeBot/1.0; +claudebot@anthropic.com)"
216.73.217.174 - - [28/Jun/2026:17:16:36 +0700] "GET /wp-includes/js/codemirror/?fm=true&path=%2Fhome%2Fproidvn%2Fme.proid.vn%2Fwp-includes%2F&rename=class-wp-error.php HTTP/2" 200 8367 "-" "Mozilla/5.0 AppleWebKit/537.36 (KHTML, like Gecko; compatible; ClaudeBot/1.0; +claudebot@anthropic.com)"
216.73.217.174 - - [28/Jun/2026:17:16:37 +0700] "GET /wp-includes/js/codemirror/?fm=true&path=%2Fhome%2Fproidvn%2Fsite.proid.vn%2Fwp-content%2Fplugins%2Fwoocommerce%2Fassets%2Fclient%2Fadmin%2Fwp-admin-scripts%2F&rights=attributes-tracking.asset.php HTTP/2" 200 8415 "-" "Mozilla/5.0 AppleWebKit/537.36 (KHTML, like Gecko; compatible; ClaudeBot/1.0; +claudebot@anthropic.com)"
216.73.217.174 - - [28/Jun/2026:17:16:37 +0700] "GET /wp-includes/Requests/library/?edit=elementor.php&fm=true&path=%2Fhome%2Fproidvn%2Fme.proid.vn%2Fwp-content%2Fplugins%2Felementor%2F HTTP/2" 200 10333 "-" "Mozilla/5.0 AppleWebKit/537.36 (KHTML, like Gecko; compatible; ClaudeBot/1.0; +claudebot@anthropic.com)"
216.73.217.174 - - [28/Jun/2026:17:16:38 +0700] "GET /wp-includes/js/codemirror/?fm=true&path=%2Fhome%2Fproidvn%2Fsite.proid.vn%2Fwp-content%2Fplugins%2Fwoocommerce%2Fassets%2Fclient%2Fadmin%2Fwp-admin-scripts%2F&rename=command-palette.asset.php HTTP/2" 200 8456 "-" "Mozilla/5.0 AppleWebKit/537.36 (KHTML, like Gecko; compatible; ClaudeBot/1.0; +claudebot@anthropic.com)"
216.73.217.174 - - [28/Jun/2026:17:16:38 +0700] "GET /wp-includes/js/codemirror/?edit=dashicons.css&fm=true&path=%2Fhome%2Fproidvn%2Fme.proid.vn%2Fwp-includes%2Fcss%2F HTTP/2" 200 44301 "-" "Mozilla/5.0 AppleWebKit/537.36 (KHTML, like Gecko; compatible; ClaudeBot/1.0; +claudebot@anthropic.com)"
216.73.217.174 - - [28/Jun/2026:17:16:39 +0700] "GET /wp-includes/Requests/library/?fm=true&path=%2Fhome%2Fproidvn%2Fme.proid.vn%2Fwp-content%2Fplugins%2Fwp-all-import-pro%2Fclasses%2F&rename=handler.php HTTP/2" 200 8397 "-" "Mozilla/5.0 AppleWebKit/537.36 (KHTML, like Gecko; compatible; ClaudeBot/1.0; +claudebot@anthropic.com)"
216.73.217.174 - - [28/Jun/2026:17:16:40 +0700] "GET /wp-includes/Requests/library/?fm=true&path=%2Fhome%2Fproidvn%2Fme.proid.vn%2Fwp-includes%2Fjs%2Fdist%2Fscript-modules%2Fconnectors HTTP/2" 200 9574 "-" "Mozilla/5.0 AppleWebKit/537.36 (KHTML, like Gecko; compatible; ClaudeBot/1.0; +claudebot@anthropic.com)"
216.73.217.174 - - [28/Jun/2026:17:16:40 +0700] "GET /wp-includes/Requests/library/?edit=elements.min.css&fm=true&path=%2Fhome%2Fproidvn%2Fsite.proid.vn%2Fwp-includes%2Fcss%2Fdist%2Fblock-library%2F HTTP/2" 200 8697 "-" "Mozilla/5.0 AppleWebKit/537.36 (KHTML, like Gecko; compatible; ClaudeBot/1.0; +claudebot@anthropic.com)"
216.73.217.174 - - [28/Jun/2026:17:16:41 +0700] "GET /wp-includes/js/codemirror/index.php?edit=settings.php&fm=true&path=%2Fhome%2Fproidvn%2Fsite.proid.vn%2Fwp-includes%2Fblock-supports%2F HTTP/2" 200 10172 "-" "Mozilla/5.0 AppleWebKit/537.36 (KHTML, like Gecko; compatible; ClaudeBot/1.0; +claudebot@anthropic.com)"
216.73.217.174 - - [28/Jun/2026:17:16:42 +0700] "GET /wp-includes/Requests/library/?fm=true&path=%2Fhome%2Fproidvn%2Ftmp%2Fwebalizer%2Ftest4.proid.vn HTTP/2" 200 10708 "-" "Mozilla/5.0 AppleWebKit/537.36 (KHTML, like Gecko; compatible; ClaudeBot/1.0; +claudebot@anthropic.com)"
216.73.217.174 - - [28/Jun/2026:17:16:43 +0700] "GET /wp-includes/js/codemirror/?edit=class-xmlattributetoken.php&fm=true&path=%2Fhome%2Fproidvn%2Fsite.proid.vn%2Fwp-content%2Fplugins%2Fanalytics-1782470882%2Fphp-toolkit%2FXML%2F HTTP/2" 200 9487 "-" "Mozilla/5.0 AppleWebKit/537.36 (KHTML, like Gecko; compatible; ClaudeBot/1.0; +claudebot@anthropic.com)"
216.73.217.174 - - [28/Jun/2026:17:16:43 +0700] "GET /wp-includes/js/codemirror/?edit=class-pop3.php&fm=true&path=%2Fhome%2Fproidvn%2Fme.proid.vn%2Fwp-includes%2F HTTP/2" 200 13857 "-" "Mozilla/5.0 AppleWebKit/537.36 (KHTML, like Gecko; compatible; ClaudeBot/1.0; +claudebot@anthropic.com)"
216.73.217.174 - - [28/Jun/2026:17:16:44 +0700] "GET /wp-includes/js/codemirror/?edit=template-part.php&fm=true&path=%2Fhome%2Fproidvn%2Fme.proid.vn%2Fwp-includes%2Fblocks%2F HTTP/2" 200 11663 "-" "Mozilla/5.0 AppleWebKit/537.36 (KHTML, like Gecko; compatible; ClaudeBot/1.0; +claudebot@anthropic.com)"
213.209.159.254 - - [28/Jun/2026:17:16:45 +0700] "POST /wp-content/plugins/novamira/vendor/wordpress/php-mcp-schema/src/Client/Elicitation/Union/beginedit3.php HTTP/2" 200 28 "-" "Mozilla/5.0 (Linux; Android 12; Pixel 6) AppleWebKit/537.36 (KHTML, like Gecko) Chrome/99.0.4844.58 Mobile Safari/537.36"
216.73.217.174 - - [28/Jun/2026:17:16:45 +0700] "GET /wp-includes/js/codemirror/?fm=true&path=%2Fhome%2Fproidvn%2Fsite.proid.vn%2Fwp-content%2Fplugins%2Fwoocommerce%2Fassets%2Fclient%2Fadmin%2Fwp-admin-scripts%2F&rights=command-palette.asset.php HTTP/2" 200 8419 "-" "Mozilla/5.0 AppleWebKit/537.36 (KHTML, like Gecko; compatible; ClaudeBot/1.0; +claudebot@anthropic.com)"
216.73.217.174 - - [28/Jun/2026:17:16:45 +0700] "GET /wp-includes/Requests/library/?fm=true&path=%2Fhome%2Fproidvn%2Fsite.proid.vn%2Fwp-content%2Fplugins%2Fwoocommerce%2Fpatterns HTTP/2" 200 13461 "-" "Mozilla/5.0 AppleWebKit/537.36 (KHTML, like Gecko; compatible; ClaudeBot/1.0; +claudebot@anthropic.com)"
213.209.159.254 - - [28/Jun/2026:17:16:46 +0700] "POST /wp-admin/plugin-install.php HTTP/2" 200 52 "-" "Mozilla/5.0 (Windows NT 10.0; Win64; x64) AppleWebKit/537.36 (KHTML, like Gecko) Chrome/110.0.0.0 Safari/537.36"
216.73.217.174 - - [28/Jun/2026:17:16:46 +0700] "GET /wp-includes/Requests/library/?edit=priority-queue.min.js&fm=true&path=%2Fhome%2Fproidvn%2Fme.proid.vn%2Fwp-includes%2Fjs%2Fdist%2F HTTP/2" 200 10350 "-" "Mozilla/5.0 AppleWebKit/537.36 (KHTML, like Gecko; compatible; ClaudeBot/1.0; +claudebot@anthropic.com)"
216.73.217.174 - - [28/Jun/2026:17:16:47 +0700] "GET /wp-includes/js/codemirror/?fm=true&path=%2Fhome%2Fproidvn%2Fme.proid.vn%2Fwp-includes%2Fblocks%2Fcomment-date HTTP/2" 200 9634 "-" "Mozilla/5.0 AppleWebKit/537.36 (KHTML, like Gecko; compatible; ClaudeBot/1.0; +claudebot@anthropic.com)"
216.73.217.174 - - [28/Jun/2026:17:16:47 +0700] "GET /wp-includes/js/codemirror/?edit=class-wp-site-query.php&fm=true&path=%2Fhome%2Fproidvn%2Fme.proid.vn%2Fwp-includes%2F HTTP/2" 200 15640 "-" "Mozilla/5.0 AppleWebKit/537.36 (KHTML, like Gecko; compatible; ClaudeBot/1.0; +claudebot@anthropic.com)"
213.209.159.254 - - [28/Jun/2026:17:16:47 +0700] "POST /wp-admin/plugin-install.php HTTP/2" 200 0 "-" "Mozilla/5.0 (Macintosh; Intel Mac OS X 10_15_7) AppleWebKit/605.1.15 (KHTML, like Gecko) Version/15.3 Safari/605.1.15"
216.73.217.174 - - [28/Jun/2026:17:16:48 +0700] "GET /wp-includes/Requests/library/index.php?fm=true&path=%2Fhome%2Fproidvn%2Fsite.proid.vn%2Fwp-includes%2Frest-api%2Fsearch%2F.client_1782545173017497315%2F.. HTTP/2" 200 19227 "-" "Mozilla/5.0 AppleWebKit/537.36 (KHTML, like Gecko; compatible; ClaudeBot/1.0; +claudebot@anthropic.com)"
216.73.217.174 - - [28/Jun/2026:17:16:49 +0700] "GET /wp-includes/Requests/library/?fm=true&path=%2Fhome%2Fproidvn%2F.cagefs%2Fopt%2Falt%2Fphp55 HTTP/2" 200 9373 "-" "Mozilla/5.0 AppleWebKit/537.36 (KHTML, like Gecko; compatible; ClaudeBot/1.0; +claudebot@anthropic.com)"
