File manager - Edit - /usr/local/apache/domlogs/proidvn/me.proid.vn
Back
74.7.227.30 - - [27/Jun/2026:16:37:42 +0700] "GET /103018436 HTTP/1.1" 503 807 "http://me.proid.vn/?sitemap626.xml" "Mozilla/5.0 AppleWebKit/537.36 (KHTML, like Gecko; compatible; GPTBot/1.4; +https://openai.com/gptbot)"
74.7.227.30 - - [27/Jun/2026:16:38:44 +0700] "GET /213027360 HTTP/1.1" 404 40683 "http://me.proid.vn/?sitemap626.xml" "Mozilla/5.0 AppleWebKit/537.36 (KHTML, like Gecko; compatible; GPTBot/1.4; +https://openai.com/gptbot)"
74.7.227.30 - - [27/Jun/2026:16:39:49 +0700] "GET /068016955 HTTP/1.1" 404 40683 "http://me.proid.vn/?sitemap320.xml" "Mozilla/5.0 AppleWebKit/537.36 (KHTML, like Gecko; compatible; GPTBot/1.4; +https://openai.com/gptbot)"
74.7.227.30 - - [27/Jun/2026:16:40:52 +0700] "GET /088044255 HTTP/1.1" 404 40683 "http://me.proid.vn/?sitemap626.xml" "Mozilla/5.0 AppleWebKit/537.36 (KHTML, like Gecko; compatible; GPTBot/1.4; +https://openai.com/gptbot)"
74.7.227.30 - - [27/Jun/2026:16:41:57 +0700] "GET /157016814 HTTP/1.1" 404 40683 "http://me.proid.vn/?sitemap626.xml" "Mozilla/5.0 AppleWebKit/537.36 (KHTML, like Gecko; compatible; GPTBot/1.4; +https://openai.com/gptbot)"
74.7.227.30 - - [27/Jun/2026:16:43:01 +0700] "GET /166006899 HTTP/1.1" 404 40683 "http://me.proid.vn/?sitemap320.xml" "Mozilla/5.0 AppleWebKit/537.36 (KHTML, like Gecko; compatible; GPTBot/1.4; +https://openai.com/gptbot)"
74.7.227.30 - - [27/Jun/2026:16:44:07 +0700] "GET /260047577 HTTP/1.1" 404 40683 "http://me.proid.vn/?sitemap267.xml" "Mozilla/5.0 AppleWebKit/537.36 (KHTML, like Gecko; compatible; GPTBot/1.4; +https://openai.com/gptbot)"
74.7.227.30 - - [27/Jun/2026:16:45:09 +0700] "GET /152044905 HTTP/1.1" 404 40683 "http://me.proid.vn/?sitemap267.xml" "Mozilla/5.0 AppleWebKit/537.36 (KHTML, like Gecko; compatible; GPTBot/1.4; +https://openai.com/gptbot)"
74.7.227.30 - - [27/Jun/2026:16:46:14 +0700] "GET /289021860 HTTP/1.1" 503 807 "http://me.proid.vn/?sitemap790.xml" "Mozilla/5.0 AppleWebKit/537.36 (KHTML, like Gecko; compatible; GPTBot/1.4; +https://openai.com/gptbot)"
74.7.227.30 - - [27/Jun/2026:16:47:18 +0700] "GET /227040654 HTTP/1.1" 404 40683 "http://me.proid.vn/?sitemap267.xml" "Mozilla/5.0 AppleWebKit/537.36 (KHTML, like Gecko; compatible; GPTBot/1.4; +https://openai.com/gptbot)"
171.251.237.153 - - [27/Jun/2026:16:47:54 +0700] "GET / HTTP/1.1" 301 0 "-" "Mozilla/5.0 (Windows NT 10.0; Win64; x64) AppleWebKit/537.36 (KHTML, like Gecko) Chrome/149.0.0.0 Safari/537.36 Edg/149.0.0.0"
74.7.227.30 - - [27/Jun/2026:16:48:23 +0700] "GET /092031275 HTTP/1.1" 503 807 "http://me.proid.vn/?sitemap267.xml" "Mozilla/5.0 AppleWebKit/537.36 (KHTML, like Gecko; compatible; GPTBot/1.4; +https://openai.com/gptbot)"
74.7.227.30 - - [27/Jun/2026:16:49:25 +0700] "GET /211031534 HTTP/1.1" 503 807 "http://me.proid.vn/?sitemap790.xml" "Mozilla/5.0 AppleWebKit/537.36 (KHTML, like Gecko; compatible; GPTBot/1.4; +https://openai.com/gptbot)"
74.7.227.30 - - [27/Jun/2026:16:50:27 +0700] "GET /199012232 HTTP/1.1" 404 40683 "http://me.proid.vn/?sitemap748.xml" "Mozilla/5.0 AppleWebKit/537.36 (KHTML, like Gecko; compatible; GPTBot/1.4; +https://openai.com/gptbot)"
74.7.227.30 - - [27/Jun/2026:16:51:33 +0700] "GET /273016326 HTTP/1.1" 404 40683 "http://me.proid.vn/?sitemap626.xml" "Mozilla/5.0 AppleWebKit/537.36 (KHTML, like Gecko; compatible; GPTBot/1.4; +https://openai.com/gptbot)"
74.7.227.30 - - [27/Jun/2026:16:52:38 +0700] "GET /049005082 HTTP/1.1" 404 40683 "http://me.proid.vn/?sitemap748.xml" "Mozilla/5.0 AppleWebKit/537.36 (KHTML, like Gecko; compatible; GPTBot/1.4; +https://openai.com/gptbot)"
74.7.227.30 - - [27/Jun/2026:16:53:42 +0700] "GET /161042118 HTTP/1.1" 404 40683 "http://me.proid.vn/?sitemap267.xml" "Mozilla/5.0 AppleWebKit/537.36 (KHTML, like Gecko; compatible; GPTBot/1.4; +https://openai.com/gptbot)"
74.7.227.30 - - [27/Jun/2026:16:54:44 +0700] "GET /084010713 HTTP/1.1" 404 40683 "http://me.proid.vn/?sitemap320.xml" "Mozilla/5.0 AppleWebKit/537.36 (KHTML, like Gecko; compatible; GPTBot/1.4; +https://openai.com/gptbot)"
74.7.227.30 - - [27/Jun/2026:16:55:48 +0700] "GET /109011524 HTTP/1.1" 404 40683 "http://me.proid.vn/?sitemap626.xml" "Mozilla/5.0 AppleWebKit/537.36 (KHTML, like Gecko; compatible; GPTBot/1.4; +https://openai.com/gptbot)"
74.7.227.30 - - [27/Jun/2026:16:56:50 +0700] "GET /219005350 HTTP/1.1" 404 40683 "http://me.proid.vn/?sitemap748.xml" "Mozilla/5.0 AppleWebKit/537.36 (KHTML, like Gecko; compatible; GPTBot/1.4; +https://openai.com/gptbot)"
207.46.13.17 - - [27/Jun/2026:16:57:25 +0700] "GET /?sitemap734.xml HTTP/1.1" 200 17 "-" "Mozilla/5.0 AppleWebKit/537.36 (KHTML, like Gecko; compatible; bingbot/2.0; +http://www.bing.com/bingbot.htm) Chrome/116.0.1938.76 Safari/537.36"
74.7.227.30 - - [27/Jun/2026:16:57:54 +0700] "GET /210032991 HTTP/1.1" 404 40683 "http://me.proid.vn/?sitemap320.xml" "Mozilla/5.0 AppleWebKit/537.36 (KHTML, like Gecko; compatible; GPTBot/1.4; +https://openai.com/gptbot)"
74.7.227.30 - - [27/Jun/2026:16:59:00 +0700] "GET /166015527 HTTP/1.1" 404 40683 "http://me.proid.vn/?sitemap790.xml" "Mozilla/5.0 AppleWebKit/537.36 (KHTML, like Gecko; compatible; GPTBot/1.4; +https://openai.com/gptbot)"
74.7.227.30 - - [27/Jun/2026:17:00:03 +0700] "GET /195021584 HTTP/1.1" 404 40683 "http://me.proid.vn/?sitemap267.xml" "Mozilla/5.0 AppleWebKit/537.36 (KHTML, like Gecko; compatible; GPTBot/1.4; +https://openai.com/gptbot)"
74.7.227.30 - - [27/Jun/2026:17:01:07 +0700] "GET /288033831 HTTP/1.1" 404 40683 "http://me.proid.vn/?sitemap267.xml" "Mozilla/5.0 AppleWebKit/537.36 (KHTML, like Gecko; compatible; GPTBot/1.4; +https://openai.com/gptbot)"
74.7.227.30 - - [27/Jun/2026:17:02:10 +0700] "GET /203010584 HTTP/1.1" 404 40683 "http://me.proid.vn/?sitemap748.xml" "Mozilla/5.0 AppleWebKit/537.36 (KHTML, like Gecko; compatible; GPTBot/1.4; +https://openai.com/gptbot)"
74.7.227.30 - - [27/Jun/2026:17:03:14 +0700] "GET /001048172 HTTP/1.1" 404 40683 "http://me.proid.vn/?sitemap320.xml" "Mozilla/5.0 AppleWebKit/537.36 (KHTML, like Gecko; compatible; GPTBot/1.4; +https://openai.com/gptbot)"
74.7.227.30 - - [27/Jun/2026:17:04:19 +0700] "GET /131024972 HTTP/1.1" 404 40683 "http://me.proid.vn/?sitemap790.xml" "Mozilla/5.0 AppleWebKit/537.36 (KHTML, like Gecko; compatible; GPTBot/1.4; +https://openai.com/gptbot)"
74.7.227.30 - - [27/Jun/2026:17:05:23 +0700] "GET /296039223 HTTP/1.1" 404 40683 "http://me.proid.vn/?sitemap790.xml" "Mozilla/5.0 AppleWebKit/537.36 (KHTML, like Gecko; compatible; GPTBot/1.4; +https://openai.com/gptbot)"
74.7.227.30 - - [27/Jun/2026:17:06:26 +0700] "GET /097041354 HTTP/1.1" 404 40683 "http://me.proid.vn/?sitemap748.xml" "Mozilla/5.0 AppleWebKit/537.36 (KHTML, like Gecko; compatible; GPTBot/1.4; +https://openai.com/gptbot)"
74.7.227.30 - - [27/Jun/2026:17:07:27 +0700] "GET /283007394 HTTP/1.1" 404 40683 "http://me.proid.vn/?sitemap320.xml" "Mozilla/5.0 AppleWebKit/537.36 (KHTML, like Gecko; compatible; GPTBot/1.4; +https://openai.com/gptbot)"
74.7.227.30 - - [27/Jun/2026:17:08:27 +0700] "GET /294004807 HTTP/1.1" 404 40683 "http://me.proid.vn/?sitemap320.xml" "Mozilla/5.0 AppleWebKit/537.36 (KHTML, like Gecko; compatible; GPTBot/1.4; +https://openai.com/gptbot)"
74.7.227.30 - - [27/Jun/2026:17:09:29 +0700] "GET /207026896 HTTP/1.1" 404 40683 "http://me.proid.vn/?sitemap790.xml" "Mozilla/5.0 AppleWebKit/537.36 (KHTML, like Gecko; compatible; GPTBot/1.4; +https://openai.com/gptbot)"
14.225.203.84 - - [27/Jun/2026:17:09:29 +0700] "POST /wp-cron.php?doing_wp_cron=1782554969.3585700988769531250000 HTTP/1.1" 200 0 "-" "WordPress/7.0; https://me.proid.vn"
74.7.227.30 - - [27/Jun/2026:17:10:30 +0700] "GET /170044383 HTTP/1.1" 404 40683 "http://me.proid.vn/?sitemap790.xml" "Mozilla/5.0 AppleWebKit/537.36 (KHTML, like Gecko; compatible; GPTBot/1.4; +https://openai.com/gptbot)"
74.7.227.30 - - [27/Jun/2026:17:11:32 +0700] "GET /140041943 HTTP/1.1" 404 40683 "http://me.proid.vn/?sitemap267.xml" "Mozilla/5.0 AppleWebKit/537.36 (KHTML, like Gecko; compatible; GPTBot/1.4; +https://openai.com/gptbot)"
74.7.227.30 - - [27/Jun/2026:17:12:33 +0700] "GET /187024804 HTTP/1.1" 404 40683 "http://me.proid.vn/?sitemap320.xml" "Mozilla/5.0 AppleWebKit/537.36 (KHTML, like Gecko; compatible; GPTBot/1.4; +https://openai.com/gptbot)"
74.7.227.30 - - [27/Jun/2026:17:13:39 +0700] "GET /297019590 HTTP/1.1" 404 40683 "http://me.proid.vn/?sitemap748.xml" "Mozilla/5.0 AppleWebKit/537.36 (KHTML, like Gecko; compatible; GPTBot/1.4; +https://openai.com/gptbot)"
216.244.66.226 - - [27/Jun/2026:17:13:40 +0700] "GET /robots.txt HTTP/1.1" 200 289 "-" "Mozilla/5.0 (compatible; DotBot/1.2; +https://opensiteexplorer.org/dotbot; help@moz.com)"
74.7.227.30 - - [27/Jun/2026:17:14:42 +0700] "GET /210046189 HTTP/1.1" 404 40683 "http://me.proid.vn/?sitemap748.xml" "Mozilla/5.0 AppleWebKit/537.36 (KHTML, like Gecko; compatible; GPTBot/1.4; +https://openai.com/gptbot)"
46.8.10.125 - - [27/Jun/2026:17:15:35 +0700] "GET /wp-login.php HTTP/1.1" 302 0 "-" "Mozilla/5.0 (Macintosh; Intel Mac OS X 10_12_6) AppleWebKit/603.3.8 (KHTML, like Gecko) Version/10.1.2 Safari/603.3.8"
74.7.227.30 - - [27/Jun/2026:17:15:48 +0700] "GET /092039007 HTTP/1.1" 404 40683 "http://me.proid.vn/?sitemap320.xml" "Mozilla/5.0 AppleWebKit/537.36 (KHTML, like Gecko; compatible; GPTBot/1.4; +https://openai.com/gptbot)"
216.244.66.226 - - [27/Jun/2026:17:16:27 +0700] "GET /?add-to-cart=395447 HTTP/1.1" 301 0 "-" "Mozilla/5.0 (compatible; DotBot/1.2; +https://opensiteexplorer.org/dotbot; help@moz.com)"
74.7.227.30 - - [27/Jun/2026:17:16:50 +0700] "GET /187011310 HTTP/1.1" 404 40683 "http://me.proid.vn/?sitemap748.xml" "Mozilla/5.0 AppleWebKit/537.36 (KHTML, like Gecko; compatible; GPTBot/1.4; +https://openai.com/gptbot)"
74.7.227.30 - - [27/Jun/2026:17:17:54 +0700] "GET /226030847 HTTP/1.1" 404 40683 "http://me.proid.vn/?sitemap320.xml" "Mozilla/5.0 AppleWebKit/537.36 (KHTML, like Gecko; compatible; GPTBot/1.4; +https://openai.com/gptbot)"
74.7.227.30 - - [27/Jun/2026:17:18:58 +0700] "GET /130039115 HTTP/1.1" 404 40683 "http://me.proid.vn/?sitemap626.xml" "Mozilla/5.0 AppleWebKit/537.36 (KHTML, like Gecko; compatible; GPTBot/1.4; +https://openai.com/gptbot)"
74.7.227.30 - - [27/Jun/2026:17:20:00 +0700] "GET /172038391 HTTP/1.1" 404 40683 "http://me.proid.vn/?sitemap320.xml" "Mozilla/5.0 AppleWebKit/537.36 (KHTML, like Gecko; compatible; GPTBot/1.4; +https://openai.com/gptbot)"
74.7.227.30 - - [27/Jun/2026:17:21:01 +0700] "GET /240044851 HTTP/1.1" 404 40683 "http://me.proid.vn/?sitemap626.xml" "Mozilla/5.0 AppleWebKit/537.36 (KHTML, like Gecko; compatible; GPTBot/1.4; +https://openai.com/gptbot)"
74.7.227.30 - - [27/Jun/2026:17:22:03 +0700] "GET /204019931 HTTP/1.1" 404 40683 "http://me.proid.vn/?sitemap790.xml" "Mozilla/5.0 AppleWebKit/537.36 (KHTML, like Gecko; compatible; GPTBot/1.4; +https://openai.com/gptbot)"
14.225.203.84 - - [27/Jun/2026:17:23:06 +0700] "POST /wp-cron.php?doing_wp_cron=1782555786.1388280391693115234375 HTTP/1.1" 200 0 "-" "WordPress/7.0; https://me.proid.vn"
74.7.227.30 - - [27/Jun/2026:17:23:05 +0700] "GET /219028514 HTTP/1.1" 404 40683 "http://me.proid.vn/?sitemap320.xml" "Mozilla/5.0 AppleWebKit/537.36 (KHTML, like Gecko; compatible; GPTBot/1.4; +https://openai.com/gptbot)"
74.7.227.30 - - [27/Jun/2026:17:24:09 +0700] "GET /117029146 HTTP/1.1" 404 40683 "http://me.proid.vn/?sitemap790.xml" "Mozilla/5.0 AppleWebKit/537.36 (KHTML, like Gecko; compatible; GPTBot/1.4; +https://openai.com/gptbot)"
74.7.227.30 - - [27/Jun/2026:17:25:13 +0700] "GET /002018599 HTTP/1.1" 404 40683 "http://me.proid.vn/?sitemap267.xml" "Mozilla/5.0 AppleWebKit/537.36 (KHTML, like Gecko; compatible; GPTBot/1.4; +https://openai.com/gptbot)"
74.7.227.30 - - [27/Jun/2026:17:26:15 +0700] "GET /054042015 HTTP/1.1" 404 40683 "http://me.proid.vn/?sitemap748.xml" "Mozilla/5.0 AppleWebKit/537.36 (KHTML, like Gecko; compatible; GPTBot/1.4; +https://openai.com/gptbot)"
74.7.227.30 - - [27/Jun/2026:17:27:16 +0700] "GET /163032288 HTTP/1.1" 404 40683 "http://me.proid.vn/?sitemap320.xml" "Mozilla/5.0 AppleWebKit/537.36 (KHTML, like Gecko; compatible; GPTBot/1.4; +https://openai.com/gptbot)"
74.7.227.30 - - [27/Jun/2026:17:28:16 +0700] "GET /035011840 HTTP/1.1" 404 40683 "http://me.proid.vn/?sitemap748.xml" "Mozilla/5.0 AppleWebKit/537.36 (KHTML, like Gecko; compatible; GPTBot/1.4; +https://openai.com/gptbot)"
74.7.227.30 - - [27/Jun/2026:17:29:17 +0700] "GET /272032345 HTTP/1.1" 404 40683 "http://me.proid.vn/?sitemap626.xml" "Mozilla/5.0 AppleWebKit/537.36 (KHTML, like Gecko; compatible; GPTBot/1.4; +https://openai.com/gptbot)"
74.7.227.30 - - [27/Jun/2026:17:30:22 +0700] "GET /254045685 HTTP/1.1" 404 40683 "http://me.proid.vn/?sitemap748.xml" "Mozilla/5.0 AppleWebKit/537.36 (KHTML, like Gecko; compatible; GPTBot/1.4; +https://openai.com/gptbot)"
74.7.227.30 - - [27/Jun/2026:17:31:27 +0700] "GET /296015465 HTTP/1.1" 404 40683 "http://me.proid.vn/?sitemap267.xml" "Mozilla/5.0 AppleWebKit/537.36 (KHTML, like Gecko; compatible; GPTBot/1.4; +https://openai.com/gptbot)"
74.7.227.30 - - [27/Jun/2026:17:32:29 +0700] "GET /001020376 HTTP/1.1" 404 40683 "http://me.proid.vn/?sitemap748.xml" "Mozilla/5.0 AppleWebKit/537.36 (KHTML, like Gecko; compatible; GPTBot/1.4; +https://openai.com/gptbot)"
74.7.227.30 - - [27/Jun/2026:17:33:33 +0700] "GET /075045974 HTTP/1.1" 404 40683 "http://me.proid.vn/?sitemap320.xml" "Mozilla/5.0 AppleWebKit/537.36 (KHTML, like Gecko; compatible; GPTBot/1.4; +https://openai.com/gptbot)"
74.7.227.30 - - [27/Jun/2026:17:34:37 +0700] "GET /081034988 HTTP/1.1" 404 40683 "http://me.proid.vn/?sitemap790.xml" "Mozilla/5.0 AppleWebKit/537.36 (KHTML, like Gecko; compatible; GPTBot/1.4; +https://openai.com/gptbot)"
74.7.227.30 - - [27/Jun/2026:17:35:41 +0700] "GET /108041611 HTTP/1.1" 404 40683 "http://me.proid.vn/?sitemap267.xml" "Mozilla/5.0 AppleWebKit/537.36 (KHTML, like Gecko; compatible; GPTBot/1.4; +https://openai.com/gptbot)"
74.7.227.30 - - [27/Jun/2026:17:36:42 +0700] "GET /250038459 HTTP/1.1" 404 40683 "http://me.proid.vn/?sitemap267.xml" "Mozilla/5.0 AppleWebKit/537.36 (KHTML, like Gecko; compatible; GPTBot/1.4; +https://openai.com/gptbot)"
74.7.227.30 - - [27/Jun/2026:17:37:43 +0700] "GET /297034530 HTTP/1.1" 404 40683 "http://me.proid.vn/?sitemap790.xml" "Mozilla/5.0 AppleWebKit/537.36 (KHTML, like Gecko; compatible; GPTBot/1.4; +https://openai.com/gptbot)"
74.7.227.30 - - [27/Jun/2026:17:38:44 +0700] "GET /220029895 HTTP/1.1" 404 40683 "http://me.proid.vn/?sitemap267.xml" "Mozilla/5.0 AppleWebKit/537.36 (KHTML, like Gecko; compatible; GPTBot/1.4; +https://openai.com/gptbot)"
74.7.227.30 - - [27/Jun/2026:17:39:46 +0700] "GET /095034142 HTTP/1.1" 404 40683 "http://me.proid.vn/?sitemap626.xml" "Mozilla/5.0 AppleWebKit/537.36 (KHTML, like Gecko; compatible; GPTBot/1.4; +https://openai.com/gptbot)"
15.235.162.70 - - [27/Jun/2026:17:40:26 +0700] "GET / HTTP/1.1" 301 0 "-" "facebookexternalhit/1.1 (+http://www.facebook.com/externalhit_uatext.php) _zbot"
15.235.162.57 - - [27/Jun/2026:17:40:32 +0700] "GET / HTTP/1.1" 301 0 "-" "facebookexternalhit/1.1 (+http://www.facebook.com/externalhit_uatext.php) _zbot"
74.7.227.30 - - [27/Jun/2026:17:40:51 +0700] "GET /268047323 HTTP/1.1" 404 40683 "http://me.proid.vn/?sitemap267.xml" "Mozilla/5.0 AppleWebKit/537.36 (KHTML, like Gecko; compatible; GPTBot/1.4; +https://openai.com/gptbot)"
74.7.227.30 - - [27/Jun/2026:17:41:55 +0700] "GET /149004356 HTTP/1.1" 404 40683 "http://me.proid.vn/?sitemap267.xml" "Mozilla/5.0 AppleWebKit/537.36 (KHTML, like Gecko; compatible; GPTBot/1.4; +https://openai.com/gptbot)"
74.7.227.30 - - [27/Jun/2026:17:42:57 +0700] "GET /181036456 HTTP/1.1" 404 40682 "http://me.proid.vn/?sitemap626.xml" "Mozilla/5.0 AppleWebKit/537.36 (KHTML, like Gecko; compatible; GPTBot/1.4; +https://openai.com/gptbot)"
103.90.225.206 - - [27/Jun/2026:17:43:37 +0700] "GET /.well-known/acme-challenge/_72RU-KGWYC_PI8_AOV7NZFF-M3V8QQT HTTP/1.1" 404 1251 "-" "Cpanel-HTTP-Client/1.0"
74.7.227.30 - - [27/Jun/2026:17:43:58 +0700] "GET /080035917 HTTP/1.1" 404 40683 "http://me.proid.vn/?sitemap320.xml" "Mozilla/5.0 AppleWebKit/537.36 (KHTML, like Gecko; compatible; GPTBot/1.4; +https://openai.com/gptbot)"
74.7.227.30 - - [27/Jun/2026:17:44:58 +0700] "GET /273013482 HTTP/1.1" 404 40683 "http://me.proid.vn/?sitemap790.xml" "Mozilla/5.0 AppleWebKit/537.36 (KHTML, like Gecko; compatible; GPTBot/1.4; +https://openai.com/gptbot)"
74.7.227.30 - - [27/Jun/2026:17:45:59 +0700] "GET /209041910 HTTP/1.1" 404 40683 "http://me.proid.vn/?sitemap320.xml" "Mozilla/5.0 AppleWebKit/537.36 (KHTML, like Gecko; compatible; GPTBot/1.4; +https://openai.com/gptbot)"
74.7.227.30 - - [27/Jun/2026:17:47:05 +0700] "GET /022012957 HTTP/1.1" 404 40683 "http://me.proid.vn/?sitemap626.xml" "Mozilla/5.0 AppleWebKit/537.36 (KHTML, like Gecko; compatible; GPTBot/1.4; +https://openai.com/gptbot)"
74.7.227.30 - - [27/Jun/2026:17:48:10 +0700] "GET /206009767 HTTP/1.1" 404 40683 "http://me.proid.vn/?sitemap267.xml" "Mozilla/5.0 AppleWebKit/537.36 (KHTML, like Gecko; compatible; GPTBot/1.4; +https://openai.com/gptbot)"
74.7.227.30 - - [27/Jun/2026:17:49:13 +0700] "GET /269002494 HTTP/1.1" 404 40683 "http://me.proid.vn/?sitemap626.xml" "Mozilla/5.0 AppleWebKit/537.36 (KHTML, like Gecko; compatible; GPTBot/1.4; +https://openai.com/gptbot)"
74.7.227.30 - - [27/Jun/2026:17:50:18 +0700] "GET /242014633 HTTP/1.1" 404 40683 "http://me.proid.vn/?sitemap790.xml" "Mozilla/5.0 AppleWebKit/537.36 (KHTML, like Gecko; compatible; GPTBot/1.4; +https://openai.com/gptbot)"
74.7.227.30 - - [27/Jun/2026:17:51:20 +0700] "GET /272008535 HTTP/1.1" 404 40683 "http://me.proid.vn/?sitemap790.xml" "Mozilla/5.0 AppleWebKit/537.36 (KHTML, like Gecko; compatible; GPTBot/1.4; +https://openai.com/gptbot)"
74.7.227.30 - - [27/Jun/2026:17:52:25 +0700] "GET /294037995 HTTP/1.1" 404 40683 "http://me.proid.vn/?sitemap267.xml" "Mozilla/5.0 AppleWebKit/537.36 (KHTML, like Gecko; compatible; GPTBot/1.4; +https://openai.com/gptbot)"
74.7.227.30 - - [27/Jun/2026:17:53:26 +0700] "GET /119027242 HTTP/1.1" 404 40683 "http://me.proid.vn/?sitemap320.xml" "Mozilla/5.0 AppleWebKit/537.36 (KHTML, like Gecko; compatible; GPTBot/1.4; +https://openai.com/gptbot)"
74.7.227.30 - - [27/Jun/2026:17:54:28 +0700] "GET /119010604 HTTP/1.1" 404 40683 "http://me.proid.vn/?sitemap320.xml" "Mozilla/5.0 AppleWebKit/537.36 (KHTML, like Gecko; compatible; GPTBot/1.4; +https://openai.com/gptbot)"
74.7.227.30 - - [27/Jun/2026:17:55:29 +0700] "GET /261015082 HTTP/1.1" 404 40683 "http://me.proid.vn/?sitemap748.xml" "Mozilla/5.0 AppleWebKit/537.36 (KHTML, like Gecko; compatible; GPTBot/1.4; +https://openai.com/gptbot)"
74.7.227.30 - - [27/Jun/2026:17:56:34 +0700] "GET /034001791 HTTP/1.1" 404 40683 "http://me.proid.vn/?sitemap320.xml" "Mozilla/5.0 AppleWebKit/537.36 (KHTML, like Gecko; compatible; GPTBot/1.4; +https://openai.com/gptbot)"
157.55.39.204 - - [27/Jun/2026:17:57:21 +0700] "GET /?sitemap327.xml HTTP/1.1" 200 17 "-" "Mozilla/5.0 AppleWebKit/537.36 (KHTML, like Gecko; compatible; bingbot/2.0; +http://www.bing.com/bingbot.htm) Chrome/116.0.1938.76 Safari/537.36"
74.7.227.30 - - [27/Jun/2026:17:57:40 +0700] "GET /156011329 HTTP/1.1" 404 40683 "http://me.proid.vn/?sitemap790.xml" "Mozilla/5.0 AppleWebKit/537.36 (KHTML, like Gecko; compatible; GPTBot/1.4; +https://openai.com/gptbot)"
74.7.227.30 - - [27/Jun/2026:17:58:43 +0700] "GET /105026568 HTTP/1.1" 404 40683 "http://me.proid.vn/?sitemap267.xml" "Mozilla/5.0 AppleWebKit/537.36 (KHTML, like Gecko; compatible; GPTBot/1.4; +https://openai.com/gptbot)"
74.7.227.30 - - [27/Jun/2026:17:59:47 +0700] "GET /024048791 HTTP/1.1" 404 40683 "http://me.proid.vn/?sitemap320.xml" "Mozilla/5.0 AppleWebKit/537.36 (KHTML, like Gecko; compatible; GPTBot/1.4; +https://openai.com/gptbot)"
74.7.227.30 - - [27/Jun/2026:18:00:52 +0700] "GET /227006328 HTTP/1.1" 404 40683 "http://me.proid.vn/?sitemap790.xml" "Mozilla/5.0 AppleWebKit/537.36 (KHTML, like Gecko; compatible; GPTBot/1.4; +https://openai.com/gptbot)"
74.7.227.30 - - [27/Jun/2026:18:01:54 +0700] "GET /242003583 HTTP/1.1" 404 40683 "http://me.proid.vn/?sitemap267.xml" "Mozilla/5.0 AppleWebKit/537.36 (KHTML, like Gecko; compatible; GPTBot/1.4; +https://openai.com/gptbot)"
74.7.227.30 - - [27/Jun/2026:18:03:00 +0700] "GET /237048998 HTTP/1.1" 404 40683 "http://me.proid.vn/?sitemap748.xml" "Mozilla/5.0 AppleWebKit/537.36 (KHTML, like Gecko; compatible; GPTBot/1.4; +https://openai.com/gptbot)"
74.7.227.30 - - [27/Jun/2026:18:04:00 +0700] "GET /277025038 HTTP/1.1" 404 40683 "http://me.proid.vn/?sitemap748.xml" "Mozilla/5.0 AppleWebKit/537.36 (KHTML, like Gecko; compatible; GPTBot/1.4; +https://openai.com/gptbot)"
74.7.227.30 - - [27/Jun/2026:18:05:06 +0700] "GET /181032820 HTTP/1.1" 404 40683 "http://me.proid.vn/?sitemap267.xml" "Mozilla/5.0 AppleWebKit/537.36 (KHTML, like Gecko; compatible; GPTBot/1.4; +https://openai.com/gptbot)"
74.7.227.30 - - [27/Jun/2026:18:06:07 +0700] "GET /079043974 HTTP/1.1" 404 40683 "http://me.proid.vn/?sitemap626.xml" "Mozilla/5.0 AppleWebKit/537.36 (KHTML, like Gecko; compatible; GPTBot/1.4; +https://openai.com/gptbot)"
74.7.227.30 - - [27/Jun/2026:18:07:12 +0700] "GET /116038073 HTTP/1.1" 404 40683 "http://me.proid.vn/?sitemap790.xml" "Mozilla/5.0 AppleWebKit/537.36 (KHTML, like Gecko; compatible; GPTBot/1.4; +https://openai.com/gptbot)"
74.7.227.30 - - [27/Jun/2026:18:08:17 +0700] "GET /099046574 HTTP/1.1" 404 40683 "http://me.proid.vn/?sitemap320.xml" "Mozilla/5.0 AppleWebKit/537.36 (KHTML, like Gecko; compatible; GPTBot/1.4; +https://openai.com/gptbot)"
74.7.227.30 - - [27/Jun/2026:18:09:20 +0700] "GET /126044703 HTTP/1.1" 404 40683 "http://me.proid.vn/?sitemap790.xml" "Mozilla/5.0 AppleWebKit/537.36 (KHTML, like Gecko; compatible; GPTBot/1.4; +https://openai.com/gptbot)"
74.7.227.30 - - [27/Jun/2026:18:10:22 +0700] "GET /076038441 HTTP/1.1" 404 40683 "http://me.proid.vn/?sitemap267.xml" "Mozilla/5.0 AppleWebKit/537.36 (KHTML, like Gecko; compatible; GPTBot/1.4; +https://openai.com/gptbot)"
74.7.227.30 - - [27/Jun/2026:18:11:22 +0700] "GET /211027646 HTTP/1.1" 404 40683 "http://me.proid.vn/?sitemap790.xml" "Mozilla/5.0 AppleWebKit/537.36 (KHTML, like Gecko; compatible; GPTBot/1.4; +https://openai.com/gptbot)"
74.7.227.30 - - [27/Jun/2026:18:12:24 +0700] "GET /138042145 HTTP/1.1" 404 40683 "http://me.proid.vn/?sitemap626.xml" "Mozilla/5.0 AppleWebKit/537.36 (KHTML, like Gecko; compatible; GPTBot/1.4; +https://openai.com/gptbot)"
74.7.227.30 - - [27/Jun/2026:18:13:25 +0700] "GET /119008804 HTTP/1.1" 404 40683 "http://me.proid.vn/?sitemap320.xml" "Mozilla/5.0 AppleWebKit/537.36 (KHTML, like Gecko; compatible; GPTBot/1.4; +https://openai.com/gptbot)"
74.7.227.30 - - [27/Jun/2026:18:14:26 +0700] "GET /106029535 HTTP/1.1" 404 40683 "http://me.proid.vn/?sitemap748.xml" "Mozilla/5.0 AppleWebKit/537.36 (KHTML, like Gecko; compatible; GPTBot/1.4; +https://openai.com/gptbot)"
74.7.227.30 - - [27/Jun/2026:18:15:32 +0700] "GET /110013943 HTTP/1.1" 404 40683 "http://me.proid.vn/?sitemap790.xml" "Mozilla/5.0 AppleWebKit/537.36 (KHTML, like Gecko; compatible; GPTBot/1.4; +https://openai.com/gptbot)"
74.7.227.30 - - [27/Jun/2026:18:16:37 +0700] "GET /224018073 HTTP/1.1" 404 40683 "http://me.proid.vn/?sitemap626.xml" "Mozilla/5.0 AppleWebKit/537.36 (KHTML, like Gecko; compatible; GPTBot/1.4; +https://openai.com/gptbot)"
74.7.227.30 - - [27/Jun/2026:18:17:38 +0700] "GET /078036095 HTTP/1.1" 404 40683 "http://me.proid.vn/?sitemap267.xml" "Mozilla/5.0 AppleWebKit/537.36 (KHTML, like Gecko; compatible; GPTBot/1.4; +https://openai.com/gptbot)"
74.7.227.30 - - [27/Jun/2026:18:18:41 +0700] "GET /073027116 HTTP/1.1" 404 40683 "http://me.proid.vn/?sitemap748.xml" "Mozilla/5.0 AppleWebKit/537.36 (KHTML, like Gecko; compatible; GPTBot/1.4; +https://openai.com/gptbot)"
74.7.227.30 - - [27/Jun/2026:18:19:46 +0700] "GET /090024053 HTTP/1.1" 404 40683 "http://me.proid.vn/?sitemap790.xml" "Mozilla/5.0 AppleWebKit/537.36 (KHTML, like Gecko; compatible; GPTBot/1.4; +https://openai.com/gptbot)"
14.225.203.84 - - [27/Jun/2026:18:20:50 +0700] "POST /wp-cron.php?doing_wp_cron=1782559250.5395948886871337890625 HTTP/1.1" 200 0 "-" "WordPress/7.0; https://me.proid.vn"
74.7.227.30 - - [27/Jun/2026:18:20:50 +0700] "GET /220021523 HTTP/1.1" 404 40683 "http://me.proid.vn/?sitemap626.xml" "Mozilla/5.0 AppleWebKit/537.36 (KHTML, like Gecko; compatible; GPTBot/1.4; +https://openai.com/gptbot)"
74.7.227.30 - - [27/Jun/2026:18:21:54 +0700] "GET /264042819 HTTP/1.1" 404 40683 "http://me.proid.vn/?sitemap267.xml" "Mozilla/5.0 AppleWebKit/537.36 (KHTML, like Gecko; compatible; GPTBot/1.4; +https://openai.com/gptbot)"
74.7.227.30 - - [27/Jun/2026:18:22:59 +0700] "GET /244048701 HTTP/1.1" 404 40683 "http://me.proid.vn/?sitemap267.xml" "Mozilla/5.0 AppleWebKit/537.36 (KHTML, like Gecko; compatible; GPTBot/1.4; +https://openai.com/gptbot)"
74.7.227.30 - - [27/Jun/2026:18:24:01 +0700] "GET /163044898 HTTP/1.1" 404 40683 "http://me.proid.vn/?sitemap748.xml" "Mozilla/5.0 AppleWebKit/537.36 (KHTML, like Gecko; compatible; GPTBot/1.4; +https://openai.com/gptbot)"
14.225.203.84 - - [27/Jun/2026:18:24:02 +0700] "POST /wp-cron.php?doing_wp_cron=1782559442.0919051170349121093750 HTTP/1.1" 200 0 "-" "WordPress/7.0; https://me.proid.vn"
14.225.203.84 - - [27/Jun/2026:18:25:07 +0700] "POST /wp-cron.php?doing_wp_cron=1782559507.2198588848114013671875 HTTP/1.1" 200 0 "-" "WordPress/7.0; https://me.proid.vn"
74.7.227.30 - - [27/Jun/2026:18:25:06 +0700] "GET /155030284 HTTP/1.1" 404 40683 "http://me.proid.vn/?sitemap626.xml" "Mozilla/5.0 AppleWebKit/537.36 (KHTML, like Gecko; compatible; GPTBot/1.4; +https://openai.com/gptbot)"
14.225.203.84 - - [27/Jun/2026:18:26:07 +0700] "POST /wp-cron.php?doing_wp_cron=1782559567.4800240993499755859375 HTTP/1.1" 200 0 "-" "WordPress/7.0; https://me.proid.vn"
74.7.227.30 - - [27/Jun/2026:18:26:07 +0700] "GET /288007341 HTTP/1.1" 404 40683 "http://me.proid.vn/?sitemap790.xml" "Mozilla/5.0 AppleWebKit/537.36 (KHTML, like Gecko; compatible; GPTBot/1.4; +https://openai.com/gptbot)"
74.7.227.30 - - [27/Jun/2026:18:27:10 +0700] "GET /164039437 HTTP/1.1" 404 40683 "http://me.proid.vn/?sitemap267.xml" "Mozilla/5.0 AppleWebKit/537.36 (KHTML, like Gecko; compatible; GPTBot/1.4; +https://openai.com/gptbot)"
14.225.203.84 - - [27/Jun/2026:18:27:11 +0700] "POST /wp-cron.php?doing_wp_cron=1782559631.1898629665374755859375 HTTP/1.1" 200 0 "-" "WordPress/7.0; https://me.proid.vn"
74.7.227.30 - - [27/Jun/2026:18:28:14 +0700] "GET /158002737 HTTP/1.1" 404 40683 "http://me.proid.vn/?sitemap267.xml" "Mozilla/5.0 AppleWebKit/537.36 (KHTML, like Gecko; compatible; GPTBot/1.4; +https://openai.com/gptbot)"
14.225.203.84 - - [27/Jun/2026:18:28:14 +0700] "POST /wp-cron.php?doing_wp_cron=1782559694.4837870597839355468750 HTTP/1.1" 200 0 "-" "WordPress/7.0; https://me.proid.vn"
74.7.227.30 - - [27/Jun/2026:18:29:17 +0700] "GET /263002122 HTTP/1.1" 404 40683 "http://me.proid.vn/?sitemap626.xml" "Mozilla/5.0 AppleWebKit/537.36 (KHTML, like Gecko; compatible; GPTBot/1.4; +https://openai.com/gptbot)"
14.225.203.84 - - [27/Jun/2026:18:29:18 +0700] "POST /wp-cron.php?doing_wp_cron=1782559758.1370630264282226562500 HTTP/1.1" 200 0 "-" "WordPress/7.0; https://me.proid.vn"
74.7.227.30 - - [27/Jun/2026:18:30:23 +0700] "GET /199005256 HTTP/1.1" 404 40683 "http://me.proid.vn/?sitemap790.xml" "Mozilla/5.0 AppleWebKit/537.36 (KHTML, like Gecko; compatible; GPTBot/1.4; +https://openai.com/gptbot)"
14.225.203.84 - - [27/Jun/2026:18:31:26 +0700] "POST /wp-cron.php?doing_wp_cron=1782559886.3438429832458496093750 HTTP/1.1" 200 0 "-" "WordPress/7.0; https://me.proid.vn"
74.7.227.30 - - [27/Jun/2026:18:31:26 +0700] "GET /155008620 HTTP/1.1" 404 40683 "http://me.proid.vn/?sitemap320.xml" "Mozilla/5.0 AppleWebKit/537.36 (KHTML, like Gecko; compatible; GPTBot/1.4; +https://openai.com/gptbot)"
74.7.227.30 - - [27/Jun/2026:18:32:31 +0700] "GET /265003734 HTTP/1.1" 404 40683 "http://me.proid.vn/?sitemap790.xml" "Mozilla/5.0 AppleWebKit/537.36 (KHTML, like Gecko; compatible; GPTBot/1.4; +https://openai.com/gptbot)"
14.225.203.84 - - [27/Jun/2026:18:32:31 +0700] "POST /wp-cron.php?doing_wp_cron=1782559951.5292301177978515625000 HTTP/1.1" 200 0 "-" "WordPress/7.0; https://me.proid.vn"
74.7.227.30 - - [27/Jun/2026:18:33:34 +0700] "GET /065003236 HTTP/1.1" 404 40683 "http://me.proid.vn/?sitemap790.xml" "Mozilla/5.0 AppleWebKit/537.36 (KHTML, like Gecko; compatible; GPTBot/1.4; +https://openai.com/gptbot)"
14.225.203.84 - - [27/Jun/2026:18:33:34 +0700] "POST /wp-cron.php?doing_wp_cron=1782560014.8870389461517333984375 HTTP/1.1" 200 0 "-" "WordPress/7.0; https://me.proid.vn"
14.225.203.84 - - [27/Jun/2026:18:34:37 +0700] "POST /wp-cron.php?doing_wp_cron=1782560077.9877359867095947265625 HTTP/1.1" 200 0 "-" "WordPress/7.0; https://me.proid.vn"
74.7.227.30 - - [27/Jun/2026:18:34:37 +0700] "GET /030041621 HTTP/1.1" 404 40683 "http://me.proid.vn/?sitemap790.xml" "Mozilla/5.0 AppleWebKit/537.36 (KHTML, like Gecko; compatible; GPTBot/1.4; +https://openai.com/gptbot)"
74.7.227.30 - - [27/Jun/2026:18:35:40 +0700] "GET /189016036 HTTP/1.1" 404 40683 "http://me.proid.vn/?sitemap626.xml" "Mozilla/5.0 AppleWebKit/537.36 (KHTML, like Gecko; compatible; GPTBot/1.4; +https://openai.com/gptbot)"
14.225.203.84 - - [27/Jun/2026:18:35:41 +0700] "POST /wp-cron.php?doing_wp_cron=1782560141.2097930908203125000000 HTTP/1.1" 200 0 "-" "WordPress/7.0; https://me.proid.vn"
14.225.203.84 - - [27/Jun/2026:18:36:44 +0700] "POST /wp-cron.php?doing_wp_cron=1782560204.3553769588470458984375 HTTP/1.1" 200 0 "-" "WordPress/7.0; https://me.proid.vn"
74.7.227.30 - - [27/Jun/2026:18:36:44 +0700] "GET /267030664 HTTP/1.1" 404 40683 "http://me.proid.vn/?sitemap267.xml" "Mozilla/5.0 AppleWebKit/537.36 (KHTML, like Gecko; compatible; GPTBot/1.4; +https://openai.com/gptbot)"
74.7.227.30 - - [27/Jun/2026:18:37:47 +0700] "GET /278028961 HTTP/1.1" 404 40683 "http://me.proid.vn/?sitemap748.xml" "Mozilla/5.0 AppleWebKit/537.36 (KHTML, like Gecko; compatible; GPTBot/1.4; +https://openai.com/gptbot)"
14.225.203.84 - - [27/Jun/2026:18:37:47 +0700] "POST /wp-cron.php?doing_wp_cron=1782560267.5998079776763916015625 HTTP/1.1" 200 0 "-" "WordPress/7.0; https://me.proid.vn"
40.77.167.33 - - [27/Jun/2026:18:38:25 +0700] "GET /?sitemap201.xml HTTP/1.1" 200 17 "-" "Mozilla/5.0 AppleWebKit/537.36 (KHTML, like Gecko; compatible; bingbot/2.0; +http://www.bing.com/bingbot.htm) Chrome/116.0.1938.76 Safari/537.36"
14.225.203.84 - - [27/Jun/2026:18:38:52 +0700] "POST /wp-cron.php?doing_wp_cron=1782560332.7552490234375000000000 HTTP/1.1" 200 0 "-" "WordPress/7.0; https://me.proid.vn"
74.7.227.30 - - [27/Jun/2026:18:38:52 +0700] "GET /194046797 HTTP/1.1" 404 40683 "http://me.proid.vn/?sitemap320.xml" "Mozilla/5.0 AppleWebKit/537.36 (KHTML, like Gecko; compatible; GPTBot/1.4; +https://openai.com/gptbot)"
74.7.227.30 - - [27/Jun/2026:18:39:58 +0700] "GET /050034823 HTTP/1.1" 404 40683 "http://me.proid.vn/?sitemap626.xml" "Mozilla/5.0 AppleWebKit/537.36 (KHTML, like Gecko; compatible; GPTBot/1.4; +https://openai.com/gptbot)"
74.7.227.30 - - [27/Jun/2026:18:41:04 +0700] "GET /253042268 HTTP/1.1" 404 40683 "http://me.proid.vn/?sitemap748.xml" "Mozilla/5.0 AppleWebKit/537.36 (KHTML, like Gecko; compatible; GPTBot/1.4; +https://openai.com/gptbot)"
151.241.125.230 - - [27/Jun/2026:18:42:07 +0700] "POST /xmlrpc.php HTTP/1.1" 405 247 "-" "Mozilla/5.0 (Windows NT 10.0; WOW64; rv:45.0) Gecko/20100101 Firefox/45.0"
74.7.227.30 - - [27/Jun/2026:18:42:08 +0700] "GET /254030215 HTTP/1.1" 404 40683 "http://me.proid.vn/?sitemap626.xml" "Mozilla/5.0 AppleWebKit/537.36 (KHTML, like Gecko; compatible; GPTBot/1.4; +https://openai.com/gptbot)"
151.241.125.230 - - [27/Jun/2026:18:42:11 +0700] "POST /xmlrpc.php HTTP/1.1" 405 247 "-" "Mozilla/5.0 (Windows NT 10.0; WOW64; rv:45.0) Gecko/20100101 Firefox/45.0"
74.7.227.30 - - [27/Jun/2026:18:43:10 +0700] "GET /092017295 HTTP/1.1" 404 40683 "http://me.proid.vn/?sitemap790.xml" "Mozilla/5.0 AppleWebKit/537.36 (KHTML, like Gecko; compatible; GPTBot/1.4; +https://openai.com/gptbot)"
216.244.66.226 - - [27/Jun/2026:18:44:00 +0700] "GET /robots.txt HTTP/1.1" 200 289 "-" "Mozilla/5.0 (compatible; DotBot/1.2; +https://opensiteexplorer.org/dotbot; help@moz.com)"
74.7.227.30 - - [27/Jun/2026:18:44:15 +0700] "GET /036048541 HTTP/1.1" 404 40683 "http://me.proid.vn/?sitemap790.xml" "Mozilla/5.0 AppleWebKit/537.36 (KHTML, like Gecko; compatible; GPTBot/1.4; +https://openai.com/gptbot)"
74.7.227.30 - - [27/Jun/2026:18:45:17 +0700] "GET /156019377 HTTP/1.1" 404 40683 "http://me.proid.vn/?sitemap748.xml" "Mozilla/5.0 AppleWebKit/537.36 (KHTML, like Gecko; compatible; GPTBot/1.4; +https://openai.com/gptbot)"
74.7.244.17 - - [27/Jun/2026:18:45:18 +0700] "GET /robots.txt HTTP/1.1" 200 95 "-" "Mozilla/5.0 (Macintosh; Intel Mac OS X 10_15_7) AppleWebKit/537.36 (KHTML, like Gecko) Chrome/131.0.0.0 Safari/537.36; compatible; OAI-SearchBot/1.4; robots.txt; +https://openai.com/searchbot"
74.7.227.30 - - [27/Jun/2026:18:46:18 +0700] "GET /094046493 HTTP/1.1" 404 40683 "http://me.proid.vn/?sitemap790.xml" "Mozilla/5.0 AppleWebKit/537.36 (KHTML, like Gecko; compatible; GPTBot/1.4; +https://openai.com/gptbot)"
216.244.66.226 - - [27/Jun/2026:18:46:33 +0700] "GET /?add-to-cart=396242 HTTP/1.1" 301 0 "-" "Mozilla/5.0 (compatible; DotBot/1.2; +https://opensiteexplorer.org/dotbot; help@moz.com)"
74.7.227.30 - - [27/Jun/2026:18:47:23 +0700] "GET /226034511 HTTP/1.1" 404 40683 "http://me.proid.vn/?sitemap626.xml" "Mozilla/5.0 AppleWebKit/537.36 (KHTML, like Gecko; compatible; GPTBot/1.4; +https://openai.com/gptbot)"
74.7.227.30 - - [27/Jun/2026:18:48:28 +0700] "GET /132018169 HTTP/1.1" 404 40683 "http://me.proid.vn/?sitemap790.xml" "Mozilla/5.0 AppleWebKit/537.36 (KHTML, like Gecko; compatible; GPTBot/1.4; +https://openai.com/gptbot)"
74.7.227.30 - - [27/Jun/2026:18:49:34 +0700] "GET /152011337 HTTP/1.1" 404 40683 "http://me.proid.vn/?sitemap790.xml" "Mozilla/5.0 AppleWebKit/537.36 (KHTML, like Gecko; compatible; GPTBot/1.4; +https://openai.com/gptbot)"
74.7.227.30 - - [27/Jun/2026:18:50:37 +0700] "GET /211013438 HTTP/1.1" 404 40683 "http://me.proid.vn/?sitemap320.xml" "Mozilla/5.0 AppleWebKit/537.36 (KHTML, like Gecko; compatible; GPTBot/1.4; +https://openai.com/gptbot)"
74.7.227.30 - - [27/Jun/2026:18:51:38 +0700] "GET /124048319 HTTP/1.1" 404 40683 "http://me.proid.vn/?sitemap790.xml" "Mozilla/5.0 AppleWebKit/537.36 (KHTML, like Gecko; compatible; GPTBot/1.4; +https://openai.com/gptbot)"
74.7.227.30 - - [27/Jun/2026:18:52:39 +0700] "GET /287030518 HTTP/1.1" 404 40683 "http://me.proid.vn/?sitemap748.xml" "Mozilla/5.0 AppleWebKit/537.36 (KHTML, like Gecko; compatible; GPTBot/1.4; +https://openai.com/gptbot)"
74.7.227.30 - - [27/Jun/2026:18:53:43 +0700] "GET /220021597 HTTP/1.1" 404 40683 "http://me.proid.vn/?sitemap626.xml" "Mozilla/5.0 AppleWebKit/537.36 (KHTML, like Gecko; compatible; GPTBot/1.4; +https://openai.com/gptbot)"
74.7.227.30 - - [27/Jun/2026:18:54:48 +0700] "GET /098035131 HTTP/1.1" 404 40683 "http://me.proid.vn/?sitemap320.xml" "Mozilla/5.0 AppleWebKit/537.36 (KHTML, like Gecko; compatible; GPTBot/1.4; +https://openai.com/gptbot)"
74.7.227.30 - - [27/Jun/2026:18:55:52 +0700] "GET /119040624 HTTP/1.1" 404 40683 "http://me.proid.vn/?sitemap790.xml" "Mozilla/5.0 AppleWebKit/537.36 (KHTML, like Gecko; compatible; GPTBot/1.4; +https://openai.com/gptbot)"
74.7.227.30 - - [27/Jun/2026:18:56:53 +0700] "GET /233037282 HTTP/1.1" 404 40683 "http://me.proid.vn/?sitemap748.xml" "Mozilla/5.0 AppleWebKit/537.36 (KHTML, like Gecko; compatible; GPTBot/1.4; +https://openai.com/gptbot)"
74.7.227.30 - - [27/Jun/2026:18:57:53 +0700] "GET /278038705 HTTP/1.1" 404 40683 "http://me.proid.vn/?sitemap267.xml" "Mozilla/5.0 AppleWebKit/537.36 (KHTML, like Gecko; compatible; GPTBot/1.4; +https://openai.com/gptbot)"
14.225.203.84 - - [27/Jun/2026:18:58:07 +0700] "GET /.well-known/acme-challenge/T79VLNNOMM8H1I0IMQ4UO1G3DK4QZIO5 HTTP/1.1" 200 64 "-" "Cpanel-HTTP-Client/1.0"
74.7.227.30 - - [27/Jun/2026:18:58:57 +0700] "GET /234001519 HTTP/1.1" 404 40683 "http://me.proid.vn/?sitemap748.xml" "Mozilla/5.0 AppleWebKit/537.36 (KHTML, like Gecko; compatible; GPTBot/1.4; +https://openai.com/gptbot)"
74.7.227.30 - - [27/Jun/2026:18:59:59 +0700] "GET /255001164 HTTP/1.1" 404 40683 "http://me.proid.vn/?sitemap790.xml" "Mozilla/5.0 AppleWebKit/537.36 (KHTML, like Gecko; compatible; GPTBot/1.4; +https://openai.com/gptbot)"
157.55.39.53 - - [27/Jun/2026:19:00:17 +0700] "GET /?sitemap617.xml HTTP/1.1" 200 17 "-" "Mozilla/5.0 AppleWebKit/537.36 (KHTML, like Gecko; compatible; bingbot/2.0; +http://www.bing.com/bingbot.htm) Chrome/116.0.1938.76 Safari/537.36"
74.7.227.30 - - [27/Jun/2026:19:01:03 +0700] "GET /112049803 HTTP/1.1" 404 40679 "http://me.proid.vn/?sitemap320.xml" "Mozilla/5.0 AppleWebKit/537.36 (KHTML, like Gecko; compatible; GPTBot/1.4; +https://openai.com/gptbot)"
74.7.227.30 - - [27/Jun/2026:19:02:08 +0700] "GET /258028353 HTTP/1.1" 404 40679 "http://me.proid.vn/?sitemap320.xml" "Mozilla/5.0 AppleWebKit/537.36 (KHTML, like Gecko; compatible; GPTBot/1.4; +https://openai.com/gptbot)"
74.7.227.30 - - [27/Jun/2026:19:03:13 +0700] "GET /102042331 HTTP/1.1" 404 40679 "http://me.proid.vn/?sitemap267.xml" "Mozilla/5.0 AppleWebKit/537.36 (KHTML, like Gecko; compatible; GPTBot/1.4; +https://openai.com/gptbot)"
74.7.227.30 - - [27/Jun/2026:19:04:19 +0700] "GET /294012605 HTTP/1.1" 404 40679 "http://me.proid.vn/?sitemap790.xml" "Mozilla/5.0 AppleWebKit/537.36 (KHTML, like Gecko; compatible; GPTBot/1.4; +https://openai.com/gptbot)"
74.7.227.30 - - [27/Jun/2026:19:05:24 +0700] "GET /076009527 HTTP/1.1" 404 40679 "http://me.proid.vn/?sitemap748.xml" "Mozilla/5.0 AppleWebKit/537.36 (KHTML, like Gecko; compatible; GPTBot/1.4; +https://openai.com/gptbot)"
74.7.227.30 - - [27/Jun/2026:19:06:25 +0700] "GET /138042633 HTTP/1.1" 404 40679 "http://me.proid.vn/?sitemap626.xml" "Mozilla/5.0 AppleWebKit/537.36 (KHTML, like Gecko; compatible; GPTBot/1.4; +https://openai.com/gptbot)"
74.7.227.30 - - [27/Jun/2026:19:07:26 +0700] "GET /158003075 HTTP/1.1" 404 40679 "http://me.proid.vn/?sitemap267.xml" "Mozilla/5.0 AppleWebKit/537.36 (KHTML, like Gecko; compatible; GPTBot/1.4; +https://openai.com/gptbot)"
74.7.227.30 - - [27/Jun/2026:19:08:32 +0700] "GET /284012155 HTTP/1.1" 404 40679 "http://me.proid.vn/?sitemap320.xml" "Mozilla/5.0 AppleWebKit/537.36 (KHTML, like Gecko; compatible; GPTBot/1.4; +https://openai.com/gptbot)"
74.7.227.30 - - [27/Jun/2026:19:09:33 +0700] "GET /247001878 HTTP/1.1" 404 40679 "http://me.proid.vn/?sitemap790.xml" "Mozilla/5.0 AppleWebKit/537.36 (KHTML, like Gecko; compatible; GPTBot/1.4; +https://openai.com/gptbot)"
74.7.227.30 - - [27/Jun/2026:19:10:34 +0700] "GET /096044261 HTTP/1.1" 404 40679 "http://me.proid.vn/?sitemap790.xml" "Mozilla/5.0 AppleWebKit/537.36 (KHTML, like Gecko; compatible; GPTBot/1.4; +https://openai.com/gptbot)"
74.7.227.30 - - [27/Jun/2026:19:11:34 +0700] "GET /255046078 HTTP/1.1" 404 40679 "http://me.proid.vn/?sitemap748.xml" "Mozilla/5.0 AppleWebKit/537.36 (KHTML, like Gecko; compatible; GPTBot/1.4; +https://openai.com/gptbot)"
74.7.227.30 - - [27/Jun/2026:19:12:39 +0700] "GET /206030431 HTTP/1.1" 404 40679 "http://me.proid.vn/?sitemap626.xml" "Mozilla/5.0 AppleWebKit/537.36 (KHTML, like Gecko; compatible; GPTBot/1.4; +https://openai.com/gptbot)"
74.7.227.30 - - [27/Jun/2026:19:13:42 +0700] "GET /237042192 HTTP/1.1" 404 40679 "http://me.proid.vn/?sitemap626.xml" "Mozilla/5.0 AppleWebKit/537.36 (KHTML, like Gecko; compatible; GPTBot/1.4; +https://openai.com/gptbot)"
74.7.227.30 - - [27/Jun/2026:19:14:47 +0700] "GET /063042376 HTTP/1.1" 404 40679 "http://me.proid.vn/?sitemap626.xml" "Mozilla/5.0 AppleWebKit/537.36 (KHTML, like Gecko; compatible; GPTBot/1.4; +https://openai.com/gptbot)"
74.7.227.30 - - [27/Jun/2026:19:15:48 +0700] "GET /096011945 HTTP/1.1" 404 40679 "http://me.proid.vn/?sitemap748.xml" "Mozilla/5.0 AppleWebKit/537.36 (KHTML, like Gecko; compatible; GPTBot/1.4; +https://openai.com/gptbot)"
74.7.227.30 - - [27/Jun/2026:19:16:53 +0700] "GET /093042580 HTTP/1.1" 404 40679 "http://me.proid.vn/?sitemap320.xml" "Mozilla/5.0 AppleWebKit/537.36 (KHTML, like Gecko; compatible; GPTBot/1.4; +https://openai.com/gptbot)"
74.7.227.30 - - [27/Jun/2026:19:17:55 +0700] "GET /273042460 HTTP/1.1" 404 40679 "http://me.proid.vn/?sitemap320.xml" "Mozilla/5.0 AppleWebKit/537.36 (KHTML, like Gecko; compatible; GPTBot/1.4; +https://openai.com/gptbot)"
62.164.177.224 - - [27/Jun/2026:19:18:53 +0700] "POST /xmlrpc.php HTTP/1.1" 405 422 "-" "Mozilla/5.0 (Windows NT 10.0; Win64; x64) AppleWebKit/537.36 (KHTML, like Gecko) Chrome/138.0.0.0 Safari/537.36 Edg/138.0.0.0"
62.164.177.224 - - [27/Jun/2026:19:18:54 +0700] "GET /wp-json/wp/v2/users?per_page=2 HTTP/1.1" 404 212 "-" "Mozilla/5.0 (Windows NT 10.0; Win64; x64; rv:140.0) Gecko/20100101 Firefox/140.0"
62.164.177.224 - - [27/Jun/2026:19:18:54 +0700] "GET /?author=1 HTTP/1.1" 301 0 "-" "Mozilla/5.0 (Windows NT 10.0; Win64; x64; rv:140.0) Gecko/20100101 Firefox/140.0"
74.7.227.30 - - [27/Jun/2026:19:18:56 +0700] "GET /002048913 HTTP/1.1" 404 40679 "http://me.proid.vn/?sitemap790.xml" "Mozilla/5.0 AppleWebKit/537.36 (KHTML, like Gecko; compatible; GPTBot/1.4; +https://openai.com/gptbot)"
74.7.227.30 - - [27/Jun/2026:19:19:58 +0700] "GET /166010559 HTTP/1.1" 404 40679 "http://me.proid.vn/?sitemap626.xml" "Mozilla/5.0 AppleWebKit/537.36 (KHTML, like Gecko; compatible; GPTBot/1.4; +https://openai.com/gptbot)"
74.7.227.30 - - [27/Jun/2026:19:21:01 +0700] "GET /098032137 HTTP/1.1" 404 40679 "http://me.proid.vn/?sitemap748.xml" "Mozilla/5.0 AppleWebKit/537.36 (KHTML, like Gecko; compatible; GPTBot/1.4; +https://openai.com/gptbot)"
74.7.227.30 - - [27/Jun/2026:19:22:06 +0700] "GET /119022418 HTTP/1.1" 404 40679 "http://me.proid.vn/?sitemap320.xml" "Mozilla/5.0 AppleWebKit/537.36 (KHTML, like Gecko; compatible; GPTBot/1.4; +https://openai.com/gptbot)"
74.7.227.30 - - [27/Jun/2026:19:23:07 +0700] "GET /084003195 HTTP/1.1" 404 40679 "http://me.proid.vn/?sitemap790.xml" "Mozilla/5.0 AppleWebKit/537.36 (KHTML, like Gecko; compatible; GPTBot/1.4; +https://openai.com/gptbot)"
74.7.227.30 - - [27/Jun/2026:19:24:09 +0700] "GET /179014244 HTTP/1.1" 404 40679 "http://me.proid.vn/?sitemap626.xml" "Mozilla/5.0 AppleWebKit/537.36 (KHTML, like Gecko; compatible; GPTBot/1.4; +https://openai.com/gptbot)"
74.7.227.30 - - [27/Jun/2026:19:25:14 +0700] "GET /055029770 HTTP/1.1" 404 40679 "http://me.proid.vn/?sitemap320.xml" "Mozilla/5.0 AppleWebKit/537.36 (KHTML, like Gecko; compatible; GPTBot/1.4; +https://openai.com/gptbot)"
74.7.227.30 - - [27/Jun/2026:19:26:15 +0700] "GET /139029686 HTTP/1.1" 404 40679 "http://me.proid.vn/?sitemap626.xml" "Mozilla/5.0 AppleWebKit/537.36 (KHTML, like Gecko; compatible; GPTBot/1.4; +https://openai.com/gptbot)"
74.7.227.30 - - [27/Jun/2026:19:27:17 +0700] "GET /140044659 HTTP/1.1" 404 40679 "http://me.proid.vn/?sitemap320.xml" "Mozilla/5.0 AppleWebKit/537.36 (KHTML, like Gecko; compatible; GPTBot/1.4; +https://openai.com/gptbot)"
74.7.227.30 - - [27/Jun/2026:19:28:17 +0700] "GET /195018424 HTTP/1.1" 404 40679 "http://me.proid.vn/?sitemap320.xml" "Mozilla/5.0 AppleWebKit/537.36 (KHTML, like Gecko; compatible; GPTBot/1.4; +https://openai.com/gptbot)"
74.7.227.30 - - [27/Jun/2026:19:29:23 +0700] "GET /106023425 HTTP/1.1" 404 40679 "http://me.proid.vn/?sitemap320.xml" "Mozilla/5.0 AppleWebKit/537.36 (KHTML, like Gecko; compatible; GPTBot/1.4; +https://openai.com/gptbot)"
74.7.227.30 - - [27/Jun/2026:19:30:28 +0700] "GET /128043309 HTTP/1.1" 404 40679 "http://me.proid.vn/?sitemap320.xml" "Mozilla/5.0 AppleWebKit/537.36 (KHTML, like Gecko; compatible; GPTBot/1.4; +https://openai.com/gptbot)"
74.7.227.30 - - [27/Jun/2026:19:31:29 +0700] "GET /037027688 HTTP/1.1" 404 40679 "http://me.proid.vn/?sitemap267.xml" "Mozilla/5.0 AppleWebKit/537.36 (KHTML, like Gecko; compatible; GPTBot/1.4; +https://openai.com/gptbot)"
74.7.227.30 - - [27/Jun/2026:19:32:34 +0700] "GET /050015263 HTTP/1.1" 404 40679 "http://me.proid.vn/?sitemap790.xml" "Mozilla/5.0 AppleWebKit/537.36 (KHTML, like Gecko; compatible; GPTBot/1.4; +https://openai.com/gptbot)"
74.7.227.30 - - [27/Jun/2026:19:33:37 +0700] "GET /264021085 HTTP/1.1" 404 40679 "http://me.proid.vn/?sitemap267.xml" "Mozilla/5.0 AppleWebKit/537.36 (KHTML, like Gecko; compatible; GPTBot/1.4; +https://openai.com/gptbot)"
74.7.227.30 - - [27/Jun/2026:19:34:39 +0700] "GET /024036283 HTTP/1.1" 404 40679 "http://me.proid.vn/?sitemap267.xml" "Mozilla/5.0 AppleWebKit/537.36 (KHTML, like Gecko; compatible; GPTBot/1.4; +https://openai.com/gptbot)"
74.7.227.30 - - [27/Jun/2026:19:35:45 +0700] "GET /038007455 HTTP/1.1" 404 40679 "http://me.proid.vn/?sitemap267.xml" "Mozilla/5.0 AppleWebKit/537.36 (KHTML, like Gecko; compatible; GPTBot/1.4; +https://openai.com/gptbot)"
74.7.227.30 - - [27/Jun/2026:19:36:47 +0700] "GET /207045468 HTTP/1.1" 404 40679 "http://me.proid.vn/?sitemap626.xml" "Mozilla/5.0 AppleWebKit/537.36 (KHTML, like Gecko; compatible; GPTBot/1.4; +https://openai.com/gptbot)"
74.7.227.30 - - [27/Jun/2026:19:37:47 +0700] "GET /064025123 HTTP/1.1" 404 40679 "http://me.proid.vn/?sitemap267.xml" "Mozilla/5.0 AppleWebKit/537.36 (KHTML, like Gecko; compatible; GPTBot/1.4; +https://openai.com/gptbot)"
74.7.227.30 - - [27/Jun/2026:19:38:51 +0700] "GET /175023710 HTTP/1.1" 404 40679 "http://me.proid.vn/?sitemap748.xml" "Mozilla/5.0 AppleWebKit/537.36 (KHTML, like Gecko; compatible; GPTBot/1.4; +https://openai.com/gptbot)"
74.7.227.30 - - [27/Jun/2026:19:39:53 +0700] "GET /201039326 HTTP/1.1" 404 40679 "http://me.proid.vn/?sitemap790.xml" "Mozilla/5.0 AppleWebKit/537.36 (KHTML, like Gecko; compatible; GPTBot/1.4; +https://openai.com/gptbot)"
74.7.227.30 - - [27/Jun/2026:19:40:59 +0700] "GET /214015103 HTTP/1.1" 404 40679 "http://me.proid.vn/?sitemap320.xml" "Mozilla/5.0 AppleWebKit/537.36 (KHTML, like Gecko; compatible; GPTBot/1.4; +https://openai.com/gptbot)"
74.7.227.30 - - [27/Jun/2026:19:42:01 +0700] "GET /027031068 HTTP/1.1" 404 40679 "http://me.proid.vn/?sitemap320.xml" "Mozilla/5.0 AppleWebKit/537.36 (KHTML, like Gecko; compatible; GPTBot/1.4; +https://openai.com/gptbot)"
74.7.227.30 - - [27/Jun/2026:19:43:04 +0700] "GET /179024188 HTTP/1.1" 404 40679 "http://me.proid.vn/?sitemap790.xml" "Mozilla/5.0 AppleWebKit/537.36 (KHTML, like Gecko; compatible; GPTBot/1.4; +https://openai.com/gptbot)"
74.7.227.30 - - [27/Jun/2026:19:44:09 +0700] "GET /076032665 HTTP/1.1" 404 40679 "http://me.proid.vn/?sitemap790.xml" "Mozilla/5.0 AppleWebKit/537.36 (KHTML, like Gecko; compatible; GPTBot/1.4; +https://openai.com/gptbot)"
74.7.227.30 - - [27/Jun/2026:19:45:15 +0700] "GET /003042860 HTTP/1.1" 404 40679 "http://me.proid.vn/?sitemap790.xml" "Mozilla/5.0 AppleWebKit/537.36 (KHTML, like Gecko; compatible; GPTBot/1.4; +https://openai.com/gptbot)"
74.7.227.30 - - [27/Jun/2026:19:46:15 +0700] "GET /080031125 HTTP/1.1" 404 40679 "http://me.proid.vn/?sitemap790.xml" "Mozilla/5.0 AppleWebKit/537.36 (KHTML, like Gecko; compatible; GPTBot/1.4; +https://openai.com/gptbot)"
74.7.227.30 - - [27/Jun/2026:19:47:15 +0700] "GET /275030216 HTTP/1.1" 404 40679 "http://me.proid.vn/?sitemap320.xml" "Mozilla/5.0 AppleWebKit/537.36 (KHTML, like Gecko; compatible; GPTBot/1.4; +https://openai.com/gptbot)"
14.225.203.84 - - [27/Jun/2026:19:48:17 +0700] "POST /wp-cron.php?doing_wp_cron=1782564497.7677719593048095703125 HTTP/1.1" 200 0 "-" "WordPress/7.0; https://me.proid.vn"
74.7.227.30 - - [27/Jun/2026:19:48:17 +0700] "GET /228002503 HTTP/1.1" 404 40679 "http://me.proid.vn/?sitemap790.xml" "Mozilla/5.0 AppleWebKit/537.36 (KHTML, like Gecko; compatible; GPTBot/1.4; +https://openai.com/gptbot)"
74.7.227.30 - - [27/Jun/2026:19:49:21 +0700] "GET /093042708 HTTP/1.1" 404 40679 "http://me.proid.vn/?sitemap790.xml" "Mozilla/5.0 AppleWebKit/537.36 (KHTML, like Gecko; compatible; GPTBot/1.4; +https://openai.com/gptbot)"
74.7.227.30 - - [27/Jun/2026:19:50:23 +0700] "GET /169025126 HTTP/1.1" 404 40679 "http://me.proid.vn/?sitemap267.xml" "Mozilla/5.0 AppleWebKit/537.36 (KHTML, like Gecko; compatible; GPTBot/1.4; +https://openai.com/gptbot)"
74.7.227.30 - - [27/Jun/2026:19:51:25 +0700] "GET /075044610 HTTP/1.1" 404 40679 "http://me.proid.vn/?sitemap320.xml" "Mozilla/5.0 AppleWebKit/537.36 (KHTML, like Gecko; compatible; GPTBot/1.4; +https://openai.com/gptbot)"
74.7.227.30 - - [27/Jun/2026:19:52:31 +0700] "GET /014006373 HTTP/1.1" 404 40679 "http://me.proid.vn/?sitemap748.xml" "Mozilla/5.0 AppleWebKit/537.36 (KHTML, like Gecko; compatible; GPTBot/1.4; +https://openai.com/gptbot)"
74.7.227.30 - - [27/Jun/2026:19:53:36 +0700] "GET /269046824 HTTP/1.1" 404 40679 "http://me.proid.vn/?sitemap320.xml" "Mozilla/5.0 AppleWebKit/537.36 (KHTML, like Gecko; compatible; GPTBot/1.4; +https://openai.com/gptbot)"
74.7.227.30 - - [27/Jun/2026:19:54:37 +0700] "GET /015029712 HTTP/1.1" 404 40679 "http://me.proid.vn/?sitemap626.xml" "Mozilla/5.0 AppleWebKit/537.36 (KHTML, like Gecko; compatible; GPTBot/1.4; +https://openai.com/gptbot)"
103.90.225.206 - - [27/Jun/2026:19:55:02 +0700] "GET /.well-known/acme-challenge/TNSLDPDCPLA_RR5J03PY1J7G--JYZZ_P HTTP/1.1" 404 1251 "-" "Cpanel-HTTP-Client/1.0"
74.7.227.30 - - [27/Jun/2026:19:55:37 +0700] "GET /026047405 HTTP/1.1" 404 40679 "http://me.proid.vn/?sitemap790.xml" "Mozilla/5.0 AppleWebKit/537.36 (KHTML, like Gecko; compatible; GPTBot/1.4; +https://openai.com/gptbot)"
74.7.227.30 - - [27/Jun/2026:19:56:40 +0700] "GET /219016670 HTTP/1.1" 404 40679 "http://me.proid.vn/?sitemap626.xml" "Mozilla/5.0 AppleWebKit/537.36 (KHTML, like Gecko; compatible; GPTBot/1.4; +https://openai.com/gptbot)"
74.7.227.30 - - [27/Jun/2026:19:57:45 +0700] "GET /266025797 HTTP/1.1" 404 40679 "http://me.proid.vn/?sitemap748.xml" "Mozilla/5.0 AppleWebKit/537.36 (KHTML, like Gecko; compatible; GPTBot/1.4; +https://openai.com/gptbot)"
