103.74.116.239 - - [28/Jun/2026:13:25:44 +0700] "GET /wp-login.php HTTP/2" 200 6969 "-" "Mozilla/5.0 (X11; Linux x86_64) AppleWebKit/537.36 (KHTML, like Gecko) Chrome/133.0.0.0 Safari/537.36"
103.74.116.239 - - [28/Jun/2026:13:25:51 +0700] "POST /wp-login.php HTTP/2" 200 7077 "https://me.proid.vn/wp-login.php" "Mozilla/5.0 (X11; Linux x86_64) AppleWebKit/537.36 (KHTML, like Gecko) Chrome/133.0.0.0 Safari/537.36"
47.128.109.64 - - [28/Jun/2026:13:28:44 +0700] "GET / HTTP/2" 302 0 "-" "Mozilla/5.0 (Linux; Android 5.0) AppleWebKit/537.36 (KHTML, like Gecko) Mobile Safari/537.36 (compatible; Bytespider; spider-feedback@bytedance.com)"
47.128.109.64 - - [28/Jun/2026:13:28:44 +0700] "GET /wp-login.php HTTP/2" 200 6967 "-" "Mozilla/5.0 (Linux; Android 5.0) AppleWebKit/537.36 (KHTML, like Gecko) Mobile Safari/537.36 (compatible; Bytespider; spider-feedback@bytedance.com)"
47.128.109.64 - - [28/Jun/2026:13:28:45 +0700] "GET /wp-includes/css/dashicons.min.css?ver=7.0 HTTP/2" 200 35101 "https://me.proid.vn/wp-login.php" "Mozilla/5.0 (Linux; Android 5.0) AppleWebKit/537.36 (KHTML, like Gecko) Mobile Safari/537.36 (compatible; Bytespider; spider-feedback@bytedance.com)"
47.128.109.64 - - [28/Jun/2026:13:28:45 +0700] "GET /wp-content/plugins/jet-engine/includes/compatibility/packages/woocommerce/inc/assets/css/admin/meta-boxes.css?ver=3.6.6.1 HTTP/2" 200 760 "https://me.proid.vn/wp-login.php" "Mozilla/5.0 (Linux; Android 5.0) AppleWebKit/537.36 (KHTML, like Gecko) Mobile Safari/537.36 (compatible; Bytespider; spider-feedback@bytedance.com)"
47.128.109.64 - - [28/Jun/2026:13:28:45 +0700] "GET /wp-admin/css/forms.min.css?ver=7.0 HTTP/2" 200 6484 "https://me.proid.vn/wp-login.php" "Mozilla/5.0 (Linux; Android 5.0) AppleWebKit/537.36 (KHTML, like Gecko) Mobile Safari/537.36 (compatible; Bytespider; spider-feedback@bytedance.com)"
47.128.109.64 - - [28/Jun/2026:13:28:45 +0700] "GET /wp-includes/css/buttons.min.css?ver=7.0 HTTP/2" 200 1457 "https://me.proid.vn/wp-login.php" "Mozilla/5.0 (Linux; Android 5.0) AppleWebKit/537.36 (KHTML, like Gecko) Mobile Safari/537.36 (compatible; Bytespider; spider-feedback@bytedance.com)"
47.128.109.64 - - [28/Jun/2026:13:28:45 +0700] "GET /wp-includes/css/dist/base-styles/admin-schemes.min.css?ver=7.0 HTTP/2" 200 725 "https://me.proid.vn/wp-login.php" "Mozilla/5.0 (Linux; Android 5.0) AppleWebKit/537.36 (KHTML, like Gecko) Mobile Safari/537.36 (compatible; Bytespider; spider-feedback@bytedance.com)"
47.128.109.64 - - [28/Jun/2026:13:28:45 +0700] "GET /wp-admin/css/l10n.min.css?ver=7.0 HTTP/2" 200 675 "https://me.proid.vn/wp-login.php" "Mozilla/5.0 (Linux; Android 5.0) AppleWebKit/537.36 (KHTML, like Gecko) Mobile Safari/537.36 (compatible; Bytespider; spider-feedback@bytedance.com)"
47.128.109.64 - - [28/Jun/2026:13:28:45 +0700] "GET /wp-admin/css/login.min.css?ver=7.0 HTTP/2" 200 2019 "https://me.proid.vn/wp-login.php" "Mozilla/5.0 (Linux; Android 5.0) AppleWebKit/537.36 (KHTML, like Gecko) Mobile Safari/537.36 (compatible; Bytespider; spider-feedback@bytedance.com)"
47.128.109.64 - - [28/Jun/2026:13:28:45 +0700] "GET /wp-includes/js/clipboard.min.js?ver=2.0.11 HTTP/2" 200 2989 "https://me.proid.vn/wp-login.php" "Mozilla/5.0 (Linux; Android 5.0) AppleWebKit/537.36 (KHTML, like Gecko) Mobile Safari/537.36 (compatible; Bytespider; spider-feedback@bytedance.com)"
47.128.109.64 - - [28/Jun/2026:13:28:45 +0700] "GET /wp-includes/js/jquery/jquery-migrate.min.js?ver=3.4.1 HTTP/2" 200 4678 "https://me.proid.vn/wp-login.php" "Mozilla/5.0 (Linux; Android 5.0) AppleWebKit/537.36 (KHTML, like Gecko) Mobile Safari/537.36 (compatible; Bytespider; spider-feedback@bytedance.com)"
47.128.109.64 - - [28/Jun/2026:13:28:45 +0700] "GET /wp-includes/js/jquery/jquery.min.js?ver=3.7.1 HTTP/2" 200 29744 "https://me.proid.vn/wp-login.php" "Mozilla/5.0 (Linux; Android 5.0) AppleWebKit/537.36 (KHTML, like Gecko) Mobile Safari/537.36 (compatible; Bytespider; spider-feedback@bytedance.com)"
47.128.109.64 - - [28/Jun/2026:13:28:45 +0700] "GET /wp-includes/js/dist/hooks.min.js?ver=7496969728ca0f95732d HTTP/2" 200 1712 "https://me.proid.vn/wp-login.php" "Mozilla/5.0 (Linux; Android 5.0) AppleWebKit/537.36 (KHTML, like Gecko) Mobile Safari/537.36 (compatible; Bytespider; spider-feedback@bytedance.com)"
47.128.109.64 - - [28/Jun/2026:13:28:45 +0700] "GET /wp-includes/js/zxcvbn-async.min.js?ver=1.0 HTTP/2" 200 187 "https://me.proid.vn/wp-login.php" "Mozilla/5.0 (Linux; Android 5.0) AppleWebKit/537.36 (KHTML, like Gecko) Mobile Safari/537.36 (compatible; Bytespider; spider-feedback@bytedance.com)"
47.128.109.64 - - [28/Jun/2026:13:28:45 +0700] "GET /wp-admin/js/password-strength-meter.min.js?ver=7.0 HTTP/2" 200 558 "https://me.proid.vn/wp-login.php" "Mozilla/5.0 (Linux; Android 5.0) AppleWebKit/537.36 (KHTML, like Gecko) Mobile Safari/537.36 (compatible; Bytespider; spider-feedback@bytedance.com)"
47.128.109.64 - - [28/Jun/2026:13:28:45 +0700] "GET /wp-includes/js/dist/i18n.min.js?ver=781d11515ad3d91786ec HTTP/2" 200 2330 "https://me.proid.vn/wp-login.php" "Mozilla/5.0 (Linux; Android 5.0) AppleWebKit/537.36 (KHTML, like Gecko) Mobile Safari/537.36 (compatible; Bytespider; spider-feedback@bytedance.com)"
47.128.109.64 - - [28/Jun/2026:13:28:45 +0700] "GET /wp-includes/js/wp-util.min.js?ver=7.0 HTTP/2" 200 693 "https://me.proid.vn/wp-login.php" "Mozilla/5.0 (Linux; Android 5.0) AppleWebKit/537.36 (KHTML, like Gecko) Mobile Safari/537.36 (compatible; Bytespider; spider-feedback@bytedance.com)"
47.128.109.64 - - [28/Jun/2026:13:28:45 +0700] "GET /wp-includes/js/dist/a11y.min.js?ver=af934e5259bc51b8718e HTTP/2" 200 912 "https://me.proid.vn/wp-login.php" "Mozilla/5.0 (Linux; Android 5.0) AppleWebKit/537.36 (KHTML, like Gecko) Mobile Safari/537.36 (compatible; Bytespider; spider-feedback@bytedance.com)"
47.128.109.64 - - [28/Jun/2026:13:28:45 +0700] "GET /wp-includes/js/dist/dom-ready.min.js?ver=a06281ae5cf5500e9317 HTTP/2" 200 397 "https://me.proid.vn/wp-login.php" "Mozilla/5.0 (Linux; Android 5.0) AppleWebKit/537.36 (KHTML, like Gecko) Mobile Safari/537.36 (compatible; Bytespider; spider-feedback@bytedance.com)"
47.128.109.64 - - [28/Jun/2026:13:28:45 +0700] "GET /wp-admin/js/user-profile.min.js?ver=7.0 HTTP/2" 200 2889 "https://me.proid.vn/wp-login.php" "Mozilla/5.0 (Linux; Android 5.0) AppleWebKit/537.36 (KHTML, like Gecko) Mobile Safari/537.36 (compatible; Bytespider; spider-feedback@bytedance.com)"
47.128.109.64 - - [28/Jun/2026:13:28:45 +0700] "GET /wp-includes/js/underscore.min.js?ver=1.13.8 HTTP/2" 200 7228 "https://me.proid.vn/wp-login.php" "Mozilla/5.0 (Linux; Android 5.0) AppleWebKit/537.36 (KHTML, like Gecko) Mobile Safari/537.36 (compatible; Bytespider; spider-feedback@bytedance.com)"
47.128.109.64 - - [28/Jun/2026:13:28:45 +0700] "GET /wp-content/plugins/gtranslate/js/fc.js?ver=7.0 HTTP/2" 200 4600 "https://me.proid.vn/wp-login.php" "Mozilla/5.0 (Linux; Android 5.0) AppleWebKit/537.36 (KHTML, like Gecko) Mobile Safari/537.36 (compatible; Bytespider; spider-feedback@bytedance.com)"
47.128.109.64 - - [28/Jun/2026:13:28:45 +0700] "GET /wp-content/plugins/gtranslate/flags/svg/en-us.svg HTTP/2" 206 500 "https://me.proid.vn/wp-login.php" "Mozilla/5.0 (Linux; Android 5.0) AppleWebKit/537.36 (KHTML, like Gecko) Mobile Safari/537.36 (compatible; Bytespider; spider-feedback@bytedance.com)"
47.128.109.64 - - [28/Jun/2026:13:28:45 +0700] "GET /wp-content/plugins/gtranslate/flags/svg/zh-CN.svg HTTP/2" 206 441 "https://me.proid.vn/wp-login.php" "Mozilla/5.0 (Linux; Android 5.0) AppleWebKit/537.36 (KHTML, like Gecko) Mobile Safari/537.36 (compatible; Bytespider; spider-feedback@bytedance.com)"
47.128.109.64 - - [28/Jun/2026:13:28:45 +0700] "GET /wp-content/plugins/gtranslate/flags/svg/vi.svg HTTP/2" 206 490 "https://me.proid.vn/wp-login.php" "Mozilla/5.0 (Linux; Android 5.0) AppleWebKit/537.36 (KHTML, like Gecko) Mobile Safari/537.36 (compatible; Bytespider; spider-feedback@bytedance.com)"
47.128.109.64 - - [28/Jun/2026:13:28:46 +0700] "GET /wp-content/plugins/gtranslate/flags/svg/en-us.svg HTTP/2" 304 0 "https://me.proid.vn/wp-login.php" "Mozilla/5.0 (Linux; Android 5.0) AppleWebKit/537.36 (KHTML, like Gecko) Mobile Safari/537.36 (compatible; Bytespider; spider-feedback@bytedance.com)"
47.128.109.64 - - [28/Jun/2026:13:28:45 +0700] "GET /wp-includes/js/zxcvbn.min.js HTTP/2" 200 389493 "https://me.proid.vn/wp-login.php" "Mozilla/5.0 (Linux; Android 5.0) AppleWebKit/537.36 (KHTML, like Gecko) Mobile Safari/537.36 (compatible; Bytespider; spider-feedback@bytedance.com)"
47.128.109.64 - - [28/Jun/2026:13:28:46 +0700] "GET /wp-content/plugins/gtranslate/flags/svg/en-us.svg HTTP/2" 206 5580 "https://me.proid.vn/wp-login.php" "Mozilla/5.0 (Linux; Android 5.0) AppleWebKit/537.36 (KHTML, like Gecko) Mobile Safari/537.36 (compatible; Bytespider; spider-feedback@bytedance.com)"
157.15.40.77 - - [28/Jun/2026:13:29:47 +0700] "GET /wp-login.php HTTP/1.1" 200 7830 "-" "Mozilla/5.0 (Windows NT 10.0) AppleWebKit/537.36 (KHTML, like Gecko) Chrome/106.0.5249.91 Safari/537.36"
209.145.56.119 - - [28/Jun/2026:13:29:52 +0700] "GET /wp-login.php HTTP/2" 200 6968 "-" "Mozilla/5.0 (X11; Ubuntu; Linux x86_64) AppleWebKit/537.36 (KHTML, like Gecko) Chrome/133.0.0.0 Safari/537.36"
209.145.56.119 - - [28/Jun/2026:13:29:53 +0700] "POST /wp-login.php HTTP/2" 200 7077 "https://me.proid.vn/wp-login.php" "Mozilla/5.0 (X11; Ubuntu; Linux x86_64) AppleWebKit/537.36 (KHTML, like Gecko) Chrome/133.0.0.0 Safari/537.36"
148.72.144.211 - - [28/Jun/2026:13:33:57 +0700] "GET /wp-login.php HTTP/2" 200 6969 "-" "Mozilla/5.0 (X11; Linux x86_64; rv:133.0) Gecko/20100101 Firefox/133.0"
148.72.144.211 - - [28/Jun/2026:13:33:58 +0700] "POST /wp-login.php HTTP/2" 200 7077 "https://me.proid.vn/wp-login.php" "Mozilla/5.0 (X11; Linux x86_64; rv:133.0) Gecko/20100101 Firefox/133.0"
204.12.208.18 - - [28/Jun/2026:13:37:09 +0700] "GET /wp-includes/xaeeb6b/index.php HTTP/1.1" 200 0 "https://me.proid.vn/wp-includes/xaeeb6b/index.php" "Mozilla/5.0 (Macintosh; U; PPC Mac OS X; ja-jp) AppleWebKit/523.12 (KHTML, like Gecko) Version/3.0.4 Safari/523.12"
57.128.22.95 - - [28/Jun/2026:13:37:28 +0700] "GET /snjat-vip-kvartiru-na-sutki-v-minske-arenda-vip-27/ HTTP/1.1" 404 40674 "https://me.proid.vn/" "Mozilla/5.0 (Windows NT 10.0; Win64; x64) AppleWebKit/537.36 (KHTML, like Gecko) Chrome/143.0.0.0 Safari/537.36 Edg/143.0.0.0"
57.128.22.95 - - [28/Jun/2026:13:37:29 +0700] "GET / HTTP/1.1" 302 0 "-" "Mozilla/5.0 (Windows NT 10.0; Win64; x64) AppleWebKit/537.36 (KHTML, like Gecko) Chrome/143.0.0.0 Safari/537.36 Edg/143.0.0.0"
57.128.22.95 - - [28/Jun/2026:13:37:30 +0700] "GET /wp-login.php HTTP/1.1" 200 6969 "https://me.proid.vn" "Mozilla/5.0 (Windows NT 10.0; Win64; x64) AppleWebKit/537.36 (KHTML, like Gecko) Chrome/143.0.0.0 Safari/537.36 Edg/143.0.0.0"
94.20.25.28 - - [28/Jun/2026:13:37:51 +0700] "GET /wp-login.php HTTP/2" 200 6966 "-" "Mozilla/5.0 (Windows NT 10.0; Win64; x64) AppleWebKit/537.36 (KHTML, like Gecko) Chrome/133.0.0.0 Safari/537.36 Edg/133.0.0.0"
94.20.25.28 - - [28/Jun/2026:13:37:52 +0700] "POST /wp-login.php HTTP/2" 200 7077 "https://me.proid.vn/wp-login.php" "Mozilla/5.0 (Windows NT 10.0; Win64; x64) AppleWebKit/537.36 (KHTML, like Gecko) Chrome/133.0.0.0 Safari/537.36 Edg/133.0.0.0"
167.71.222.100 - - [28/Jun/2026:13:38:08 +0700] "GET /auth/oauth2 HTTP/1.1" 404 47681 "https://www.bing.com/" "Mozilla/5.0 (Linux; Android 15; SM-S918B) AppleWebKit/537.36 (KHTML, like Gecko) Chrome/135.0.0.0 Mobile Safari/537.36 OPR/109.0.0.0"
45.151.106.250 - - [28/Jun/2026:13:41:59 +0700] "POST /wp-login.php HTTP/1.1" 200 7079 "https://me.proid.vn/" "Mozilla/5.0 (Macintosh; Intel Mac OS X 10_15_7) AppleWebKit/537.36 (KHTML, like Gecko) Chrome/122.0.6261.94 Safari/537.36 ID/17be916c"
45.151.106.250 - - [28/Jun/2026:13:41:59 +0700] "GET /wp-admin/ HTTP/1.1" 302 0 "https://me.proid.vn/wp-login.php" "Mozilla/5.0 (Macintosh; Intel Mac OS X 10_15_7) AppleWebKit/537.36 (KHTML, like Gecko) Chrome/122.0.6261.94 Safari/537.36 ID/17be916c"
45.151.106.250 - - [28/Jun/2026:13:42:00 +0700] "GET /wp-login.php?redirect_to=https%3A%2F%2Fme.proid.vn%2Fwp-admin%2F&reauth=1 HTTP/1.1" 200 6971 "https://me.proid.vn/wp-login.php" "Mozilla/5.0 (Macintosh; Intel Mac OS X 10_15_7) AppleWebKit/537.36 (KHTML, like Gecko) Chrome/122.0.6261.94 Safari/537.36 ID/17be916c"
45.151.106.250 - - [28/Jun/2026:13:42:00 +0700] "GET /wp-admin/plugin-install.php?tab=upload HTTP/1.1" 302 0 "https://me.proid.vn/wp-admin/" "Mozilla/5.0 (Macintosh; Intel Mac OS X 10_15_7) AppleWebKit/537.36 (KHTML, like Gecko) Chrome/122.0.6261.94 Safari/537.36 ID/17be916c"
45.151.106.250 - - [28/Jun/2026:13:42:01 +0700] "GET /wp-login.php?redirect_to=https%3A%2F%2Fme.proid.vn%2Fwp-admin%2Fplugin-install.php%3Ftab%3Dupload&reauth=1 HTTP/1.1" 200 6993 "https://me.proid.vn/wp-admin/" "Mozilla/5.0 (Macintosh; Intel Mac OS X 10_15_7) AppleWebKit/537.36 (KHTML, like Gecko) Chrome/122.0.6261.94 Safari/537.36 ID/17be916c"
45.151.106.250 - - [28/Jun/2026:13:42:01 +0700] "GET /wp-admin/plugin-install.php?tab=upload HTTP/1.1" 302 0 "https://me.proid.vn/wp-admin/plugins.php" "Mozilla/5.0 (Macintosh; Intel Mac OS X 10_15_7) AppleWebKit/537.36 (KHTML, like Gecko) Chrome/122.0.6261.94 Safari/537.36 ID/17be916c"
45.151.106.250 - - [28/Jun/2026:13:42:02 +0700] "GET /wp-login.php?redirect_to=https%3A%2F%2Fme.proid.vn%2Fwp-admin%2Fplugin-install.php%3Ftab%3Dupload&reauth=1 HTTP/1.1" 200 6991 "https://me.proid.vn/wp-admin/plugins.php" "Mozilla/5.0 (Macintosh; Intel Mac OS X 10_15_7) AppleWebKit/537.36 (KHTML, like Gecko) Chrome/122.0.6261.94 Safari/537.36 ID/17be916c"
45.151.106.250 - - [28/Jun/2026:13:42:02 +0700] "GET /wp-admin/theme-install.php?tab=upload HTTP/1.1" 302 0 "https://me.proid.vn/wp-admin/themes.php" "Mozilla/5.0 (Macintosh; Intel Mac OS X 10_15_7) AppleWebKit/537.36 (KHTML, like Gecko) Chrome/122.0.6261.94 Safari/537.36 ID/17be916c"
45.151.106.250 - - [28/Jun/2026:13:42:03 +0700] "GET /wp-login.php?redirect_to=https%3A%2F%2Fme.proid.vn%2Fwp-admin%2Ftheme-install.php%3Ftab%3Dupload&reauth=1 HTTP/1.1" 200 6999 "https://me.proid.vn/wp-admin/themes.php" "Mozilla/5.0 (Macintosh; Intel Mac OS X 10_15_7) AppleWebKit/537.36 (KHTML, like Gecko) Chrome/122.0.6261.94 Safari/537.36 ID/17be916c"
45.151.106.250 - - [28/Jun/2026:13:42:03 +0700] "GET /wp-admin/theme-editor.php?file=404.php HTTP/1.1" 302 0 "https://me.proid.vn/wp-admin/themes.php" "Mozilla/5.0 (Macintosh; Intel Mac OS X 10_15_7) AppleWebKit/537.36 (KHTML, like Gecko) Chrome/122.0.6261.94 Safari/537.36 ID/17be916c"
45.151.106.250 - - [28/Jun/2026:13:42:04 +0700] "GET /wp-login.php?redirect_to=https%3A%2F%2Fme.proid.vn%2Fwp-admin%2Ftheme-editor.php%3Ffile%3D404.php&reauth=1 HTTP/1.1" 200 6994 "https://me.proid.vn/wp-admin/themes.php" "Mozilla/5.0 (Macintosh; Intel Mac OS X 10_15_7) AppleWebKit/537.36 (KHTML, like Gecko) Chrome/122.0.6261.94 Safari/537.36 ID/17be916c"
45.151.106.250 - - [28/Jun/2026:13:42:04 +0700] "GET /wp-admin/theme-editor.php?file=header.php HTTP/1.1" 302 0 "https://me.proid.vn/wp-admin/themes.php" "Mozilla/5.0 (Macintosh; Intel Mac OS X 10_15_7) AppleWebKit/537.36 (KHTML, like Gecko) Chrome/122.0.6261.94 Safari/537.36 ID/17be916c"
45.151.106.250 - - [28/Jun/2026:13:42:04 +0700] "GET /wp-login.php?redirect_to=https%3A%2F%2Fme.proid.vn%2Fwp-admin%2Ftheme-editor.php%3Ffile%3Dheader.php&reauth=1 HTTP/1.1" 200 6989 "https://me.proid.vn/wp-admin/themes.php" "Mozilla/5.0 (Macintosh; Intel Mac OS X 10_15_7) AppleWebKit/537.36 (KHTML, like Gecko) Chrome/122.0.6261.94 Safari/537.36 ID/17be916c"
45.151.106.250 - - [28/Jun/2026:13:42:05 +0700] "GET /wp-admin/theme-editor.php?file=footer.php HTTP/1.1" 302 0 "https://me.proid.vn/wp-admin/themes.php" "Mozilla/5.0 (Macintosh; Intel Mac OS X 10_15_7) AppleWebKit/537.36 (KHTML, like Gecko) Chrome/122.0.6261.94 Safari/537.36 ID/17be916c"
14.225.203.84 - - [28/Jun/2026:13:42:06 +0700] "POST /wp-cron.php?doing_wp_cron=1782628926.0724430084228515625000 HTTP/1.1" 200 0 "-" "WordPress/7.0; https://me.proid.vn"
45.151.106.250 - - [28/Jun/2026:13:42:05 +0700] "GET /wp-login.php?redirect_to=https%3A%2F%2Fme.proid.vn%2Fwp-admin%2Ftheme-editor.php%3Ffile%3Dfooter.php&reauth=1 HTTP/1.1" 200 6988 "https://me.proid.vn/wp-admin/themes.php" "Mozilla/5.0 (Macintosh; Intel Mac OS X 10_15_7) AppleWebKit/537.36 (KHTML, like Gecko) Chrome/122.0.6261.94 Safari/537.36 ID/17be916c"
45.151.106.250 - - [28/Jun/2026:13:42:06 +0700] "GET /wp-admin/theme-editor.php?file=sidebar.php HTTP/1.1" 302 0 "https://me.proid.vn/wp-admin/themes.php" "Mozilla/5.0 (Macintosh; Intel Mac OS X 10_15_7) AppleWebKit/537.36 (KHTML, like Gecko) Chrome/122.0.6261.94 Safari/537.36 ID/17be916c"
45.151.106.250 - - [28/Jun/2026:13:42:06 +0700] "GET /wp-login.php?redirect_to=https%3A%2F%2Fme.proid.vn%2Fwp-admin%2Ftheme-editor.php%3Ffile%3Dsidebar.php&reauth=1 HTTP/1.1" 200 6993 "https://me.proid.vn/wp-admin/themes.php" "Mozilla/5.0 (Macintosh; Intel Mac OS X 10_15_7) AppleWebKit/537.36 (KHTML, like Gecko) Chrome/122.0.6261.94 Safari/537.36 ID/17be916c"
45.151.106.250 - - [28/Jun/2026:13:42:07 +0700] "GET /wp-admin/theme-editor.php?file=archive.php HTTP/1.1" 302 0 "https://me.proid.vn/wp-admin/themes.php" "Mozilla/5.0 (Macintosh; Intel Mac OS X 10_15_7) AppleWebKit/537.36 (KHTML, like Gecko) Chrome/122.0.6261.94 Safari/537.36 ID/17be916c"
45.151.106.250 - - [28/Jun/2026:13:42:07 +0700] "GET /wp-login.php?redirect_to=https%3A%2F%2Fme.proid.vn%2Fwp-admin%2Ftheme-editor.php%3Ffile%3Darchive.php&reauth=1 HTTP/1.1" 200 6991 "https://me.proid.vn/wp-admin/themes.php" "Mozilla/5.0 (Macintosh; Intel Mac OS X 10_15_7) AppleWebKit/537.36 (KHTML, like Gecko) Chrome/122.0.6261.94 Safari/537.36 ID/17be916c"
45.151.106.250 - - [28/Jun/2026:13:42:08 +0700] "GET /wp-admin/theme-editor.php?file=single.php HTTP/1.1" 302 0 "https://me.proid.vn/wp-admin/themes.php" "Mozilla/5.0 (Macintosh; Intel Mac OS X 10_15_7) AppleWebKit/537.36 (KHTML, like Gecko) Chrome/122.0.6261.94 Safari/537.36 ID/17be916c"
45.151.106.250 - - [28/Jun/2026:13:42:08 +0700] "GET /wp-login.php?redirect_to=https%3A%2F%2Fme.proid.vn%2Fwp-admin%2Ftheme-editor.php%3Ffile%3Dsingle.php&reauth=1 HTTP/1.1" 200 6988 "https://me.proid.vn/wp-admin/themes.php" "Mozilla/5.0 (Macintosh; Intel Mac OS X 10_15_7) AppleWebKit/537.36 (KHTML, like Gecko) Chrome/122.0.6261.94 Safari/537.36 ID/17be916c"
45.151.106.250 - - [28/Jun/2026:13:42:08 +0700] "GET /wp-admin/theme-editor.php?file=index.php HTTP/1.1" 302 0 "https://me.proid.vn/wp-admin/themes.php" "Mozilla/5.0 (Macintosh; Intel Mac OS X 10_15_7) AppleWebKit/537.36 (KHTML, like Gecko) Chrome/122.0.6261.94 Safari/537.36 ID/17be916c"
45.151.106.250 - - [28/Jun/2026:13:42:09 +0700] "GET /wp-login.php?redirect_to=https%3A%2F%2Fme.proid.vn%2Fwp-admin%2Ftheme-editor.php%3Ffile%3Dindex.php&reauth=1 HTTP/1.1" 200 6992 "https://me.proid.vn/wp-admin/themes.php" "Mozilla/5.0 (Macintosh; Intel Mac OS X 10_15_7) AppleWebKit/537.36 (KHTML, like Gecko) Chrome/122.0.6261.94 Safari/537.36 ID/17be916c"
45.151.106.250 - - [28/Jun/2026:13:42:09 +0700] "GET /wp-admin/plugin-editor.php HTTP/1.1" 302 0 "https://me.proid.vn/wp-admin/plugins.php" "Mozilla/5.0 (Macintosh; Intel Mac OS X 10_15_7) AppleWebKit/537.36 (KHTML, like Gecko) Chrome/122.0.6261.94 Safari/537.36 ID/17be916c"
45.151.106.250 - - [28/Jun/2026:13:42:10 +0700] "GET /wp-login.php?redirect_to=https%3A%2F%2Fme.proid.vn%2Fwp-admin%2Fplugin-editor.php&reauth=1 HTTP/1.1" 200 6985 "https://me.proid.vn/wp-admin/plugins.php" "Mozilla/5.0 (Macintosh; Intel Mac OS X 10_15_7) AppleWebKit/537.36 (KHTML, like Gecko) Chrome/122.0.6261.94 Safari/537.36 ID/17be916c"
45.151.106.250 - - [28/Jun/2026:13:42:11 +0700] "GET /wp-admin/ HTTP/1.1" 302 0 "https://me.proid.vn/wp-login.php" "Mozilla/5.0 (Macintosh; Intel Mac OS X 10_15_7) AppleWebKit/537.36 (KHTML, like Gecko) Chrome/122.0.6261.94 Safari/537.36 ID/17be916c"
45.151.106.250 - - [28/Jun/2026:13:42:11 +0700] "GET /wp-login.php?redirect_to=https%3A%2F%2Fme.proid.vn%2Fwp-admin%2F&reauth=1 HTTP/1.1" 200 6970 "https://me.proid.vn/wp-login.php" "Mozilla/5.0 (Macintosh; Intel Mac OS X 10_15_7) AppleWebKit/537.36 (KHTML, like Gecko) Chrome/122.0.6261.94 Safari/537.36 ID/17be916c"
45.151.106.250 - - [28/Jun/2026:13:42:11 +0700] "POST /wp-json/wp/v2/media HTTP/1.1" 403 104 "https://me.proid.vn/wp-admin/media-new.php" "Mozilla/5.0 (Macintosh; Intel Mac OS X 10_15_7) AppleWebKit/537.36 (KHTML, like Gecko) Chrome/122.0.6261.94 Safari/537.36 ID/17be916c"
45.151.106.250 - - [28/Jun/2026:13:42:12 +0700] "POST /wp-json/wp/v2/media HTTP/1.1" 403 104 "https://me.proid.vn/wp-admin/media-new.php" "Mozilla/5.0 (Macintosh; Intel Mac OS X 10_15_7) AppleWebKit/537.36 (KHTML, like Gecko) Chrome/122.0.6261.94 Safari/537.36 ID/17be916c"
45.151.106.250 - - [28/Jun/2026:13:42:13 +0700] "POST /wp-json/wp/v2/media HTTP/1.1" 403 104 "https://me.proid.vn/wp-admin/media-new.php" "Mozilla/5.0 (Macintosh; Intel Mac OS X 10_15_7) AppleWebKit/537.36 (KHTML, like Gecko) Chrome/122.0.6261.94 Safari/537.36 ID/17be916c"
45.151.106.250 - - [28/Jun/2026:13:42:13 +0700] "POST /wp-json/wp/v2/media HTTP/1.1" 403 104 "https://me.proid.vn/wp-admin/media-new.php" "Mozilla/5.0 (Macintosh; Intel Mac OS X 10_15_7) AppleWebKit/537.36 (KHTML, like Gecko) Chrome/122.0.6261.94 Safari/537.36 ID/17be916c"
45.151.106.250 - - [28/Jun/2026:13:42:14 +0700] "POST /wp-json/wp/v2/media HTTP/1.1" 403 104 "https://me.proid.vn/wp-admin/media-new.php" "Mozilla/5.0 (Macintosh; Intel Mac OS X 10_15_7) AppleWebKit/537.36 (KHTML, like Gecko) Chrome/122.0.6261.94 Safari/537.36 ID/17be916c"
45.151.106.250 - - [28/Jun/2026:13:42:15 +0700] "POST /wp-json/wp/v2/media HTTP/1.1" 403 104 "https://me.proid.vn/wp-admin/media-new.php" "Mozilla/5.0 (Macintosh; Intel Mac OS X 10_15_7) AppleWebKit/537.36 (KHTML, like Gecko) Chrome/122.0.6261.94 Safari/537.36 ID/17be916c"
45.151.106.250 - - [28/Jun/2026:13:42:16 +0700] "POST /wp-json/wp/v2/media HTTP/1.1" 403 104 "https://me.proid.vn/wp-admin/media-new.php" "Mozilla/5.0 (Macintosh; Intel Mac OS X 10_15_7) AppleWebKit/537.36 (KHTML, like Gecko) Chrome/122.0.6261.94 Safari/537.36 ID/17be916c"
45.151.106.250 - - [28/Jun/2026:13:42:17 +0700] "POST /wp-json/wp/v2/media HTTP/1.1" 403 104 "https://me.proid.vn/wp-admin/media-new.php" "Mozilla/5.0 (Macintosh; Intel Mac OS X 10_15_7) AppleWebKit/537.36 (KHTML, like Gecko) Chrome/122.0.6261.94 Safari/537.36 ID/17be916c"
45.151.106.250 - - [28/Jun/2026:13:42:18 +0700] "POST /wp-json/wp/v2/media HTTP/1.1" 403 104 "https://me.proid.vn/wp-admin/media-new.php" "Mozilla/5.0 (Macintosh; Intel Mac OS X 10_15_7) AppleWebKit/537.36 (KHTML, like Gecko) Chrome/122.0.6261.94 Safari/537.36 ID/17be916c"
45.151.106.250 - - [28/Jun/2026:13:42:18 +0700] "POST /wp-json/wp/v2/media HTTP/1.1" 403 104 "https://me.proid.vn/wp-admin/media-new.php" "Mozilla/5.0 (Macintosh; Intel Mac OS X 10_15_7) AppleWebKit/537.36 (KHTML, like Gecko) Chrome/122.0.6261.94 Safari/537.36 ID/17be916c"
45.151.106.250 - - [28/Jun/2026:13:42:19 +0700] "POST /wp-json/wp/v2/media HTTP/1.1" 403 104 "https://me.proid.vn/wp-admin/media-new.php" "Mozilla/5.0 (Macintosh; Intel Mac OS X 10_15_7) AppleWebKit/537.36 (KHTML, like Gecko) Chrome/122.0.6261.94 Safari/537.36 ID/17be916c"
45.151.106.250 - - [28/Jun/2026:13:42:25 +0700] "GET /wp-admin/admin.php?page=wp_file_manager HTTP/1.1" 302 0 "https://me.proid.vn/wp-admin/" "Mozilla/5.0 (Macintosh; Intel Mac OS X 10_15_7) AppleWebKit/537.36 (KHTML, like Gecko) Chrome/122.0.6261.94 Safari/537.36 ID/17be916c"
45.151.106.250 - - [28/Jun/2026:13:42:30 +0700] "GET /wp-login.php?redirect_to=https%3A%2F%2Fme.proid.vn%2Fwp-admin%2Fadmin.php%3Fpage%3Dwp_file_manager&reauth=1 HTTP/1.1" 200 6991 "https://me.proid.vn/wp-admin/" "Mozilla/5.0 (Macintosh; Intel Mac OS X 10_15_7) AppleWebKit/537.36 (KHTML, like Gecko) Chrome/122.0.6261.94 Safari/537.36 ID/17be916c"
45.151.106.250 - - [28/Jun/2026:13:42:35 +0700] "POST /wp-admin/admin-ajax.php HTTP/1.1" 400 5 "https://me.proid.vn/wp-admin/admin.php?page=wp_file_manager" "Mozilla/5.0 (Macintosh; Intel Mac OS X 10_15_7) AppleWebKit/537.36 (KHTML, like Gecko) Chrome/122.0.6261.94 Safari/537.36 ID/17be916c"
45.151.106.250 - - [28/Jun/2026:13:42:41 +0700] "GET /4fc0cfa282b04fcf.php HTTP/1.1" 404 40674 "https://me.proid.vn/4fc0cfa282b04fcf.php" "Mozilla/5.0 (Macintosh; Intel Mac OS X 10_15_7) AppleWebKit/537.36 (KHTML, like Gecko) Chrome/122.0.6261.94 Safari/537.36 ID/17be916c"
20.226.3.20 - - [28/Jun/2026:13:42:44 +0700] "GET /inputs.php HTTP/1.1" 404 40674 "-" "Mozilla/5.0 (Windows NT 10.0; Win64; x64) AppleWebKit/537.36 (KHTML, like Gecko) Chrome/120.0.0.0 Safari/537.36"
20.226.3.20 - - [28/Jun/2026:13:42:45 +0700] "GET /ioxi-o.php HTTP/1.1" 404 40674 "-" "Mozilla/5.0 (Windows NT 10.0; Win64; x64) AppleWebKit/537.36 (KHTML, like Gecko) Chrome/120.0.0.0 Safari/537.36"
20.226.3.20 - - [28/Jun/2026:13:42:45 +0700] "GET /function/function.php HTTP/1.1" 404 40674 "-" "Mozilla/5.0 (Windows NT 10.0; Win64; x64) AppleWebKit/537.36 (KHTML, like Gecko) Chrome/120.0.0.0 Safari/537.36"
20.226.3.20 - - [28/Jun/2026:13:42:46 +0700] "GET /rip.php HTTP/1.1" 404 40674 "-" "Mozilla/5.0 (Windows NT 10.0; Win64; x64) AppleWebKit/537.36 (KHTML, like Gecko) Chrome/120.0.0.0 Safari/537.36"
45.151.106.250 - - [28/Jun/2026:13:42:47 +0700] "GET /4fc0cfa282b04fcf.php HTTP/1.1" 404 40674 "https://me.proid.vn/4fc0cfa282b04fcf.php" "Mozilla/5.0 (Macintosh; Intel Mac OS X 10_15_7) AppleWebKit/537.36 (KHTML, like Gecko) Chrome/122.0.6261.94 Safari/537.36 ID/17be916c"
20.226.3.20 - - [28/Jun/2026:13:42:46 +0700] "GET /admin.php HTTP/1.1" 404 40674 "-" "Mozilla/5.0 (Windows NT 10.0; Win64; x64) AppleWebKit/537.36 (KHTML, like Gecko) Chrome/120.0.0.0 Safari/537.36"
20.226.3.20 - - [28/Jun/2026:13:42:47 +0700] "GET /wp-content/uploads/index.php HTTP/1.1" 301 0 "-" "Mozilla/5.0 (Windows NT 10.0; Win64; x64) AppleWebKit/537.36 (KHTML, like Gecko) Chrome/120.0.0.0 Safari/537.36"
20.226.3.20 - - [28/Jun/2026:13:42:47 +0700] "GET /cache.php HTTP/1.1" 404 40674 "-" "Mozilla/5.0 (Windows NT 10.0; Win64; x64) AppleWebKit/537.36 (KHTML, like Gecko) Chrome/120.0.0.0 Safari/537.36"
20.226.3.20 - - [28/Jun/2026:13:42:48 +0700] "GET /themes.php HTTP/1.1" 404 40674 "-" "Mozilla/5.0 (Windows NT 10.0; Win64; x64) AppleWebKit/537.36 (KHTML, like Gecko) Chrome/120.0.0.0 Safari/537.36"
20.226.3.20 - - [28/Jun/2026:13:42:49 +0700] "GET /an.php HTTP/1.1" 404 40674 "-" "Mozilla/5.0 (Windows NT 10.0; Win64; x64) AppleWebKit/537.36 (KHTML, like Gecko) Chrome/120.0.0.0 Safari/537.36"
20.226.3.20 - - [28/Jun/2026:13:42:49 +0700] "GET /index/function.php HTTP/1.1" 404 40674 "-" "Mozilla/5.0 (Windows NT 10.0; Win64; x64) AppleWebKit/537.36 (KHTML, like Gecko) Chrome/120.0.0.0 Safari/537.36"
42.114.70.142 - - [28/Jun/2026:13:42:50 +0700] "GET /?my-pro-id=proid5867088f HTTP/2" 200 2172 "-" "Mozilla/5.0 (iPhone; CPU iPhone OS 17_4_1 like Mac OS X) AppleWebKit/605.1.15 (KHTML, like Gecko) Version/17.4.1 Mobile/15E148 Safari/604.1"
42.114.70.142 - - [28/Jun/2026:13:42:50 +0700] "GET /wp-content/themes/hello-elementor-child/proid-card/css/main.css?v=3.5.2 HTTP/2" 200 7409 "https://me.proid.vn/?my-pro-id=proid5867088f" "Mozilla/5.0 (iPhone; CPU iPhone OS 17_4_1 like Mac OS X) AppleWebKit/605.1.15 (KHTML, like Gecko) Version/17.4.1 Mobile/15E148 Safari/604.1"
42.114.70.142 - - [28/Jun/2026:13:42:50 +0700] "GET /wp-content/themes/hello-elementor-child/proid-card/js/app.js?v=3.5.2 HTTP/2" 200 19555 "https://me.proid.vn/?my-pro-id=proid5867088f" "Mozilla/5.0 (iPhone; CPU iPhone OS 17_4_1 like Mac OS X) AppleWebKit/605.1.15 (KHTML, like Gecko) Version/17.4.1 Mobile/15E148 Safari/604.1"
20.226.3.20 - - [28/Jun/2026:13:42:50 +0700] "GET /randkeyword.PhP7 HTTP/1.1" 404 40674 "-" "Mozilla/5.0 (Windows NT 10.0; Win64; x64) AppleWebKit/537.36 (KHTML, like Gecko) Chrome/120.0.0.0 Safari/537.36"
20.226.3.20 - - [28/Jun/2026:13:42:50 +0700] "GET /ws.php HTTP/1.1" 404 40674 "-" "Mozilla/5.0 (Windows NT 10.0; Win64; x64) AppleWebKit/537.36 (KHTML, like Gecko) Chrome/120.0.0.0 Safari/537.36"
20.226.3.20 - - [28/Jun/2026:13:42:51 +0700] "GET /404.php HTTP/1.1" 404 40674 "-" "Mozilla/5.0 (Windows NT 10.0; Win64; x64) AppleWebKit/537.36 (KHTML, like Gecko) Chrome/120.0.0.0 Safari/537.36"
42.114.70.142 - - [28/Jun/2026:13:42:51 +0700] "GET /wp-content/themes/hello-elementor-child/proid-card/js/data.js HTTP/2" 200 1385 "https://me.proid.vn/?my-pro-id=proid5867088f" "Mozilla/5.0 (iPhone; CPU iPhone OS 17_4_1 like Mac OS X) AppleWebKit/605.1.15 (KHTML, like Gecko) Version/17.4.1 Mobile/15E148 Safari/604.1"
42.114.70.142 - - [28/Jun/2026:13:42:51 +0700] "GET /wp-content/themes/hello-elementor-child/proid-card/js/vcard.js HTTP/2" 200 1620 "https://me.proid.vn/?my-pro-id=proid5867088f" "Mozilla/5.0 (iPhone; CPU iPhone OS 17_4_1 like Mac OS X) AppleWebKit/605.1.15 (KHTML, like Gecko) Version/17.4.1 Mobile/15E148 Safari/604.1"
42.114.70.142 - - [28/Jun/2026:13:42:51 +0700] "GET /wp-content/themes/hello-elementor-child/proid-card/js/icons.js HTTP/2" 200 2022 "https://me.proid.vn/?my-pro-id=proid5867088f" "Mozilla/5.0 (iPhone; CPU iPhone OS 17_4_1 like Mac OS X) AppleWebKit/605.1.15 (KHTML, like Gecko) Version/17.4.1 Mobile/15E148 Safari/604.1"
42.114.70.142 - - [28/Jun/2026:13:42:51 +0700] "GET /wp-content/themes/hello-elementor-child/proid-card/assets/icons/vi.jpeg HTTP/2" 200 26731 "https://me.proid.vn/?my-pro-id=proid5867088f" "Mozilla/5.0 (iPhone; CPU iPhone OS 17_4_1 like Mac OS X) AppleWebKit/605.1.15 (KHTML, like Gecko) Version/17.4.1 Mobile/15E148 Safari/604.1"
42.114.70.142 - - [28/Jun/2026:13:42:51 +0700] "GET /wp-content/uploads/jet-form-builder/b20028e114322253de5fcda69f56826b/2026/04/IMG_1641.jpeg HTTP/2" 200 111346 "https://me.proid.vn/?my-pro-id=proid5867088f" "Mozilla/5.0 (iPhone; CPU iPhone OS 17_4_1 like Mac OS X) AppleWebKit/605.1.15 (KHTML, like Gecko) Version/17.4.1 Mobile/15E148 Safari/604.1"
42.114.70.142 - - [28/Jun/2026:13:42:51 +0700] "GET /wp-content/uploads/jet-form-builder/b20028e114322253de5fcda69f56826b/2026/04/4ee4556e-3c73-4fd2-83c3-ee1da8331df8.jpeg HTTP/2" 200 8708 "https://me.proid.vn/?my-pro-id=proid5867088f" "Mozilla/5.0 (iPhone; CPU iPhone OS 17_4_1 like Mac OS X) AppleWebKit/605.1.15 (KHTML, like Gecko) Version/17.4.1 Mobile/15E148 Safari/604.1"
42.114.70.142 - - [28/Jun/2026:13:42:51 +0700] "GET /wp-content/uploads/jet-form-builder/b20028e114322253de5fcda69f56826b/2026/04/1JN0EAT7U_CTD25K.jpeg HTTP/2" 200 40335 "https://me.proid.vn/?my-pro-id=proid5867088f" "Mozilla/5.0 (iPhone; CPU iPhone OS 17_4_1 like Mac OS X) AppleWebKit/605.1.15 (KHTML, like Gecko) Version/17.4.1 Mobile/15E148 Safari/604.1"
42.114.70.142 - - [28/Jun/2026:13:42:51 +0700] "GET /wp-content/themes/hello-elementor-child/proid-card/assets/icons/Icon-01.png HTTP/2" 200 8922 "https://me.proid.vn/?my-pro-id=proid5867088f" "Mozilla/5.0 (iPhone; CPU iPhone OS 17_4_1 like Mac OS X) AppleWebKit/605.1.15 (KHTML, like Gecko) Version/17.4.1 Mobile/15E148 Safari/604.1"
42.114.70.142 - - [28/Jun/2026:13:42:51 +0700] "GET /wp-content/themes/hello-elementor-child/proid-card/assets/icons/Icon-03.png HTTP/2" 200 13000 "https://me.proid.vn/?my-pro-id=proid5867088f" "Mozilla/5.0 (iPhone; CPU iPhone OS 17_4_1 like Mac OS X) AppleWebKit/605.1.15 (KHTML, like Gecko) Version/17.4.1 Mobile/15E148 Safari/604.1"
42.114.70.142 - - [28/Jun/2026:13:42:51 +0700] "GET /wp-content/themes/hello-elementor-child/proid-card/assets/icons/Icon-18.png HTTP/2" 200 17899 "https://me.proid.vn/?my-pro-id=proid5867088f" "Mozilla/5.0 (iPhone; CPU iPhone OS 17_4_1 like Mac OS X) AppleWebKit/605.1.15 (KHTML, like Gecko) Version/17.4.1 Mobile/15E148 Safari/604.1"
42.114.70.142 - - [28/Jun/2026:13:42:51 +0700] "GET /wp-content/themes/hello-elementor-child/proid-card/assets/icons/Icon-05.png HTTP/2" 200 11310 "https://me.proid.vn/?my-pro-id=proid5867088f" "Mozilla/5.0 (iPhone; CPU iPhone OS 17_4_1 like Mac OS X) AppleWebKit/605.1.15 (KHTML, like Gecko) Version/17.4.1 Mobile/15E148 Safari/604.1"
42.114.70.142 - - [28/Jun/2026:13:42:51 +0700] "GET /wp-content/themes/hello-elementor-child/proid-card/assets/images/bg.jpg HTTP/2" 200 11941 "https://me.proid.vn/?my-pro-id=proid5867088f" "Mozilla/5.0 (iPhone; CPU iPhone OS 17_4_1 like Mac OS X) AppleWebKit/605.1.15 (KHTML, like Gecko) Version/17.4.1 Mobile/15E148 Safari/604.1"
42.114.70.142 - - [28/Jun/2026:13:42:51 +0700] "GET /favicon.ico HTTP/2" 404 1251 "https://me.proid.vn/?my-pro-id=proid5867088f" "Mozilla/5.0 (iPhone; CPU iPhone OS 17_4_1 like Mac OS X) AppleWebKit/605.1.15 (KHTML, like Gecko) Version/17.4.1 Mobile/15E148 Safari/604.1"
45.151.106.250 - - [28/Jun/2026:13:42:50 +0700] "GET /4fc0cfa282b04fcf.php HTTP/1.1" 404 40674 "https://me.proid.vn/4fc0cfa282b04fcf.php" "Mozilla/5.0 (Macintosh; Intel Mac OS X 10_15_7) AppleWebKit/537.36 (KHTML, like Gecko) Chrome/122.0.6261.94 Safari/537.36 ID/17be916c"
45.151.106.250 - - [28/Jun/2026:13:42:51 +0700] "GET /wp-content/uploads/4fc0cfa282b04fcf.php HTTP/1.1" 404 40724 "https://me.proid.vn/wp-content/uploads/4fc0cfa282b04fcf.php" "Mozilla/5.0 (Macintosh; Intel Mac OS X 10_15_7) AppleWebKit/537.36 (KHTML, like Gecko) Chrome/122.0.6261.94 Safari/537.36 ID/17be916c"
20.226.3.20 - - [28/Jun/2026:13:42:51 +0700] "GET /wp-admin/user.php HTTP/1.1" 404 40674 "-" "Mozilla/5.0 (Windows NT 10.0; Win64; x64) AppleWebKit/537.36 (KHTML, like Gecko) Chrome/120.0.0.0 Safari/537.36"
20.226.3.20 - - [28/Jun/2026:13:42:52 +0700] "GET /wp-conf.php HTTP/1.1" 404 40674 "-" "Mozilla/5.0 (Windows NT 10.0; Win64; x64) AppleWebKit/537.36 (KHTML, like Gecko) Chrome/120.0.0.0 Safari/537.36"
45.151.106.250 - - [28/Jun/2026:13:42:53 +0700] "GET /wp-content/uploads/4fc0cfa282b04fcf.php HTTP/1.1" 404 40724 "https://me.proid.vn/wp-content/uploads/4fc0cfa282b04fcf.php" "Mozilla/5.0 (Macintosh; Intel Mac OS X 10_15_7) AppleWebKit/537.36 (KHTML, like Gecko) Chrome/122.0.6261.94 Safari/537.36 ID/17be916c"
20.226.3.20 - - [28/Jun/2026:13:42:53 +0700] "GET /wp-content/themes/hideo/network.php HTTP/1.1" 404 40724 "-" "Mozilla/5.0 (Windows NT 10.0; Win64; x64) AppleWebKit/537.36 (KHTML, like Gecko) Chrome/120.0.0.0 Safari/537.36"
20.226.3.20 - - [28/Jun/2026:13:42:53 +0700] "GET /wp-login.php HTTP/1.1" 200 6968 "-" "Mozilla/5.0 (Windows NT 10.0; Win64; x64) AppleWebKit/537.36 (KHTML, like Gecko) Chrome/120.0.0.0 Safari/537.36"
20.226.3.20 - - [28/Jun/2026:13:42:54 +0700] "GET /abc.php HTTP/1.1" 404 40674 "-" "Mozilla/5.0 (Windows NT 10.0; Win64; x64) AppleWebKit/537.36 (KHTML, like Gecko) Chrome/120.0.0.0 Safari/537.36"
20.226.3.20 - - [28/Jun/2026:13:42:54 +0700] "GET /abcd.php HTTP/1.1" 404 40674 "-" "Mozilla/5.0 (Windows NT 10.0; Win64; x64) AppleWebKit/537.36 (KHTML, like Gecko) Chrome/120.0.0.0 Safari/537.36"
20.226.3.20 - - [28/Jun/2026:13:42:55 +0700] "GET /as.php HTTP/1.1" 404 40674 "-" "Mozilla/5.0 (Windows NT 10.0; Win64; x64) AppleWebKit/537.36 (KHTML, like Gecko) Chrome/120.0.0.0 Safari/537.36"
20.226.3.20 - - [28/Jun/2026:13:42:55 +0700] "GET /wp-trackback.php HTTP/1.1" 404 112 "-" "Mozilla/5.0 (Windows NT 10.0; Win64; x64) AppleWebKit/537.36 (KHTML, like Gecko) Chrome/120.0.0.0 Safari/537.36"
45.151.106.250 - - [28/Jun/2026:13:42:55 +0700] "GET /wp-admin/media-new.php HTTP/1.1" 302 0 "https://me.proid.vn/wp-admin/" "Mozilla/5.0 (Macintosh; Intel Mac OS X 10_15_7) AppleWebKit/537.36 (KHTML, like Gecko) Chrome/122.0.6261.94 Safari/537.36 ID/17be916c"
45.151.106.250 - - [28/Jun/2026:13:42:55 +0700] "GET /wp-login.php?redirect_to=https%3A%2F%2Fme.proid.vn%2Fwp-admin%2Fmedia-new.php&reauth=1 HTTP/1.1" 200 6983 "https://me.proid.vn/wp-admin/" "Mozilla/5.0 (Macintosh; Intel Mac OS X 10_15_7) AppleWebKit/537.36 (KHTML, like Gecko) Chrome/122.0.6261.94 Safari/537.36 ID/17be916c"
45.151.106.250 - - [28/Jun/2026:13:42:56 +0700] "POST /xmlrpc.php HTTP/1.1" 405 217 "https://me.proid.vn/" "Mozilla/5.0 (Macintosh; Intel Mac OS X 10_15_7) AppleWebKit/537.36 (KHTML, like Gecko) Chrome/122.0.6261.94 Safari/537.36 ID/17be916c"
20.226.3.20 - - [28/Jun/2026:13:42:56 +0700] "GET /about.php HTTP/1.1" 404 40674 "-" "Mozilla/5.0 (Windows NT 10.0; Win64; x64) AppleWebKit/537.36 (KHTML, like Gecko) Chrome/120.0.0.0 Safari/537.36"
20.226.3.20 - - [28/Jun/2026:13:42:56 +0700] "GET /file.php HTTP/1.1" 404 40674 "-" "Mozilla/5.0 (Windows NT 10.0; Win64; x64) AppleWebKit/537.36 (KHTML, like Gecko) Chrome/120.0.0.0 Safari/537.36"
20.226.3.20 - - [28/Jun/2026:13:42:57 +0700] "GET /adminfuns.php HTTP/1.1" 404 40674 "-" "Mozilla/5.0 (Windows NT 10.0; Win64; x64) AppleWebKit/537.36 (KHTML, like Gecko) Chrome/120.0.0.0 Safari/537.36"
45.151.106.250 - - [28/Jun/2026:13:42:56 +0700] "PUT /wp-content/uploads/2026/06/c654140f3a4f.php HTTP/1.1" 404 40724 "https://me.proid.vn/" "Mozilla/5.0 (Macintosh; Intel Mac OS X 10_15_7) AppleWebKit/537.36 (KHTML, like Gecko) Chrome/122.0.6261.94 Safari/537.36 ID/17be916c"
45.151.106.250 - - [28/Jun/2026:13:42:57 +0700] "PUT /wp-content/uploads/c654140f3a4f.php HTTP/1.1" 404 40724 "https://me.proid.vn/" "Mozilla/5.0 (Macintosh; Intel Mac OS X 10_15_7) AppleWebKit/537.36 (KHTML, like Gecko) Chrome/122.0.6261.94 Safari/537.36 ID/17be916c"
45.151.106.250 - - [28/Jun/2026:13:42:58 +0700] "PUT /wp-content/c654140f3a4f.php HTTP/1.1" 404 40674 "https://me.proid.vn/" "Mozilla/5.0 (Macintosh; Intel Mac OS X 10_15_7) AppleWebKit/537.36 (KHTML, like Gecko) Chrome/122.0.6261.94 Safari/537.36 ID/17be916c"
20.226.3.20 - - [28/Jun/2026:13:42:58 +0700] "GET /wp-good.php HTTP/1.1" 404 40674 "-" "Mozilla/5.0 (Windows NT 10.0; Win64; x64) AppleWebKit/537.36 (KHTML, like Gecko) Chrome/120.0.0.0 Safari/537.36"
20.226.3.20 - - [28/Jun/2026:13:42:58 +0700] "GET /xmlrpc.php HTTP/1.1" 405 46 "-" "Mozilla/5.0 (Windows NT 10.0; Win64; x64) AppleWebKit/537.36 (KHTML, like Gecko) Chrome/120.0.0.0 Safari/537.36"
20.226.3.20 - - [28/Jun/2026:13:42:59 +0700] "GET /goods.php HTTP/1.1" 404 40674 "-" "Mozilla/5.0 (Windows NT 10.0; Win64; x64) AppleWebKit/537.36 (KHTML, like Gecko) Chrome/120.0.0.0 Safari/537.36"
45.151.106.250 - - [28/Jun/2026:13:42:58 +0700] "PUT /c654140f3a4f.php HTTP/1.1" 404 40674 "https://me.proid.vn/" "Mozilla/5.0 (Macintosh; Intel Mac OS X 10_15_7) AppleWebKit/537.36 (KHTML, like Gecko) Chrome/122.0.6261.94 Safari/537.36 ID/17be916c"
45.151.106.250 - - [28/Jun/2026:13:42:59 +0700] "POST /xmlrpc.php HTTP/1.1" 405 217 "-" "Mozilla/5.0 (Macintosh; Intel Mac OS X 10_15_7) AppleWebKit/537.36 (KHTML, like Gecko) Chrome/122.0.6261.94 Safari/537.36 ID/17be916c"
45.151.106.250 - - [28/Jun/2026:13:42:59 +0700] "POST /xmlrpc.php HTTP/1.1" 405 217 "-" "Mozilla/5.0 (Macintosh; Intel Mac OS X 10_15_7) AppleWebKit/537.36 (KHTML, like Gecko) Chrome/122.0.6261.94 Safari/537.36 ID/17be916c"
20.226.3.20 - - [28/Jun/2026:13:43:00 +0700] "GET /class-t.api.php HTTP/1.1" 404 40674 "-" "Mozilla/5.0 (Windows NT 10.0; Win64; x64) AppleWebKit/537.36 (KHTML, like Gecko) Chrome/120.0.0.0 Safari/537.36"
45.151.106.250 - - [28/Jun/2026:13:43:01 +0700] "POST /xmlrpc.php HTTP/1.1" 405 217 "-" "Mozilla/5.0 (Macintosh; Intel Mac OS X 10_15_7) AppleWebKit/537.36 (KHTML, like Gecko) Chrome/122.0.6261.94 Safari/537.36 ID/17be916c"
45.151.106.250 - - [28/Jun/2026:13:43:01 +0700] "GET /wp-content/uploads/2026/06/b6a51ce5f1d5.jpg HTTP/1.1" 404 40724 "https://me.proid.vn/wp-content/uploads/2026/06/b6a51ce5f1d5.jpg" "Mozilla/5.0 (Macintosh; Intel Mac OS X 10_15_7) AppleWebKit/537.36 (KHTML, like Gecko) Chrome/122.0.6261.94 Safari/537.36 ID/17be916c"
20.226.3.20 - - [28/Jun/2026:13:43:01 +0700] "GET /sf.php HTTP/1.1" 404 40674 "-" "Mozilla/5.0 (Windows NT 10.0; Win64; x64) AppleWebKit/537.36 (KHTML, like Gecko) Chrome/120.0.0.0 Safari/537.36"
20.226.3.20 - - [28/Jun/2026:13:43:02 +0700] "GET /kbfr.php HTTP/1.1" 404 40674 "-" "Mozilla/5.0 (Windows NT 10.0; Win64; x64) AppleWebKit/537.36 (KHTML, like Gecko) Chrome/120.0.0.0 Safari/537.36"
45.151.106.250 - - [28/Jun/2026:13:43:03 +0700] "GET /wp-content/uploads/2026/06/b6a51ce5f1d5.jpg HTTP/1.1" 404 40724 "https://me.proid.vn/wp-content/uploads/2026/06/b6a51ce5f1d5.jpg" "Mozilla/5.0 (Macintosh; Intel Mac OS X 10_15_7) AppleWebKit/537.36 (KHTML, like Gecko) Chrome/122.0.6261.94 Safari/537.36 ID/17be916c"
20.226.3.20 - - [28/Jun/2026:13:43:03 +0700] "GET /autoload_classmap.php HTTP/1.1" 404 40674 "-" "Mozilla/5.0 (Windows NT 10.0; Win64; x64) AppleWebKit/537.36 (KHTML, like Gecko) Chrome/120.0.0.0 Safari/537.36"
20.226.3.20 - - [28/Jun/2026:13:43:04 +0700] "GET /chosen.php?p= HTTP/1.1" 301 0 "-" "Mozilla/5.0 (Windows NT 10.0; Win64; x64) AppleWebKit/537.36 (KHTML, like Gecko) Chrome/120.0.0.0 Safari/537.36"
20.226.3.20 - - [28/Jun/2026:13:43:04 +0700] "GET /classwithtostring.php HTTP/1.1" 404 40674 "-" "Mozilla/5.0 (Windows NT 10.0; Win64; x64) AppleWebKit/537.36 (KHTML, like Gecko) Chrome/120.0.0.0 Safari/537.36"
20.226.3.20 - - [28/Jun/2026:13:43:05 +0700] "GET /defaults.php HTTP/1.1" 404 40674 "-" "Mozilla/5.0 (Windows NT 10.0; Win64; x64) AppleWebKit/537.36 (KHTML, like Gecko) Chrome/120.0.0.0 Safari/537.36"
20.226.3.20 - - [28/Jun/2026:13:43:05 +0700] "GET /.well-known/ HTTP/1.1" 200 782 "-" "Mozilla/5.0 (Windows NT 10.0; Win64; x64) AppleWebKit/537.36 (KHTML, like Gecko) Chrome/120.0.0.0 Safari/537.36"
45.151.106.250 - - [28/Jun/2026:13:43:06 +0700] "GET /wp-content/uploads/2026/06/b6a51ce5f1d5.jpg HTTP/1.1" 404 40724 "https://me.proid.vn/wp-content/uploads/2026/06/b6a51ce5f1d5.jpg" "Mozilla/5.0 (Macintosh; Intel Mac OS X 10_15_7) AppleWebKit/537.36 (KHTML, like Gecko) Chrome/122.0.6261.94 Safari/537.36 ID/17be916c"
20.226.3.20 - - [28/Jun/2026:13:43:06 +0700] "GET /info.php HTTP/1.1" 404 40674 "-" "Mozilla/5.0 (Windows NT 10.0; Win64; x64) AppleWebKit/537.36 (KHTML, like Gecko) Chrome/120.0.0.0 Safari/537.36"
20.226.3.20 - - [28/Jun/2026:13:43:06 +0700] "GET /cgi-bin/ HTTP/1.1" 404 40674 "-" "Mozilla/5.0 (Windows NT 10.0; Win64; x64) AppleWebKit/537.36 (KHTML, like Gecko) Chrome/120.0.0.0 Safari/537.36"
20.226.3.20 - - [28/Jun/2026:13:43:07 +0700] "GET /wp-includes/Requests/src/Response/about.php HTTP/1.1" 404 40724 "-" "Mozilla/5.0 (Windows NT 10.0; Win64; x64) AppleWebKit/537.36 (KHTML, like Gecko) Chrome/120.0.0.0 Safari/537.36"
20.226.3.20 - - [28/Jun/2026:13:43:07 +0700] "GET /wp-includes/html-api/ HTTP/1.1" 200 1464 "-" "Mozilla/5.0 (Windows NT 10.0; Win64; x64) AppleWebKit/537.36 (KHTML, like Gecko) Chrome/120.0.0.0 Safari/537.36"
45.151.106.250 - - [28/Jun/2026:13:43:07 +0700] "GET /wp-content/uploads/b6a51ce5f1d5.jpg HTTP/1.1" 404 40724 "https://me.proid.vn/wp-content/uploads/b6a51ce5f1d5.jpg" "Mozilla/5.0 (Macintosh; Intel Mac OS X 10_15_7) AppleWebKit/537.36 (KHTML, like Gecko) Chrome/122.0.6261.94 Safari/537.36 ID/17be916c"
20.226.3.20 - - [28/Jun/2026:13:43:08 +0700] "GET /wp-content/admin.php HTTP/1.1" 404 40674 "-" "Mozilla/5.0 (Windows NT 10.0; Win64; x64) AppleWebKit/537.36 (KHTML, like Gecko) Chrome/120.0.0.0 Safari/537.36"
20.226.3.20 - - [28/Jun/2026:13:43:08 +0700] "GET /wp-admin/css/colors/ectoplasm/ HTTP/1.1" 200 857 "-" "Mozilla/5.0 (Windows NT 10.0; Win64; x64) AppleWebKit/537.36 (KHTML, like Gecko) Chrome/120.0.0.0 Safari/537.36"
45.151.106.250 - - [28/Jun/2026:13:43:09 +0700] "GET /wp-content/uploads/b6a51ce5f1d5.jpg HTTP/1.1" 404 40724 "https://me.proid.vn/wp-content/uploads/b6a51ce5f1d5.jpg" "Mozilla/5.0 (Macintosh; Intel Mac OS X 10_15_7) AppleWebKit/537.36 (KHTML, like Gecko) Chrome/122.0.6261.94 Safari/537.36 ID/17be916c"
20.226.3.20 - - [28/Jun/2026:13:43:09 +0700] "GET /wp-content/uploads/ HTTP/1.1" 403 1242 "-" "Mozilla/5.0 (Windows NT 10.0; Win64; x64) AppleWebKit/537.36 (KHTML, like Gecko) Chrome/120.0.0.0 Safari/537.36"
20.226.3.20 - - [28/Jun/2026:13:43:09 +0700] "GET /wp-content/themes/admin.php HTTP/1.1" 404 40724 "-" "Mozilla/5.0 (Windows NT 10.0; Win64; x64) AppleWebKit/537.36 (KHTML, like Gecko) Chrome/120.0.0.0 Safari/537.36"
20.226.3.20 - - [28/Jun/2026:13:43:09 +0700] "GET /wp-content/themes/index.php HTTP/1.1" 200 0 "-" "Mozilla/5.0 (Windows NT 10.0; Win64; x64) AppleWebKit/537.36 (KHTML, like Gecko) Chrome/120.0.0.0 Safari/537.36"
20.226.3.20 - - [28/Jun/2026:13:43:10 +0700] "GET /wp-content/plugins/index.php HTTP/1.1" 200 0 "-" "Mozilla/5.0 (Windows NT 10.0; Win64; x64) AppleWebKit/537.36 (KHTML, like Gecko) Chrome/120.0.0.0 Safari/537.36"
20.226.3.20 - - [28/Jun/2026:13:43:10 +0700] "GET /wp-includes/PHPMailer/ HTTP/1.1" 200 1262 "-" "Mozilla/5.0 (Windows NT 10.0; Win64; x64) AppleWebKit/537.36 (KHTML, like Gecko) Chrome/120.0.0.0 Safari/537.36"
20.226.3.20 - - [28/Jun/2026:13:43:11 +0700] "GET /wp-includes/images/ HTTP/1.1" 200 1665 "-" "Mozilla/5.0 (Windows NT 10.0; Win64; x64) AppleWebKit/537.36 (KHTML, like Gecko) Chrome/120.0.0.0 Safari/537.36"
20.226.3.20 - - [28/Jun/2026:13:43:11 +0700] "GET /wp-content/plugins/WordPressCore/ HTTP/1.1" 404 40724 "-" "Mozilla/5.0 (Windows NT 10.0; Win64; x64) AppleWebKit/537.36 (KHTML, like Gecko) Chrome/120.0.0.0 Safari/537.36"
45.151.106.250 - - [28/Jun/2026:13:43:12 +0700] "GET /wp-content/uploads/b6a51ce5f1d5.jpg HTTP/1.1" 404 40724 "https://me.proid.vn/wp-content/uploads/b6a51ce5f1d5.jpg" "Mozilla/5.0 (Macintosh; Intel Mac OS X 10_15_7) AppleWebKit/537.36 (KHTML, like Gecko) Chrome/122.0.6261.94 Safari/537.36 ID/17be916c"
42.114.70.142 - - [28/Jun/2026:13:43:12 +0700] "GET /wp-content/themes/hello-elementor-child/proid-card/assets/icons/en.jpeg HTTP/2" 200 76192 "https://me.proid.vn/?my-pro-id=proid5867088f" "Mozilla/5.0 (iPhone; CPU iPhone OS 17_4_1 like Mac OS X) AppleWebKit/605.1.15 (KHTML, like Gecko) Version/17.4.1 Mobile/15E148 Safari/604.1"
45.151.106.250 - - [28/Jun/2026:13:43:12 +0700] "POST /xmlrpc.php HTTP/1.1" 405 217 "-" "Mozilla/5.0 (Macintosh; Intel Mac OS X 10_15_7) AppleWebKit/537.36 (KHTML, like Gecko) Chrome/122.0.6261.94 Safari/537.36 ID/17be916c"
45.151.106.250 - - [28/Jun/2026:13:43:13 +0700] "GET /wp-content/uploads/2026/06/efbadc30ffc6.gif HTTP/1.1" 404 40724 "https://me.proid.vn/wp-content/uploads/2026/06/efbadc30ffc6.gif" "Mozilla/5.0 (Macintosh; Intel Mac OS X 10_15_7) AppleWebKit/537.36 (KHTML, like Gecko) Chrome/122.0.6261.94 Safari/537.36 ID/17be916c"
45.151.106.250 - - [28/Jun/2026:13:43:14 +0700] "GET /wp-content/uploads/2026/06/efbadc30ffc6.gif HTTP/1.1" 404 40724 "https://me.proid.vn/wp-content/uploads/2026/06/efbadc30ffc6.gif" "Mozilla/5.0 (Macintosh; Intel Mac OS X 10_15_7) AppleWebKit/537.36 (KHTML, like Gecko) Chrome/122.0.6261.94 Safari/537.36 ID/17be916c"
45.151.106.250 - - [28/Jun/2026:13:43:18 +0700] "GET /wp-content/uploads/2026/06/efbadc30ffc6.gif HTTP/1.1" 404 40724 "https://me.proid.vn/wp-content/uploads/2026/06/efbadc30ffc6.gif" "Mozilla/5.0 (Macintosh; Intel Mac OS X 10_15_7) AppleWebKit/537.36 (KHTML, like Gecko) Chrome/122.0.6261.94 Safari/537.36 ID/17be916c"
45.151.106.250 - - [28/Jun/2026:13:43:18 +0700] "GET /wp-content/uploads/efbadc30ffc6.gif HTTP/1.1" 404 40724 "https://me.proid.vn/wp-content/uploads/efbadc30ffc6.gif" "Mozilla/5.0 (Macintosh; Intel Mac OS X 10_15_7) AppleWebKit/537.36 (KHTML, like Gecko) Chrome/122.0.6261.94 Safari/537.36 ID/17be916c"
45.151.106.250 - - [28/Jun/2026:13:43:20 +0700] "GET /wp-content/uploads/efbadc30ffc6.gif HTTP/1.1" 404 40724 "https://me.proid.vn/wp-content/uploads/efbadc30ffc6.gif" "Mozilla/5.0 (Macintosh; Intel Mac OS X 10_15_7) AppleWebKit/537.36 (KHTML, like Gecko) Chrome/122.0.6261.94 Safari/537.36 ID/17be916c"
45.151.106.250 - - [28/Jun/2026:13:43:23 +0700] "GET /wp-content/uploads/efbadc30ffc6.gif HTTP/1.1" 404 40724 "https://me.proid.vn/wp-content/uploads/efbadc30ffc6.gif" "Mozilla/5.0 (Macintosh; Intel Mac OS X 10_15_7) AppleWebKit/537.36 (KHTML, like Gecko) Chrome/122.0.6261.94 Safari/537.36 ID/17be916c"
45.151.106.250 - - [28/Jun/2026:13:43:24 +0700] "POST /xmlrpc.php HTTP/1.1" 405 217 "-" "Mozilla/5.0 (Macintosh; Intel Mac OS X 10_15_7) AppleWebKit/537.36 (KHTML, like Gecko) Chrome/122.0.6261.94 Safari/537.36 ID/17be916c"
45.151.106.250 - - [28/Jun/2026:13:43:24 +0700] "GET /wp-content/uploads/2026/06/b46773454491.png HTTP/1.1" 404 40724 "https://me.proid.vn/wp-content/uploads/2026/06/b46773454491.png" "Mozilla/5.0 (Macintosh; Intel Mac OS X 10_15_7) AppleWebKit/537.36 (KHTML, like Gecko) Chrome/122.0.6261.94 Safari/537.36 ID/17be916c"
45.151.106.250 - - [28/Jun/2026:13:43:26 +0700] "GET /wp-content/uploads/2026/06/b46773454491.png HTTP/1.1" 404 40724 "https://me.proid.vn/wp-content/uploads/2026/06/b46773454491.png" "Mozilla/5.0 (Macintosh; Intel Mac OS X 10_15_7) AppleWebKit/537.36 (KHTML, like Gecko) Chrome/122.0.6261.94 Safari/537.36 ID/17be916c"
45.151.106.250 - - [28/Jun/2026:13:43:29 +0700] "GET /wp-admin/admin.php?page=advanced-file-manager HTTP/1.1" 302 0 "https://me.proid.vn/wp-admin/" "Mozilla/5.0 (Macintosh; Intel Mac OS X 10_15_7) AppleWebKit/537.36 (KHTML, like Gecko) Chrome/122.0.6261.94 Safari/537.36 ID/17be916c"
45.151.106.250 - - [28/Jun/2026:13:43:29 +0700] "GET /wp-login.php?redirect_to=https%3A%2F%2Fme.proid.vn%2Fwp-admin%2Fadmin.php%3Fpage%3Dadvanced-file-manager&reauth=1 HTTP/1.1" 200 6993 "https://me.proid.vn/wp-admin/" "Mozilla/5.0 (Macintosh; Intel Mac OS X 10_15_7) AppleWebKit/537.36 (KHTML, like Gecko) Chrome/122.0.6261.94 Safari/537.36 ID/17be916c"
45.151.106.250 - - [28/Jun/2026:13:43:30 +0700] "POST /wp-admin/admin-ajax.php HTTP/1.1" 400 5 "https://me.proid.vn/wp-admin/admin.php?page=advanced-file-manager" "Mozilla/5.0 (Macintosh; Intel Mac OS X 10_15_7) AppleWebKit/537.36 (KHTML, like Gecko) Chrome/122.0.6261.94 Safari/537.36 ID/17be916c"
45.151.106.250 - - [28/Jun/2026:13:43:31 +0700] "GET /8448a5d3d6edba4f.php HTTP/1.1" 404 40674 "https://me.proid.vn/8448a5d3d6edba4f.php" "Mozilla/5.0 (Macintosh; Intel Mac OS X 10_15_7) AppleWebKit/537.36 (KHTML, like Gecko) Chrome/122.0.6261.94 Safari/537.36 ID/17be916c"
45.151.106.250 - - [28/Jun/2026:13:43:33 +0700] "GET /8448a5d3d6edba4f.php HTTP/1.1" 404 40674 "https://me.proid.vn/8448a5d3d6edba4f.php" "Mozilla/5.0 (Macintosh; Intel Mac OS X 10_15_7) AppleWebKit/537.36 (KHTML, like Gecko) Chrome/122.0.6261.94 Safari/537.36 ID/17be916c"
