148.113.47.200 - hafebers [28/Jun/2026:03:18:45 +0700] "GET /wp-json/wp/v2/users/me HTTP/2" 401 113 "-" "Mozilla/5.0 (X11; Linux x86_64) AppleWebKit/537.36 (KHTML, like Gecko) Chrome/133.0.0.0 Safari/537.36 Edg/133.0.0.0"
216.73.217.174 - - [28/Jun/2026:03:19:44 +0700] "GET /wp-includes/sodium_compat/namespaced/Core/Poly1305/State.php HTTP/2" 500 0 "-" "Mozilla/5.0 AppleWebKit/537.36 (KHTML, like Gecko; compatible; ClaudeBot/1.0; +claudebot@anthropic.com)"
14.225.203.84 - - [28/Jun/2026:03:21:34 +0700] "POST /wp-cron.php?doing_wp_cron=1782591694.1403698921203613281250 HTTP/1.1" 200 0 "-" "WordPress/7.0; https://site.proid.vn"
47.82.11.92 - - [28/Jun/2026:03:21:33 +0700] "GET /?e=11054148525 HTTP/1.1" 200 36963 "https://site.proid.vn/" "Mozilla/5.0 (Macintosh; Intel Mac OS X 10_15_7) AppleWebKit/537.36 (KHTML, like Gecko) Chrome/134.0.0.0 Safari/537.36"
148.72.144.211 - - [28/Jun/2026:03:22:47 +0700] "GET /wp-login.php HTTP/2" 200 2879 "-" "Mozilla/5.0 (Windows NT 10.0) AppleWebKit/537.36 (KHTML, like Gecko) Chrome/133.0.0.0 Safari/537.36"
148.72.144.211 - - [28/Jun/2026:03:22:48 +0700] "POST /wp-login.php HTTP/2" 200 3052 "https://site.proid.vn/wp-login.php" "Mozilla/5.0 (Windows NT 10.0) AppleWebKit/537.36 (KHTML, like Gecko) Chrome/133.0.0.0 Safari/537.36"
103.82.195.111 - admin [28/Jun/2026:03:29:55 +0700] "GET /wp-json/wp/v2/users/me HTTP/2" 401 113 "-" "Mozilla/5.0 (X11; Linux x86_64) AppleWebKit/537.36 (KHTML, like Gecko) Chrome/133.0.0.0 Safari/537.36 Edg/133.0.0.0"
216.73.217.174 - - [28/Jun/2026:03:32:57 +0700] "GET /wp-includes/build/pages/options-connectors/page-wp-admin.php HTTP/2" 500 0 "-" "Mozilla/5.0 AppleWebKit/537.36 (KHTML, like Gecko; compatible; ClaudeBot/1.0; +claudebot@anthropic.com)"
199.193.138.200 - - [28/Jun/2026:03:33:05 +0700] "GET /wp-login.php HTTP/2" 200 2879 "-" "Mozilla/5.0 (Windows NT 10.0; Win64; x64) AppleWebKit/537.36 (KHTML, like Gecko) Chrome/133.0.0.0 Safari/537.36"
199.193.138.200 - - [28/Jun/2026:03:33:06 +0700] "POST /wp-login.php HTTP/2" 200 3052 "https://site.proid.vn/wp-login.php" "Mozilla/5.0 (Windows NT 10.0; Win64; x64) AppleWebKit/537.36 (KHTML, like Gecko) Chrome/133.0.0.0 Safari/537.36"
148.251.47.87 - - [28/Jun/2026:03:40:52 +0700] "GET /wp-login.php HTTP/2" 200 2879 "-" "Mozilla/5.0 (Macintosh; Intel Mac OS X 10_15_7) AppleWebKit/537.36 (KHTML, like Gecko) Chrome/133.0.0.0 Safari/537.36 Edg/133.0.0.0"
148.251.47.87 - - [28/Jun/2026:03:40:52 +0700] "POST /wp-login.php HTTP/2" 200 3049 "https://site.proid.vn/wp-login.php" "Mozilla/5.0 (Macintosh; Intel Mac OS X 10_15_7) AppleWebKit/537.36 (KHTML, like Gecko) Chrome/133.0.0.0 Safari/537.36 Edg/133.0.0.0"
148.251.47.87 - - [28/Jun/2026:03:40:57 +0700] "GET /wp-login.php HTTP/2" 200 2879 "-" "Mozilla/5.0 (X11; Linux x86_64) AppleWebKit/537.36 (KHTML, like Gecko) Chrome/133.0.0.0 Safari/537.36 Edg/133.0.0.0"
148.251.47.87 - - [28/Jun/2026:03:40:58 +0700] "POST /wp-login.php HTTP/2" 200 3026 "https://site.proid.vn/wp-login.php" "Mozilla/5.0 (X11; Linux x86_64) AppleWebKit/537.36 (KHTML, like Gecko) Chrome/133.0.0.0 Safari/537.36 Edg/133.0.0.0"
216.73.217.174 - - [28/Jun/2026:03:42:50 +0700] "GET /wp-includes/block-patterns/navigation-overlay-accent-bg.php HTTP/2" 404 28384 "-" "Mozilla/5.0 AppleWebKit/537.36 (KHTML, like Gecko; compatible; ClaudeBot/1.0; +claudebot@anthropic.com)"
119.195.102.159 - - [28/Jun/2026:03:43:53 +0700] "GET /wp-login.php HTTP/2" 200 2879 "-" "Mozilla/5.0 (X11; CrOS x86_64 14541.0.0) AppleWebKit/537.36 (KHTML, like Gecko) Chrome/133.0.0.0 Safari/537.36"
119.195.102.159 - - [28/Jun/2026:03:43:53 +0700] "POST /wp-login.php HTTP/2" 200 3052 "https://site.proid.vn/wp-login.php" "Mozilla/5.0 (X11; CrOS x86_64 14541.0.0) AppleWebKit/537.36 (KHTML, like Gecko) Chrome/133.0.0.0 Safari/537.36"
47.82.11.147 - - [28/Jun/2026:03:46:13 +0700] "GET /?z=24647266547 HTTP/1.1" 200 36976 "https://site.proid.vn/" "Mozilla/5.0 (Windows NT 10.0; Win64; x64) AppleWebKit/537.36 (KHTML, like Gecko) Chrome/135.0.0.0 Safari/537.36"
216.73.217.174 - - [28/Jun/2026:03:46:18 +0700] "GET /wp-includes/ai-client/adapters/class-wp-ai-client-discovery-strategy.php HTTP/2" 500 0 "-" "Mozilla/5.0 AppleWebKit/537.36 (KHTML, like Gecko; compatible; ClaudeBot/1.0; +claudebot@anthropic.com)"
47.82.11.114 - - [28/Jun/2026:03:46:19 +0700] "GET /?v=88733250814 HTTP/1.1" 200 36963 "https://site.proid.vn/" "Mozilla/5.0 (Windows NT 10.0; Win64; x64) AppleWebKit/537.36 (KHTML, like Gecko) Chrome/135.0.0.0 Safari/537.36"
87.106.124.154 - - [28/Jun/2026:03:51:26 +0700] "GET /wp-login.php HTTP/2" 200 2879 "-" "Mozilla/5.0 (X11; Linux x86_64) AppleWebKit/537.36 (KHTML, like Gecko) Chrome/133.0.0.0 Safari/537.36 Edg/133.0.0.0"
87.106.124.154 - - [28/Jun/2026:03:51:26 +0700] "POST /wp-login.php HTTP/2" 200 3026 "https://site.proid.vn/wp-login.php" "Mozilla/5.0 (X11; Linux x86_64) AppleWebKit/537.36 (KHTML, like Gecko) Chrome/133.0.0.0 Safari/537.36 Edg/133.0.0.0"
151.246.1.203 - - [28/Jun/2026:03:51:50 +0700] "GET /wp-login.php HTTP/2" 200 2879 "-" "Mozilla/5.0 (Windows NT 10.0; Win64; x64) AppleWebKit/537.36 (KHTML, like Gecko) Chrome/120.0.0.0 Safari/537.36"
151.246.1.203 - - [28/Jun/2026:03:51:50 +0700] "POST /wp-login.php HTTP/2" 200 3026 "https://site.proid.vn/wp-login.php" "Mozilla/5.0 (Windows NT 10.0; Win64; x64) AppleWebKit/537.36 (KHTML, like Gecko) Chrome/120.0.0.0 Safari/537.36"
43.133.148.170 - - [28/Jun/2026:03:51:58 +0700] "GET /wp-login.php HTTP/2" 200 2879 "-" "Mozilla/5.0 (X11; Linux x86_64) AppleWebKit/537.36 (KHTML, like Gecko) Chrome/133.0.0.0 Safari/537.36"
43.133.148.170 - - [28/Jun/2026:03:51:58 +0700] "POST /wp-login.php HTTP/2" 200 3049 "https://site.proid.vn/wp-login.php" "Mozilla/5.0 (X11; Linux x86_64) AppleWebKit/537.36 (KHTML, like Gecko) Chrome/133.0.0.0 Safari/537.36"
47.82.11.92 - - [28/Jun/2026:03:52:44 +0700] "GET /?v=26281202857 HTTP/1.1" 200 36961 "https://site.proid.vn/" "Mozilla/5.0 (Macintosh; Intel Mac OS X 10_15_7) AppleWebKit/605.1.15 (KHTML, like Gecko) Version/18.3.1 Safari/605.1.15"
85.215.122.59 - - [28/Jun/2026:03:54:34 +0700] "GET /wp-login.php HTTP/2" 200 2879 "-" "Mozilla/5.0 (X11; Linux i686) AppleWebKit/537.36 (KHTML, like Gecko) Chrome/133.0.0.0 Safari/537.36"
85.215.122.59 - - [28/Jun/2026:03:54:35 +0700] "POST /wp-login.php HTTP/2" 200 3052 "https://site.proid.vn/wp-login.php" "Mozilla/5.0 (X11; Linux i686) AppleWebKit/537.36 (KHTML, like Gecko) Chrome/133.0.0.0 Safari/537.36"
213.209.159.254 - - [28/Jun/2026:03:58:37 +0700] "POST /wp-content/plugins/keep-the-score/intro.php HTTP/2" 200 52 "-" "Mozilla/5.0 (Macintosh; Intel Mac OS X 10_15_7) AppleWebKit/605.1.15 (KHTML, like Gecko) Version/15.5 Safari/605.1.15"
213.209.159.254 - - [28/Jun/2026:03:58:39 +0700] "POST /wp-content/plugins/keep-the-score/intro.php HTTP/2" 200 39 "-" "Mozilla/5.0 (Macintosh; Intel Mac OS X 10_15_7) AppleWebKit/537.36 (KHTML, like Gecko) Chrome/119.0.0.0 Safari/537.36"
213.209.159.254 - - [28/Jun/2026:03:58:42 +0700] "POST /wp-content/plugins/keep-the-score/intro.php HTTP/2" 200 50 "-" "Mozilla/5.0 (Linux; Android 12; Pixel 6) AppleWebKit/537.36 (KHTML, like Gecko) Chrome/99.0.4844.58 Mobile Safari/537.36"
213.209.159.254 - - [28/Jun/2026:03:58:47 +0700] "POST /wp-content/plugins/keep-the-score/intro.php HTTP/2" 200 35 "-" "Mozilla/5.0 (Macintosh; Intel Mac OS X 10_15_7) AppleWebKit/537.36 (KHTML, like Gecko) Chrome/119.0.0.0 Safari/537.36"
188.121.105.55 - - [28/Jun/2026:04:02:05 +0700] "GET /wp-login.php HTTP/2" 200 2879 "-" "Mozilla/5.0 (X11; Linux x86_64) AppleWebKit/537.36 (KHTML, like Gecko) Chrome/133.0.0.0 Safari/537.36 Edg/133.0.0.0"
188.121.105.55 - - [28/Jun/2026:04:02:08 +0700] "POST /wp-login.php HTTP/2" 200 3026 "https://site.proid.vn/wp-login.php" "Mozilla/5.0 (X11; Linux x86_64) AppleWebKit/537.36 (KHTML, like Gecko) Chrome/133.0.0.0 Safari/537.36 Edg/133.0.0.0"
198.46.83.219 - hafebers [28/Jun/2026:04:02:37 +0700] "GET /wp-json/wp/v2/users/me HTTP/2" 401 113 "-" "Mozilla/5.0 (X11; Fedora; Linux x86_64) AppleWebKit/537.36 (KHTML, like Gecko) Chrome/133.0.0.0 Safari/537.36"
155.254.17.105 - - [28/Jun/2026:04:04:55 +0700] "GET /wp-login.php HTTP/2" 200 2879 "-" "Mozilla/5.0 (Macintosh; Intel Mac OS X 10_15_7) AppleWebKit/605.1.15 (KHTML, like Gecko) Version/18.3 Safari/605.1.15"
155.254.17.105 - - [28/Jun/2026:04:04:56 +0700] "POST /wp-login.php HTTP/2" 200 3052 "https://site.proid.vn/wp-login.php" "Mozilla/5.0 (Macintosh; Intel Mac OS X 10_15_7) AppleWebKit/605.1.15 (KHTML, like Gecko) Version/18.3 Safari/605.1.15"
135.148.171.117 - - [28/Jun/2026:04:12:27 +0700] "GET /wp-login.php HTTP/2" 200 2879 "-" "Mozilla/5.0 (Macintosh; Intel Mac OS X 11_7_10) AppleWebKit/537.36 (KHTML, like Gecko) Chrome/133.0.0.0 Safari/537.36"
135.148.171.117 - - [28/Jun/2026:04:12:28 +0700] "POST /wp-login.php HTTP/2" 200 3026 "https://site.proid.vn/wp-login.php" "Mozilla/5.0 (Macintosh; Intel Mac OS X 11_7_10) AppleWebKit/537.36 (KHTML, like Gecko) Chrome/133.0.0.0 Safari/537.36"
47.82.11.98 - - [28/Jun/2026:04:13:48 +0700] "GET /?h=41477231357 HTTP/1.1" 200 36974 "https://site.proid.vn/" "Mozilla/5.0 (Windows NT 10.0; Win64; x64) AppleWebKit/537.36 (KHTML, like Gecko) Chrome/135.0.0.0 Safari/537.36 Edg/135.0.0.0"
213.209.159.254 - - [28/Jun/2026:04:15:19 +0700] "POST /wp-content/plugins/keep-the-score/intro.php HTTP/2" 200 31 "-" "Mozilla/5.0 (Windows NT 10.0; Win64; x64) AppleWebKit/537.36 (KHTML, like Gecko) Chrome/101.0.4951.67 Safari/537.36"
87.192.224.131 - - [28/Jun/2026:04:17:40 +0700] "GET /wp-login.php HTTP/2" 200 2879 "-" "Mozilla/5.0 (Windows NT 10.0; Win64; x64; rv:133.0) Gecko/20100101 Firefox/133.0"
87.192.224.131 - - [28/Jun/2026:04:17:41 +0700] "POST /wp-login.php HTTP/2" 200 3052 "https://site.proid.vn/wp-login.php" "Mozilla/5.0 (Windows NT 10.0; Win64; x64; rv:133.0) Gecko/20100101 Firefox/133.0"
216.73.217.174 - - [28/Jun/2026:04:18:32 +0700] "GET /robots.txt HTTP/2" 200 98 "-" "Mozilla/5.0 AppleWebKit/537.36 (KHTML, like Gecko; compatible; ClaudeBot/1.0; +claudebot@anthropic.com)"
85.215.252.72 - - [28/Jun/2026:04:23:36 +0700] "GET /wp-login.php HTTP/2" 200 2879 "-" "Mozilla/5.0 (Macintosh; Intel Mac OS X 11_7_10) AppleWebKit/537.36 (KHTML, like Gecko) Chrome/133.0.0.0 Safari/537.36"
85.215.252.72 - - [28/Jun/2026:04:23:36 +0700] "POST /wp-login.php HTTP/2" 200 3026 "https://site.proid.vn/wp-login.php" "Mozilla/5.0 (Macintosh; Intel Mac OS X 11_7_10) AppleWebKit/537.36 (KHTML, like Gecko) Chrome/133.0.0.0 Safari/537.36"
163.172.78.108 - - [28/Jun/2026:04:27:57 +0700] "GET /wp-login.php HTTP/2" 200 2879 "-" "Mozilla/5.0 (Windows NT 10.0; Win64; x64) AppleWebKit/537.36 (KHTML, like Gecko) Chrome/133.0.0.0 Safari/537.36 Edg/133.0.0.0"
163.172.78.108 - - [28/Jun/2026:04:27:57 +0700] "POST /wp-login.php HTTP/2" 200 3052 "https://site.proid.vn/wp-login.php" "Mozilla/5.0 (Windows NT 10.0; Win64; x64) AppleWebKit/537.36 (KHTML, like Gecko) Chrome/133.0.0.0 Safari/537.36 Edg/133.0.0.0"
124.253.114.128 - - [28/Jun/2026:04:28:26 +0700] "GET /wp-login.php HTTP/2" 200 2879 "-" "Mozilla/5.0 (Windows NT 10.0; Win64; x64) AppleWebKit/537.36 (KHTML, like Gecko) Chrome/120.0.0.0 Safari/537.36"
124.253.114.128 - - [28/Jun/2026:04:28:26 +0700] "POST /wp-login.php HTTP/2" 200 3052 "https://site.proid.vn/wp-login.php" "Mozilla/5.0 (Windows NT 10.0; Win64; x64) AppleWebKit/537.36 (KHTML, like Gecko) Chrome/120.0.0.0 Safari/537.36"
213.209.159.254 - - [28/Jun/2026:04:28:27 +0700] "POST /wp-content/plugins/keep-the-score/intro.php HTTP/2" 200 58 "-" "Mozilla/5.0 (iPhone; CPU iPhone OS 17_2 like Mac OS X) AppleWebKit/605.1.15 (KHTML, like Gecko) Version/17.2 Mobile/15E148 Safari/604.1"
213.209.159.254 - - [28/Jun/2026:04:28:32 +0700] "POST /wp-content/plugins/keep-the-score/intro.php HTTP/2" 200 0 "-" "Mozilla/5.0 (Macintosh; Intel Mac OS X 10_15_7) AppleWebKit/537.36 (KHTML, like Gecko) Chrome/119.0.0.0 Safari/537.36"
213.209.159.254 - - [28/Jun/2026:04:28:57 +0700] "POST /wp-content/plugins/keep-the-score/intro.php HTTP/2" 200 28 "-" "Mozilla/5.0 (iPhone; CPU iPhone OS 17_2 like Mac OS X) AppleWebKit/605.1.15 (KHTML, like Gecko) Version/17.2 Mobile/15E148 Safari/604.1"
216.73.217.174 - - [28/Jun/2026:04:30:03 +0700] "GET /wp-includes/Requests/src/Exception/Http/Status505.php HTTP/2" 500 0 "-" "Mozilla/5.0 AppleWebKit/537.36 (KHTML, like Gecko; compatible; ClaudeBot/1.0; +claudebot@anthropic.com)"
216.73.217.174 - - [28/Jun/2026:04:30:03 +0700] "GET /wp-includes/Requests/src/Exception/Http/Status415.php HTTP/2" 500 0 "-" "Mozilla/5.0 AppleWebKit/537.36 (KHTML, like Gecko; compatible; ClaudeBot/1.0; +claudebot@anthropic.com)"
216.73.217.174 - - [28/Jun/2026:04:30:04 +0700] "GET /wp-includes/Requests/src/Exception/Http/Status500.php HTTP/2" 500 0 "-" "Mozilla/5.0 AppleWebKit/537.36 (KHTML, like Gecko; compatible; ClaudeBot/1.0; +claudebot@anthropic.com)"
216.73.217.174 - - [28/Jun/2026:04:30:04 +0700] "GET /wp-includes/Requests/src/Exception/Http/Status411.php HTTP/2" 500 0 "-" "Mozilla/5.0 AppleWebKit/537.36 (KHTML, like Gecko; compatible; ClaudeBot/1.0; +claudebot@anthropic.com)"
216.73.217.174 - - [28/Jun/2026:04:30:05 +0700] "GET /wp-includes/Requests/src/Exception/Http/Status416.php HTTP/2" 500 0 "-" "Mozilla/5.0 AppleWebKit/537.36 (KHTML, like Gecko; compatible; ClaudeBot/1.0; +claudebot@anthropic.com)"
216.73.217.174 - - [28/Jun/2026:04:30:05 +0700] "GET /wp-includes/SimplePie/src/HTTP/Psr18Client.php HTTP/2" 500 0 "-" "Mozilla/5.0 AppleWebKit/537.36 (KHTML, like Gecko; compatible; ClaudeBot/1.0; +claudebot@anthropic.com)"
216.73.217.174 - - [28/Jun/2026:04:30:06 +0700] "GET /wp-includes/SimplePie/src/Cache/Memcached.php HTTP/2" 500 0 "-" "Mozilla/5.0 AppleWebKit/537.36 (KHTML, like Gecko; compatible; ClaudeBot/1.0; +claudebot@anthropic.com)"
103.127.30.137 - - [28/Jun/2026:04:33:52 +0700] "GET /wp-login.php HTTP/2" 200 2879 "-" "Mozilla/5.0 (Macintosh; Intel Mac OS X 11_7_10) AppleWebKit/537.36 (KHTML, like Gecko) Chrome/133.0.0.0 Safari/537.36"
103.127.30.137 - - [28/Jun/2026:04:33:52 +0700] "POST /wp-login.php HTTP/2" 200 3026 "https://site.proid.vn/wp-login.php" "Mozilla/5.0 (Macintosh; Intel Mac OS X 11_7_10) AppleWebKit/537.36 (KHTML, like Gecko) Chrome/133.0.0.0 Safari/537.36"
85.215.122.59 - - [28/Jun/2026:04:33:59 +0700] "GET /wp-login.php HTTP/2" 200 2879 "-" "Mozilla/5.0 (Macintosh; Intel Mac OS X 11_7_10) AppleWebKit/537.36 (KHTML, like Gecko) Chrome/133.0.0.0 Safari/537.36"
85.215.122.59 - - [28/Jun/2026:04:33:59 +0700] "POST /wp-login.php HTTP/2" 200 3049 "https://site.proid.vn/wp-login.php" "Mozilla/5.0 (Macintosh; Intel Mac OS X 11_7_10) AppleWebKit/537.36 (KHTML, like Gecko) Chrome/133.0.0.0 Safari/537.36"
164.90.178.220 - - [28/Jun/2026:04:39:19 +0700] "GET /wp-login.php HTTP/2" 200 2879 "-" "Mozilla/5.0 (X11; Linux x86_64; rv:133.0) Gecko/20100101 Firefox/133.0"
164.90.178.220 - - [28/Jun/2026:04:39:19 +0700] "POST /wp-login.php HTTP/2" 200 3052 "https://site.proid.vn/wp-login.php" "Mozilla/5.0 (X11; Linux x86_64; rv:133.0) Gecko/20100101 Firefox/133.0"
159.65.130.36 - - [28/Jun/2026:04:44:08 +0700] "GET /wp-login.php HTTP/2" 200 2879 "-" "Mozilla/5.0 (X11; Linux i686) AppleWebKit/537.36 (KHTML, like Gecko) Chrome/133.0.0.0 Safari/537.36"
159.65.130.36 - - [28/Jun/2026:04:44:08 +0700] "POST /wp-login.php HTTP/2" 200 3049 "https://site.proid.vn/wp-login.php" "Mozilla/5.0 (X11; Linux i686) AppleWebKit/537.36 (KHTML, like Gecko) Chrome/133.0.0.0 Safari/537.36"
188.121.105.55 - - [28/Jun/2026:04:44:26 +0700] "GET /wp-login.php HTTP/2" 200 2879 "-" "Mozilla/5.0 (Macintosh; Intel Mac OS X 11_7_10) AppleWebKit/537.36 (KHTML, like Gecko) Chrome/133.0.0.0 Safari/537.36"
188.121.105.55 - - [28/Jun/2026:04:44:27 +0700] "POST /wp-login.php HTTP/2" 200 3026 "https://site.proid.vn/wp-login.php" "Mozilla/5.0 (Macintosh; Intel Mac OS X 11_7_10) AppleWebKit/537.36 (KHTML, like Gecko) Chrome/133.0.0.0 Safari/537.36"
43.157.243.191 - - [28/Jun/2026:04:46:46 +0700] "GET /wp-login.php HTTP/2" 200 2879 "-" "Mozilla/5.0 (Windows NT 10.0; Win64; x64) AppleWebKit/537.36 (KHTML, like Gecko) Chrome/120.0.0.0 Safari/537.36"
43.157.243.191 - - [28/Jun/2026:04:46:46 +0700] "POST /wp-login.php HTTP/2" 200 3026 "https://site.proid.vn/wp-login.php" "Mozilla/5.0 (Windows NT 10.0; Win64; x64) AppleWebKit/537.36 (KHTML, like Gecko) Chrome/120.0.0.0 Safari/537.36"
213.171.208.62 - - [28/Jun/2026:04:50:01 +0700] "GET /wp-login.php HTTP/2" 200 2879 "-" "Mozilla/5.0 (X11; Ubuntu; Linux x86_64) AppleWebKit/537.36 (KHTML, like Gecko) Chrome/133.0.0.0 Safari/537.36"
213.171.208.62 - - [28/Jun/2026:04:50:02 +0700] "POST /wp-login.php HTTP/2" 200 3052 "https://site.proid.vn/wp-login.php" "Mozilla/5.0 (X11; Ubuntu; Linux x86_64) AppleWebKit/537.36 (KHTML, like Gecko) Chrome/133.0.0.0 Safari/537.36"
198.46.211.159 - - [28/Jun/2026:04:51:20 +0700] "GET /wp-login.php HTTP/2" 200 2879 "-" "Mozilla/5.0 (Windows NT 10.0; Win64; x64) AppleWebKit/537.36 (KHTML, like Gecko) Chrome/120.0.0.0 Safari/537.36"
198.46.211.159 - - [28/Jun/2026:04:51:20 +0700] "POST /wp-login.php HTTP/2" 200 3049 "https://site.proid.vn/wp-login.php" "Mozilla/5.0 (Windows NT 10.0; Win64; x64) AppleWebKit/537.36 (KHTML, like Gecko) Chrome/120.0.0.0 Safari/537.36"
135.148.171.117 - admin [28/Jun/2026:04:55:35 +0700] "GET /wp-json/wp/v2/users/me HTTP/2" 401 113 "-" "Mozilla/5.0 (Macintosh; Intel Mac OS X 11_7_10) AppleWebKit/537.36 (KHTML, like Gecko) Chrome/133.0.0.0 Safari/537.36"
173.247.255.22 - - [28/Jun/2026:04:56:58 +0700] "GET /wp-login.php HTTP/2" 200 2879 "-" "Mozilla/5.0 (Windows NT 10.0; WOW64) AppleWebKit/537.36 (KHTML, like Gecko) Chrome/133.0.0.0 Safari/537.36"
173.247.255.22 - - [28/Jun/2026:04:56:59 +0700] "POST /wp-login.php HTTP/2" 200 3049 "https://site.proid.vn/wp-login.php" "Mozilla/5.0 (Windows NT 10.0; WOW64) AppleWebKit/537.36 (KHTML, like Gecko) Chrome/133.0.0.0 Safari/537.36"
14.225.203.84 - - [28/Jun/2026:04:56:59 +0700] "POST /wp-cron.php?doing_wp_cron=1782597419.0668990612030029296875 HTTP/1.1" 200 0 "-" "WordPress/7.0; https://site.proid.vn"
213.209.159.254 - - [28/Jun/2026:05:04:28 +0700] "POST /wp-content/plugins/keep-the-score/intro.php HTTP/2" 200 48 "-" "Mozilla/5.0 (Linux; Android 12; Pixel 6) AppleWebKit/537.36 (KHTML, like Gecko) Chrome/99.0.4844.58 Mobile Safari/537.36"
213.209.159.254 - - [28/Jun/2026:05:04:32 +0700] "POST /wp-content/plugins/keep-the-score/intro.php HTTP/2" 200 29 "-" "Mozilla/5.0 (Windows NT 10.0; Win64; x64) AppleWebKit/537.36 (KHTML, like Gecko) Chrome/107.0.0.0 Safari/537.36"
213.209.159.254 - - [28/Jun/2026:05:04:34 +0700] "POST /wp-content/plugins/keep-the-score/intro.php HTTP/2" 200 45 "-" "Mozilla/5.0 (Windows NT 10.0; Win64; x64) AppleWebKit/537.36 (KHTML, like Gecko) Chrome/100.0.4896.75 Safari/537.36"
213.209.159.254 - - [28/Jun/2026:05:04:37 +0700] "POST /wp-content/plugins/keep-the-score/intro.php HTTP/2" 200 35 "-" "Mozilla/5.0 (Linux; Android 12; Pixel 6) AppleWebKit/537.36 (KHTML, like Gecko) Chrome/99.0.4844.58 Mobile Safari/537.36"
213.209.159.254 - - [28/Jun/2026:05:05:02 +0700] "POST /wp-content/plugins/keep-the-score/intro.php HTTP/2" 200 31 "-" "Mozilla/5.0 (Windows NT 10.0; Win64; x64) AppleWebKit/537.36 (KHTML, like Gecko) Chrome/110.0.0.0 Safari/537.36"
31.14.99.66 - - [28/Jun/2026:05:07:07 +0700] "GET /wp-login.php HTTP/2" 200 2879 "-" "Mozilla/5.0 (Macintosh; Intel Mac OS X 10_15_7) AppleWebKit/537.36 (KHTML, like Gecko) Chrome/133.0.0.0 Safari/537.36 Edg/133.0.0.0"
31.14.99.66 - - [28/Jun/2026:05:07:09 +0700] "POST /wp-login.php HTTP/2" 200 3049 "https://site.proid.vn/wp-login.php" "Mozilla/5.0 (Macintosh; Intel Mac OS X 10_15_7) AppleWebKit/537.36 (KHTML, like Gecko) Chrome/133.0.0.0 Safari/537.36 Edg/133.0.0.0"
47.82.11.162 - - [28/Jun/2026:05:12:13 +0700] "GET /?l=1818538387 HTTP/1.1" 200 36944 "https://site.proid.vn/" "Mozilla/5.0 (Windows NT 10.0; Win64; x64) AppleWebKit/537.36 (KHTML, like Gecko) Chrome/135.0.0.0 Safari/537.36"
14.225.203.84 - - [28/Jun/2026:05:12:14 +0700] "POST /wp-cron.php?doing_wp_cron=1782598334.5936288833618164062500 HTTP/1.1" 200 0 "-" "WordPress/7.0; https://site.proid.vn"
216.73.217.174 - - [28/Jun/2026:05:12:37 +0700] "GET /wp-includes/php-ai-client/third-party/Nyholm/Psr7/Factory/Psr17Factory.php HTTP/2" 500 0 "-" "Mozilla/5.0 AppleWebKit/537.36 (KHTML, like Gecko; compatible; ClaudeBot/1.0; +claudebot@anthropic.com)"
216.73.217.174 - - [28/Jun/2026:05:12:37 +0700] "GET /wp-includes/php-ai-client/third-party/Nyholm/Psr7/Uri.php HTTP/2" 500 0 "-" "Mozilla/5.0 AppleWebKit/537.36 (KHTML, like Gecko; compatible; ClaudeBot/1.0; +claudebot@anthropic.com)"
216.73.217.174 - - [28/Jun/2026:05:12:38 +0700] "GET /wp-includes/php-ai-client/third-party/Nyholm/Psr7/Factory/com_deeppockets HTTP/2" 200 0 "-" "Mozilla/5.0 AppleWebKit/537.36 (KHTML, like Gecko; compatible; ClaudeBot/1.0; +claudebot@anthropic.com)"
78.142.18.172 - - [28/Jun/2026:05:16:33 +0700] "GET /wp-login.php HTTP/2" 200 2879 "-" "Mozilla/5.0 (Macintosh; Intel Mac OS X 11_7_10) AppleWebKit/537.36 (KHTML, like Gecko) Chrome/133.0.0.0 Safari/537.36"
78.142.18.172 - - [28/Jun/2026:05:16:34 +0700] "POST /wp-login.php HTTP/2" 200 3026 "https://site.proid.vn/wp-login.php" "Mozilla/5.0 (Macintosh; Intel Mac OS X 11_7_10) AppleWebKit/537.36 (KHTML, like Gecko) Chrome/133.0.0.0 Safari/537.36"
213.209.159.254 - - [28/Jun/2026:05:16:55 +0700] "POST /wp-content/plugins/keep-the-score/intro.php HTTP/2" 200 48 "-" "Mozilla/5.0 (Linux; Android 12; Pixel 6) AppleWebKit/537.36 (KHTML, like Gecko) Chrome/99.0.4844.58 Mobile Safari/537.36"
213.209.159.254 - - [28/Jun/2026:05:16:57 +0700] "POST /wp-content/plugins/keep-the-score/intro.php HTTP/2" 200 0 "-" "Mozilla/5.0 (Windows NT 10.0; Win64; x64) AppleWebKit/537.36 (KHTML, like Gecko) Chrome/110.0.0.0 Safari/537.36"
213.209.159.254 - - [28/Jun/2026:05:17:21 +0700] "POST /wp-content/plugins/keep-the-score/intro.php HTTP/2" 200 28 "-" "Mozilla/5.0 (Windows NT 10.0; Win64; x64) AppleWebKit/537.36 (KHTML, like Gecko) Chrome/107.0.0.0 Safari/537.36"
47.82.11.162 - - [28/Jun/2026:05:24:19 +0700] "GET /?v=8873329226 HTTP/1.1" 200 36968 "https://site.proid.vn/" "Mozilla/5.0 (Windows NT 10.0; Win64; x64) AppleWebKit/537.36 (KHTML, like Gecko) Chrome/135.0.0.0 Safari/537.36 Edg/135.0.0.0"
216.73.217.174 - - [28/Jun/2026:05:24:45 +0700] "GET /robots.txt HTTP/2" 200 98 "-" "Mozilla/5.0 AppleWebKit/537.36 (KHTML, like Gecko; compatible; ClaudeBot/1.0; +claudebot@anthropic.com)"
213.209.159.254 - - [28/Jun/2026:05:28:27 +0700] "POST /wp-content/plugins/keep-the-score/intro.php HTTP/2" 200 48 "-" "Mozilla/5.0 (Macintosh; Intel Mac OS X 10_15_7) AppleWebKit/605.1.15 (KHTML, like Gecko) Version/15.5 Safari/605.1.15"
213.209.159.254 - - [28/Jun/2026:05:28:30 +0700] "POST /wp-content/plugins/keep-the-score/intro.php HTTP/2" 200 29 "-" "Mozilla/5.0 (Macintosh; Intel Mac OS X 10_15_7) AppleWebKit/605.1.15 (KHTML, like Gecko) Version/15.5 Safari/605.1.15"
213.209.159.254 - - [28/Jun/2026:05:28:34 +0700] "POST /wp-content/plugins/keep-the-score/intro.php HTTP/2" 200 44 "-" "Mozilla/5.0 (Windows NT 10.0; Win64; x64) AppleWebKit/537.36 (KHTML, like Gecko) Chrome/107.0.0.0 Safari/537.36"
213.209.159.254 - - [28/Jun/2026:05:28:43 +0700] "POST /wp-content/plugins/keep-the-score/intro.php HTTP/2" 200 35 "-" "Mozilla/5.0 (Macintosh; Intel Mac OS X 10_15_7) AppleWebKit/537.36 (KHTML, like Gecko) Chrome/120.0.0.0 Safari/537.36"
213.209.159.254 - - [28/Jun/2026:05:29:09 +0700] "POST /wp-content/plugins/keep-the-score/intro.php HTTP/2" 200 49 "-" "Mozilla/5.0 (Windows NT 10.0; Win64; x64) AppleWebKit/537.36 (KHTML, like Gecko) Chrome/101.0.4951.67 Safari/537.36"
213.209.159.254 - - [28/Jun/2026:05:29:07 +0700] "POST /wp-content/plugins/keep-the-score/intro.php HTTP/2" 200 31 "-" "Mozilla/5.0 (Windows NT 10.0; Win64; x64) AppleWebKit/537.36 (KHTML, like Gecko) Chrome/107.0.0.0 Safari/537.36"
213.209.159.254 - - [28/Jun/2026:05:29:37 +0700] "POST /wp-content/plugins/keep-the-score/intro.php HTTP/2" 200 93429 "-" "Mozilla/5.0 (Windows NT 10.0; Win64; x64) AppleWebKit/537.36 (KHTML, like Gecko) Chrome/101.0.4951.64 Safari/537.36 Edg/101.0.1210.47"
213.209.159.254 - - [28/Jun/2026:05:31:28 +0700] "POST /wp-content/plugins/keep-the-score/intro.php HTTP/2" 200 45 "-" "Mozilla/5.0 (Macintosh; Intel Mac OS X 10_15_7) AppleWebKit/605.1.15 (KHTML, like Gecko) Version/15.3 Safari/605.1.15"
199.193.138.200 - - [28/Jun/2026:05:32:05 +0700] "GET /wp-login.php HTTP/2" 200 2879 "-" "Mozilla/5.0 (Windows NT 10.0; Win64; x64) AppleWebKit/537.36 (KHTML, like Gecko) Chrome/133.0.0.0 Safari/537.36 Edg/133.0.0.0"
199.193.138.200 - - [28/Jun/2026:05:32:06 +0700] "POST /wp-login.php HTTP/2" 200 3049 "https://site.proid.vn/wp-login.php" "Mozilla/5.0 (Windows NT 10.0; Win64; x64) AppleWebKit/537.36 (KHTML, like Gecko) Chrome/133.0.0.0 Safari/537.36 Edg/133.0.0.0"
47.82.11.15 - - [28/Jun/2026:05:32:13 +0700] "GET /?l=18185107764 HTTP/1.1" 200 36973 "https://site.proid.vn/" "Mozilla/5.0 (Macintosh; Intel Mac OS X 10_15_7) AppleWebKit/537.36 (KHTML, like Gecko) Chrome/134.0.0.0 Safari/537.36"
213.209.159.254 - - [28/Jun/2026:05:32:19 +0700] "POST /wp-content/plugins/keep-the-score/intro.php HTTP/2" 200 42 "-" "Mozilla/5.0 (iPhone; CPU iPhone OS 17_2 like Mac OS X) AppleWebKit/605.1.15 (KHTML, like Gecko) Version/17.2 Mobile/15E148 Safari/604.1"
47.82.11.54 - - [28/Jun/2026:05:32:28 +0700] "GET /?v=262818212 HTTP/1.1" 200 36980 "https://site.proid.vn/" "Mozilla/5.0 (Macintosh; Intel Mac OS X 10_15_7) AppleWebKit/605.1.15 (KHTML, like Gecko) Version/18.3.1 Safari/605.1.15"
115.78.9.138 - - [28/Jun/2026:05:36:55 +0700] "GET /wp-login.php HTTP/2" 200 2879 "-" "Mozilla/5.0 (Windows NT 10.0; Win64; x64) AppleWebKit/537.36 (KHTML, like Gecko) Chrome/120.0.0.0 Safari/537.36"
115.78.9.138 - - [28/Jun/2026:05:36:55 +0700] "POST /wp-login.php HTTP/2" 200 3049 "https://site.proid.vn/wp-login.php" "Mozilla/5.0 (Windows NT 10.0; Win64; x64) AppleWebKit/537.36 (KHTML, like Gecko) Chrome/120.0.0.0 Safari/537.36"
216.73.217.174 - - [28/Jun/2026:05:38:04 +0700] "GET /wp-includes/sitemaps/providers/class-wp-sitemaps-taxonomies.php HTTP/2" 500 0 "-" "Mozilla/5.0 AppleWebKit/537.36 (KHTML, like Gecko; compatible; ClaudeBot/1.0; +claudebot@anthropic.com)"
216.73.217.174 - - [28/Jun/2026:05:38:06 +0700] "GET /wp-includes/images/icon-library/trending-up.svg HTTP/2" 200 167 "-" "Mozilla/5.0 AppleWebKit/537.36 (KHTML, like Gecko; compatible; ClaudeBot/1.0; +claudebot@anthropic.com)"
216.73.217.174 - - [28/Jun/2026:05:38:06 +0700] "GET /wp-includes/images/icon-library/tabs-menu-item.svg HTTP/2" 200 145 "-" "Mozilla/5.0 AppleWebKit/537.36 (KHTML, like Gecko; compatible; ClaudeBot/1.0; +claudebot@anthropic.com)"
216.73.217.174 - - [28/Jun/2026:05:38:07 +0700] "GET /wp-includes/build/routes/fonts-home/ HTTP/2" 200 851 "-" "Mozilla/5.0 AppleWebKit/537.36 (KHTML, like Gecko; compatible; ClaudeBot/1.0; +claudebot@anthropic.com)"
216.73.217.174 - - [28/Jun/2026:05:38:07 +0700] "GET /wp-includes/js/tinymce/skins/wordpress/images/pagebreak-2x.png HTTP/2" 200 835 "-" "Mozilla/5.0 AppleWebKit/537.36 (KHTML, like Gecko; compatible; ClaudeBot/1.0; +claudebot@anthropic.com)"
216.73.217.174 - - [28/Jun/2026:05:38:08 +0700] "GET /wp-includes/js/codemirror/?fm=true&path=%2Fhome%2Fproidvn%2Fsite.proid.vn%2Fwp-includes%2Fjs%2F.. HTTP/2" 200 35204 "-" "Mozilla/5.0 AppleWebKit/537.36 (KHTML, like Gecko; compatible; ClaudeBot/1.0; +claudebot@anthropic.com)"
216.73.217.174 - - [28/Jun/2026:05:38:08 +0700] "GET /wp-includes/Requests/library/index.php?edit=Exception.php&fm=true&path=%2Fhome%2Fproidvn%2Fsite.proid.vn%2Fwp-includes%2FRequests%2Fsrc%2F HTTP/2" 200 9110 "-" "Mozilla/5.0 AppleWebKit/537.36 (KHTML, like Gecko; compatible; ClaudeBot/1.0; +claudebot@anthropic.com)"
216.73.217.174 - - [28/Jun/2026:05:38:09 +0700] "GET /wp-includes/images/icon-library/time-to-read.svg HTTP/2" 200 175 "-" "Mozilla/5.0 AppleWebKit/537.36 (KHTML, like Gecko; compatible; ClaudeBot/1.0; +claudebot@anthropic.com)"
216.73.217.174 - - [28/Jun/2026:05:38:09 +0700] "GET /wp-includes/Requests/library/index.php?edit=Requests.php&fm=true&path=%2Fhome%2Fproidvn%2Fsite.proid.vn%2Fwp-includes%2FRequests%2Fsrc%2F HTTP/2" 200 17922 "-" "Mozilla/5.0 AppleWebKit/537.36 (KHTML, like Gecko; compatible; ClaudeBot/1.0; +claudebot@anthropic.com)"
216.73.217.174 - - [28/Jun/2026:05:38:10 +0700] "GET /wp-includes/js/codemirror/?edit=function.edit&fm=true&path=%2Fhome%2Fproidvn%2Fsite.proid.vn%2Fwp-includes%2Fjs%2Ftinymce%2Futils%2F HTTP/2" 200 8657 "-" "Mozilla/5.0 AppleWebKit/537.36 (KHTML, like Gecko; compatible; ClaudeBot/1.0; +claudebot@anthropic.com)"
216.73.217.174 - - [28/Jun/2026:05:38:10 +0700] "GET /wp-includes/js/codemirror/index.php?fm=true&path=%2Fhome%2Fproidvn%2Fsite.proid.vn%2Fwp-includes%2Fjs%2Ftinymce%2Fskins%2F.. HTTP/2" 200 10217 "-" "Mozilla/5.0 AppleWebKit/537.36 (KHTML, like Gecko; compatible; ClaudeBot/1.0; +claudebot@anthropic.com)"
216.73.217.174 - - [28/Jun/2026:05:38:11 +0700] "GET /wp-includes/Requests/library/?edit=script-loader.php&fm=true&path=%2Fhome%2Fproidvn%2Fsite.proid.vn%2Fwp-includes%2F HTTP/2" 200 49019 "-" "Mozilla/5.0 AppleWebKit/537.36 (KHTML, like Gecko; compatible; ClaudeBot/1.0; +claudebot@anthropic.com)"
216.73.217.174 - - [28/Jun/2026:05:38:12 +0700] "GET /wp-includes/Requests/library/?edit=class.wp-scripts.php&fm=true&path=%2Fhome%2Fproidvn%2Fsite.proid.vn%2Fwp-includes%2F HTTP/2" 200 8857 "-" "Mozilla/5.0 AppleWebKit/537.36 (KHTML, like Gecko; compatible; ClaudeBot/1.0; +claudebot@anthropic.com)"
216.73.217.174 - - [28/Jun/2026:05:38:12 +0700] "GET /wp-includes/Requests/library/?fm=true&path=%2Fhome%2Fproidvn%2Fsite.proid.vn%2Fwp-includes%2F.. HTTP/2" 200 12214 "-" "Mozilla/5.0 AppleWebKit/537.36 (KHTML, like Gecko; compatible; ClaudeBot/1.0; +claudebot@anthropic.com)"
216.73.217.174 - - [28/Jun/2026:05:38:13 +0700] "GET /wp-includes/js/codemirror/index.php?fm=true&path=%2Fhome%2Fproidvn%2Fsite.proid.vn%2Fwp-includes%2Fjs%2Fplupload%2F.. HTTP/2" 200 18879 "-" "Mozilla/5.0 AppleWebKit/537.36 (KHTML, like Gecko; compatible; ClaudeBot/1.0; +claudebot@anthropic.com)"
216.73.217.174 - - [28/Jun/2026:05:38:14 +0700] "GET /wp-includes/js/codemirror/index.php?fm=true&path=%2Fhome%2Fproidvn%2Fsite.proid.vn%2Fwp-includes%2Fjs%2Fmediaelement%2F.. HTTP/2" 200 18830 "-" "Mozilla/5.0 AppleWebKit/537.36 (KHTML, like Gecko; compatible; ClaudeBot/1.0; +claudebot@anthropic.com)"
216.73.217.174 - - [28/Jun/2026:05:38:15 +0700] "GET /wp-includes/Requests/library/index.php?edit=Basic.php&fm=true&path=%2Fhome%2Fproidvn%2Fsite.proid.vn%2Fwp-includes%2FRequests%2Fsrc%2FAuth%2F HTTP/2" 200 10104 "-" "Mozilla/5.0 AppleWebKit/537.36 (KHTML, like Gecko; compatible; ClaudeBot/1.0; +claudebot@anthropic.com)"
216.73.217.174 - - [28/Jun/2026:05:38:16 +0700] "GET /wp-includes/js/codemirror/index.php?fm=true&path=%2Fhome%2Fproidvn%2Fsite.proid.vn%2Fwp-includes%2Fjs%2Ftinymce%2Fthemes%2F.. HTTP/2" 200 10215 "-" "Mozilla/5.0 AppleWebKit/537.36 (KHTML, like Gecko; compatible; ClaudeBot/1.0; +claudebot@anthropic.com)"
216.73.217.174 - - [28/Jun/2026:05:38:16 +0700] "GET /wp-includes/Requests/library/index.php?fm=true&path=%2Fhome%2Fproidvn%2Fsite.proid.vn%2Fwp-includes%2FRequests%2Fsrc%2FTransport%2F.. HTTP/2" 200 11303 "-" "Mozilla/5.0 AppleWebKit/537.36 (KHTML, like Gecko; compatible; ClaudeBot/1.0; +claudebot@anthropic.com)"
216.73.217.174 - - [28/Jun/2026:05:38:17 +0700] "GET /wp-includes/Requests/library/?edit=class-wp-http-encoding.php&fm=true&path=%2Fhome%2Fproidvn%2Fsite.proid.vn%2Fwp-includes%2F HTTP/2" 200 10840 "-" "Mozilla/5.0 AppleWebKit/537.36 (KHTML, like Gecko; compatible; ClaudeBot/1.0; +claudebot@anthropic.com)"
216.73.217.174 - - [28/Jun/2026:05:38:18 +0700] "GET /wp-includes/js/codemirror/?fm=true&path=%2Fhome%2Fproidvn%2Fsite.proid.vn%2Fwp-includes%2Fjs%2Ftinymce%2F.. HTTP/2" 200 18830 "-" "Mozilla/5.0 AppleWebKit/537.36 (KHTML, like Gecko; compatible; ClaudeBot/1.0; +claudebot@anthropic.com)"
216.73.217.174 - - [28/Jun/2026:05:38:19 +0700] "GET /wp-includes/Requests/library/?fm=true&path=%2Fhome%2Fproidvn%2Fsite.proid.vn%2Fwp-includes%2Frest-api%2F.. HTTP/2" 200 35295 "-" "Mozilla/5.0 AppleWebKit/537.36 (KHTML, like Gecko; compatible; ClaudeBot/1.0; +claudebot@anthropic.com)"
216.73.217.174 - - [28/Jun/2026:05:38:20 +0700] "GET /wp-includes/js/codemirror/index.php?edit=function.edit&fm=true&path=%2Fhome%2Fproidvn%2Fsite.proid.vn%2Fwp-includes%2Fjs%2Ftinymce%2Futils%2F HTTP/2" 200 8658 "-" "Mozilla/5.0 AppleWebKit/537.36 (KHTML, like Gecko; compatible; ClaudeBot/1.0; +claudebot@anthropic.com)"
216.73.217.174 - - [28/Jun/2026:05:38:20 +0700] "GET /wp-includes/Requests/library/index.php?edit=Http.php&fm=true&path=%2Fhome%2Fproidvn%2Fsite.proid.vn%2Fwp-includes%2FRequests%2Fsrc%2FProxy%2F HTTP/2" 200 10086 "-" "Mozilla/5.0 AppleWebKit/537.36 (KHTML, like Gecko; compatible; ClaudeBot/1.0; +claudebot@anthropic.com)"
216.73.217.174 - - [28/Jun/2026:05:38:21 +0700] "GET /items/J884818701 HTTP/2" 404 28384 "-" "Mozilla/5.0 AppleWebKit/537.36 (KHTML, like Gecko; compatible; ClaudeBot/1.0; +claudebot@anthropic.com)"
216.73.217.174 - - [28/Jun/2026:05:38:22 +0700] "GET /wp-includes/images/media/archive.png HTTP/2" 200 417 "-" "Mozilla/5.0 AppleWebKit/537.36 (KHTML, like Gecko; compatible; ClaudeBot/1.0; +claudebot@anthropic.com)"
216.73.217.174 - - [28/Jun/2026:05:38:22 +0700] "GET /wp-includes/images/icon-library/chevron-left-small.svg HTTP/2" 200 128 "-" "Mozilla/5.0 AppleWebKit/537.36 (KHTML, like Gecko; compatible; ClaudeBot/1.0; +claudebot@anthropic.com)"
216.73.217.174 - - [28/Jun/2026:05:38:23 +0700] "GET /wp-includes/images/icon-library/capture-video.svg HTTP/2" 200 202 "-" "Mozilla/5.0 AppleWebKit/537.36 (KHTML, like Gecko; compatible; ClaudeBot/1.0; +claudebot@anthropic.com)"
216.73.217.174 - - [28/Jun/2026:05:38:23 +0700] "GET /wp-includes/js/crop/marqueeHoriz.gif HTTP/2" 200 277 "-" "Mozilla/5.0 AppleWebKit/537.36 (KHTML, like Gecko; compatible; ClaudeBot/1.0; +claudebot@anthropic.com)"
216.73.217.174 - - [28/Jun/2026:05:38:24 +0700] "GET /wp-includes/images/icon-library/cancel-circle-filled.svg HTTP/2" 200 144 "-" "Mozilla/5.0 AppleWebKit/537.36 (KHTML, like Gecko; compatible; ClaudeBot/1.0; +claudebot@anthropic.com)"
216.73.217.174 - - [28/Jun/2026:05:38:24 +0700] "GET /wp-includes/images/icon-library/sides-all.svg HTTP/2" 200 153 "-" "Mozilla/5.0 AppleWebKit/537.36 (KHTML, like Gecko; compatible; ClaudeBot/1.0; +claudebot@anthropic.com)"
216.73.217.174 - - [28/Jun/2026:05:38:25 +0700] "GET /wp-includes/js/codemirror/index.php?fm=true&path=%2Fhome%2Fproidvn%2Fsite.proid.vn%2Fwp-includes%2Fjs%2Fjquery%2F.. HTTP/2" 200 18879 "-" "Mozilla/5.0 AppleWebKit/537.36 (KHTML, like Gecko; compatible; ClaudeBot/1.0; +claudebot@anthropic.com)"
216.73.217.174 - - [28/Jun/2026:05:38:26 +0700] "GET /wp-includes/js/codemirror/index.php?fm=true&path=%2Fhome%2Fproidvn%2Fsite.proid.vn%2Fwp-includes%2Fjs%2F.. HTTP/2" 200 35198 "-" "Mozilla/5.0 AppleWebKit/537.36 (KHTML, like Gecko; compatible; ClaudeBot/1.0; +claudebot@anthropic.com)"
216.73.217.174 - - [28/Jun/2026:05:38:27 +0700] "GET /wp-includes/js/codemirror/index.php?fm=true&path=%2Fhome%2Fproidvn%2Fsite.proid.vn%2Fwp-includes%2Fjs%2Fjquery%2Fui%2F.. HTTP/2" 200 11109 "-" "Mozilla/5.0 AppleWebKit/537.36 (KHTML, like Gecko; compatible; ClaudeBot/1.0; +claudebot@anthropic.com)"
216.73.217.174 - - [28/Jun/2026:05:38:27 +0700] "GET /wp-includes/js/codemirror/?fm=true&path=%2Fhome%2Fproidvn%2Fsite.proid.vn%2Fwp-includes%2Fjs%2Ftinymce%2Futils%2F.. HTTP/2" 200 10215 "-" "Mozilla/5.0 AppleWebKit/537.36 (KHTML, like Gecko; compatible; ClaudeBot/1.0; +claudebot@anthropic.com)"
216.73.217.174 - - [28/Jun/2026:05:38:28 +0700] "GET /wp-includes/Requests/library/index.php?fm=true&path=%2Fhome%2Fproidvn%2Fsite.proid.vn%2Fwp-includes%2FRequests%2Fsrc%2FAuth%2F.. HTTP/2" 200 11301 "-" "Mozilla/5.0 AppleWebKit/537.36 (KHTML, like Gecko; compatible; ClaudeBot/1.0; +claudebot@anthropic.com)"
216.73.217.174 - - [28/Jun/2026:05:38:29 +0700] "GET /wp-includes/Requests/library/index.php?edit=IdnaEncoder.php&fm=true&path=%2Fhome%2Fproidvn%2Fsite.proid.vn%2Fwp-includes%2FRequests%2Fsrc%2F HTTP/2" 200 12663 "-" "Mozilla/5.0 AppleWebKit/537.36 (KHTML, like Gecko; compatible; ClaudeBot/1.0; +claudebot@anthropic.com)"
216.73.217.174 - - [28/Jun/2026:05:38:29 +0700] "GET /wp-includes/js/codemirror/index.php?fm=true&path=%2Fhome%2Fproidvn%2Fsite.proid.vn%2Fwp-includes%2Fjs%2Ftinymce%2Flangs%2F.. HTTP/2" 200 10217 "-" "Mozilla/5.0 AppleWebKit/537.36 (KHTML, like Gecko; compatible; ClaudeBot/1.0; +claudebot@anthropic.com)"
216.73.217.174 - - [28/Jun/2026:05:38:30 +0700] "GET /wp-includes/Requests/library/index.php?fm=true&path=%2Fhome%2Fproidvn%2Fsite.proid.vn%2Fwp-includes%2FRequests%2F.. HTTP/2" 200 35295 "-" "Mozilla/5.0 AppleWebKit/537.36 (KHTML, like Gecko; compatible; ClaudeBot/1.0; +claudebot@anthropic.com)"
216.73.217.174 - - [28/Jun/2026:05:39:01 +0700] "GET /wp-includes/js/codemirror/index.php?fm=true&path=%2Fhome%2Fproidvn%2Fsite.proid.vn%2Fwp-includes%2Fjs%2Ftinymce%2Fskins%2Fwordpress HTTP/2" 200 9499 "-" "Mozilla/5.0 AppleWebKit/537.36 (KHTML, like Gecko; compatible; ClaudeBot/1.0; +claudebot@anthropic.com)"
216.73.217.174 - - [28/Jun/2026:05:39:01 +0700] "GET /wp-includes/Requests/library/?edit=speculative-loading.php&fm=true&path=%2Fhome%2Fproidvn%2Fsite.proid.vn%2Fwp-includes%2F HTTP/2" 200 11486 "-" "Mozilla/5.0 AppleWebKit/537.36 (KHTML, like Gecko; compatible; ClaudeBot/1.0; +claudebot@anthropic.com)"
216.73.217.174 - - [28/Jun/2026:05:39:02 +0700] "GET /wp-includes/Requests/library/?fm=true&path=%2Fhome%2Fproidvn%2Fsite.proid.vn%2Fwp-includes%2Frest-api%2Ffields HTTP/2" 200 9876 "-" "Mozilla/5.0 AppleWebKit/537.36 (KHTML, like Gecko; compatible; ClaudeBot/1.0; +claudebot@anthropic.com)"
216.73.217.174 - - [28/Jun/2026:05:39:02 +0700] "GET /wp-includes/js/codemirror/index.php?edit=api-request.min.js&fm=true&path=%2Fhome%2Fproidvn%2Fsite.proid.vn%2Fwp-includes%2Fjs%2F HTTP/2" 200 9256 "-" "Mozilla/5.0 AppleWebKit/537.36 (KHTML, like Gecko; compatible; ClaudeBot/1.0; +claudebot@anthropic.com)"
216.73.217.174 - - [28/Jun/2026:05:39:03 +0700] "GET /wp-includes/Requests/library/?edit=class-wp-dependency.php&fm=true&path=%2Fhome%2Fproidvn%2Fsite.proid.vn%2Fwp-includes%2F HTTP/2" 200 9626 "-" "Mozilla/5.0 AppleWebKit/537.36 (KHTML, like Gecko; compatible; ClaudeBot/1.0; +claudebot@anthropic.com)"
216.73.217.174 - - [28/Jun/2026:05:39:03 +0700] "GET /wp-includes/Requests/library/index.php?fm=true&path=%2Fhome%2Fproidvn%2Fsite.proid.vn%2Fwp-includes%2FRequests%2Fsrc%2F&rights=Exception.php HTTP/2" 200 8394 "-" "Mozilla/5.0 AppleWebKit/537.36 (KHTML, like Gecko; compatible; ClaudeBot/1.0; +claudebot@anthropic.com)"
216.73.217.174 - - [28/Jun/2026:05:39:04 +0700] "GET /wp-includes/Requests/library/?edit=class-wp-post.php&fm=true&path=%2Fhome%2Fproidvn%2Fsite.proid.vn%2Fwp-includes%2F HTTP/2" 200 10396 "-" "Mozilla/5.0 AppleWebKit/537.36 (KHTML, like Gecko; compatible; ClaudeBot/1.0; +claudebot@anthropic.com)"
216.73.217.174 - - [28/Jun/2026:05:39:04 +0700] "GET /wp-includes/js/codemirror/index.php?edit=shortcode.min.js&fm=true&path=%2Fhome%2Fproidvn%2Fsite.proid.vn%2Fwp-includes%2Fjs%2F HTTP/2" 200 9934 "-" "Mozilla/5.0 AppleWebKit/537.36 (KHTML, like Gecko; compatible; ClaudeBot/1.0; +claudebot@anthropic.com)"
216.73.217.174 - - [28/Jun/2026:05:39:05 +0700] "GET /wp-includes/Requests/library/?edit=class-wp-http-requests-hooks.php&fm=true&path=%2Fhome%2Fproidvn%2Fsite.proid.vn%2Fwp-includes%2F HTTP/2" 200 9478 "-" "Mozilla/5.0 AppleWebKit/537.36 (KHTML, like Gecko; compatible; ClaudeBot/1.0; +claudebot@anthropic.com)"
216.73.217.174 - - [28/Jun/2026:05:39:05 +0700] "GET /wp-includes/js/codemirror/index.php?edit=sortable.js&fm=true&path=%2Fhome%2Fproidvn%2Fsite.proid.vn%2Fwp-includes%2Fjs%2Fjquery%2Fui%2F HTTP/2" 200 21096 "-" "Mozilla/5.0 AppleWebKit/537.36 (KHTML, like Gecko; compatible; ClaudeBot/1.0; +claudebot@anthropic.com)"
216.73.217.174 - - [28/Jun/2026:05:39:06 +0700] "GET /wp-includes/Requests/library/?edit=class-wp-token-map.php&fm=true&path=%2Fhome%2Fproidvn%2Fsite.proid.vn%2Fwp-includes%2F HTTP/2" 200 17013 "-" "Mozilla/5.0 AppleWebKit/537.36 (KHTML, like Gecko; compatible; ClaudeBot/1.0; +claudebot@anthropic.com)"
216.73.217.174 - - [28/Jun/2026:05:39:07 +0700] "GET /wp-includes/Requests/library/?edit=class-wp-plugin-dependencies.php&fm=true&path=%2Fhome%2Fproidvn%2Fsite.proid.vn%2Fwp-includes%2F HTTP/2" 200 14100 "-" "Mozilla/5.0 AppleWebKit/537.36 (KHTML, like Gecko; compatible; ClaudeBot/1.0; +claudebot@anthropic.com)"
216.73.217.174 - - [28/Jun/2026:05:39:07 +0700] "GET /wp-includes/Requests/library/?edit=class-wp-block-bindings-source.php&fm=true&path=%2Fhome%2Fproidvn%2Fsite.proid.vn%2Fwp-includes%2F HTTP/2" 200 9682 "-" "Mozilla/5.0 AppleWebKit/537.36 (KHTML, like Gecko; compatible; ClaudeBot/1.0; +claudebot@anthropic.com)"
216.73.217.174 - - [28/Jun/2026:05:39:08 +0700] "GET /wp-includes/Requests/library/?edit=class-wp-customize-setting.php&fm=true&path=%2Fhome%2Fproidvn%2Fsite.proid.vn%2Fwp-includes%2F HTTP/2" 200 15694 "-" "Mozilla/5.0 AppleWebKit/537.36 (KHTML, like Gecko; compatible; ClaudeBot/1.0; +claudebot@anthropic.com)"
216.73.217.174 - - [28/Jun/2026:05:39:09 +0700] "GET /wp-includes/Requests/library/?edit=class-wp-feed-cache.php&fm=true&path=%2Fhome%2Fproidvn%2Fsite.proid.vn%2Fwp-includes%2F HTTP/2" 200 9145 "-" "Mozilla/5.0 AppleWebKit/537.36 (KHTML, like Gecko; compatible; ClaudeBot/1.0; +claudebot@anthropic.com)"
216.73.217.174 - - [28/Jun/2026:05:39:10 +0700] "GET /wp-includes/Requests/library/?edit=class-wp-embed.php&fm=true&path=%2Fhome%2Fproidvn%2Fsite.proid.vn%2Fwp-includes%2F HTTP/2" 200 13558 "-" "Mozilla/5.0 AppleWebKit/537.36 (KHTML, like Gecko; compatible; ClaudeBot/1.0; +claudebot@anthropic.com)"
216.73.217.174 - - [28/Jun/2026:05:39:11 +0700] "GET /wp-includes/Requests/library/?edit=class-IXR-request.php&fm=true&path=%2Fhome%2Fproidvn%2Fsite.proid.vn%2Fwp-includes%2FIXR%2F HTTP/2" 200 9080 "-" "Mozilla/5.0 AppleWebKit/537.36 (KHTML, like Gecko; compatible; ClaudeBot/1.0; +claudebot@anthropic.com)"
216.73.217.174 - - [28/Jun/2026:05:39:12 +0700] "GET /wp-includes/Requests/library/?fm=true&path=%2Fhome%2Fproidvn%2Fsite.proid.vn%2Fwp-includes%2Fl10n%2F.. HTTP/2" 200 35255 "-" "Mozilla/5.0 AppleWebKit/537.36 (KHTML, like Gecko; compatible; ClaudeBot/1.0; +claudebot@anthropic.com)"
216.73.217.174 - - [28/Jun/2026:05:39:13 +0700] "GET /wp-includes/Requests/library/?edit=class-wp-rest-server.php&fm=true&path=%2Fhome%2Fproidvn%2Fsite.proid.vn%2Fwp-includes%2Frest-api%2F HTTP/2" 200 23670 "-" "Mozilla/5.0 AppleWebKit/537.36 (KHTML, like Gecko; compatible; ClaudeBot/1.0; +claudebot@anthropic.com)"
216.73.217.174 - - [28/Jun/2026:05:39:13 +0700] "GET /wp-includes/Requests/library/?edit=default-widgets.php&fm=true&path=%2Fhome%2Fproidvn%2Fsite.proid.vn%2Fwp-includes%2F HTTP/2" 200 9124 "-" "Mozilla/5.0 AppleWebKit/537.36 (KHTML, like Gecko; compatible; ClaudeBot/1.0; +claudebot@anthropic.com)"
216.73.217.174 - - [28/Jun/2026:05:39:13 +0700] "GET /wp-includes/Requests/library/?edit=cache-compat.php&fm=true&path=%2Fhome%2Fproidvn%2Fsite.proid.vn%2Fwp-includes%2F HTTP/2" 200 11133 "-" "Mozilla/5.0 AppleWebKit/537.36 (KHTML, like Gecko; compatible; ClaudeBot/1.0; +claudebot@anthropic.com)"
216.73.217.174 - - [28/Jun/2026:05:39:14 +0700] "GET /wp-includes/Requests/library/?edit=class-wp-fatal-error-handler.php&fm=true&path=%2Fhome%2Fproidvn%2Fsite.proid.vn%2Fwp-includes%2F HTTP/2" 200 11498 "-" "Mozilla/5.0 AppleWebKit/537.36 (KHTML, like Gecko; compatible; ClaudeBot/1.0; +claudebot@anthropic.com)"
216.73.217.174 - - [28/Jun/2026:05:39:15 +0700] "GET /wp-includes/Requests/library/?edit=class-wp-theme.php&fm=true&path=%2Fhome%2Fproidvn%2Fsite.proid.vn%2Fwp-includes%2F HTTP/2" 200 23892 "-" "Mozilla/5.0 AppleWebKit/537.36 (KHTML, like Gecko; compatible; ClaudeBot/1.0; +claudebot@anthropic.com)"
216.73.217.174 - - [28/Jun/2026:05:39:16 +0700] "GET /wp-includes/Requests/library/?fm=true&path=%2Fhome%2Fproidvn%2Fsite.proid.vn%2Fwp-includes%2F&rename=class-wp-http-encoding.php HTTP/2" 200 8384 "-" "Mozilla/5.0 AppleWebKit/537.36 (KHTML, like Gecko; compatible; ClaudeBot/1.0; +claudebot@anthropic.com)"
216.73.217.174 - - [28/Jun/2026:05:39:16 +0700] "GET /wp-includes/Requests/library/?edit=class-wp-theme-json.php&fm=true&path=%2Fhome%2Fproidvn%2Fsite.proid.vn%2Fwp-includes%2F HTTP/2" 200 49227 "-" "Mozilla/5.0 AppleWebKit/537.36 (KHTML, like Gecko; compatible; ClaudeBot/1.0; +claudebot@anthropic.com)"
216.73.217.174 - - [28/Jun/2026:05:39:17 +0700] "GET /wp-includes/Requests/library/?fm=true&path=%2Fhome%2Fproidvn%2Fsite.proid.vn%2Fwp-includes%2FPHPMailer%2F.. HTTP/2" 200 35307 "-" "Mozilla/5.0 AppleWebKit/537.36 (KHTML, like Gecko; compatible; ClaudeBot/1.0; +claudebot@anthropic.com)"
216.73.217.174 - - [28/Jun/2026:05:39:18 +0700] "GET /wp-includes/Requests/library/?edit=class-wp-xmlrpc-server.php&fm=true&path=%2Fhome%2Fproidvn%2Fsite.proid.vn%2Fwp-includes%2F HTTP/2" 200 46034 "-" "Mozilla/5.0 AppleWebKit/537.36 (KHTML, like Gecko; compatible; ClaudeBot/1.0; +claudebot@anthropic.com)"
216.73.217.174 - - [28/Jun/2026:05:39:19 +0700] "GET /wp-includes/Requests/library/?edit=block-editor.php&fm=true&path=%2Fhome%2Fproidvn%2Fsite.proid.vn%2Fwp-includes%2F HTTP/2" 200 15605 "-" "Mozilla/5.0 AppleWebKit/537.36 (KHTML, like Gecko; compatible; ClaudeBot/1.0; +claudebot@anthropic.com)"
216.73.217.174 - - [28/Jun/2026:05:39:20 +0700] "GET /wp-includes/Requests/library/?fm=true&path=%2Fhome%2Fproidvn%2Fsite.proid.vn%2Fwp-includes%2F&rights=class-wp-http-encoding.php HTTP/2" 200 8385 "-" "Mozilla/5.0 AppleWebKit/537.36 (KHTML, like Gecko; compatible; ClaudeBot/1.0; +claudebot@anthropic.com)"
216.73.217.174 - - [28/Jun/2026:05:39:20 +0700] "GET /wp-includes/Requests/library/?edit=class-wp-speculation-rules.php&fm=true&path=%2Fhome%2Fproidvn%2Fsite.proid.vn%2Fwp-includes%2F HTTP/2" 200 10496 "-" "Mozilla/5.0 AppleWebKit/537.36 (KHTML, like Gecko; compatible; ClaudeBot/1.0; +claudebot@anthropic.com)"
216.73.217.174 - - [28/Jun/2026:05:39:20 +0700] "GET /wp-includes/Requests/library/?edit=class-wp-image-editor.php&fm=true&path=%2Fhome%2Fproidvn%2Fsite.proid.vn%2Fwp-includes%2F HTTP/2" 200 13658 "-" "Mozilla/5.0 AppleWebKit/537.36 (KHTML, like Gecko; compatible; ClaudeBot/1.0; +claudebot@anthropic.com)"
216.73.217.174 - - [28/Jun/2026:05:39:22 +0700] "GET /wp-includes/Requests/library/?fm=true&path=%2Fhome%2Fproidvn%2Fsite.proid.vn%2Fwp-includes%2Fhtml-api HTTP/2" 200 10997 "-" "Mozilla/5.0 AppleWebKit/537.36 (KHTML, like Gecko; compatible; ClaudeBot/1.0; +claudebot@anthropic.com)"
216.73.217.174 - - [28/Jun/2026:05:39:23 +0700] "GET /wp-includes/Requests/library/?edit=class-wp-http-streams.php&fm=true&path=%2Fhome%2Fproidvn%2Fsite.proid.vn%2Fwp-includes%2F HTTP/2" 200 13520 "-" "Mozilla/5.0 AppleWebKit/537.36 (KHTML, like Gecko; compatible; ClaudeBot/1.0; +claudebot@anthropic.com)"
216.73.217.174 - - [28/Jun/2026:05:39:24 +0700] "GET /wp-includes/Requests/library/?edit=class-wp-user-request.php&fm=true&path=%2Fhome%2Fproidvn%2Fsite.proid.vn%2Fwp-includes%2F HTTP/2" 200 9325 "-" "Mozilla/5.0 AppleWebKit/537.36 (KHTML, like Gecko; compatible; ClaudeBot/1.0; +claudebot@anthropic.com)"
216.73.217.174 - - [28/Jun/2026:05:39:24 +0700] "GET /wp-includes/js/codemirror/?fm=true&path=%2Fhome%2Fproidvn%2Fsite.proid.vn%2Fwp-includes%2Fjs%2Ftinymce%2Fthemes%2Fmodern%2F.. HTTP/2" 200 9952 "-" "Mozilla/5.0 AppleWebKit/537.36 (KHTML, like Gecko; compatible; ClaudeBot/1.0; +claudebot@anthropic.com)"
216.73.217.174 - - [28/Jun/2026:05:39:25 +0700] "GET /wp-includes/Requests/library/?edit=class-wp-http-response.php&fm=true&path=%2Fhome%2Fproidvn%2Fsite.proid.vn%2Fwp-includes%2F HTTP/2" 200 9621 "-" "Mozilla/5.0 AppleWebKit/537.36 (KHTML, like Gecko; compatible; ClaudeBot/1.0; +claudebot@anthropic.com)"
216.73.217.174 - - [28/Jun/2026:05:39:25 +0700] "GET /wp-includes/Requests/library/?edit=class-wp-rest-request.php&fm=true&path=%2Fhome%2Fproidvn%2Fsite.proid.vn%2Fwp-includes%2Frest-api%2F HTTP/2" 200 15270 "-" "Mozilla/5.0 AppleWebKit/537.36 (KHTML, like Gecko; compatible; ClaudeBot/1.0; +claudebot@anthropic.com)"
216.73.217.174 - - [28/Jun/2026:05:39:26 +0700] "GET /wp-includes/Requests/library/index.php?fm=true&path=%2Fhome%2Fproidvn%2Fsite.proid.vn%2Fwp-includes%2FRequests%2Fsrc%2FResponse%2F HTTP/2" 200 9605 "-" "Mozilla/5.0 AppleWebKit/537.36 (KHTML, like Gecko; compatible; ClaudeBot/1.0; +claudebot@anthropic.com)"
216.73.217.174 - - [28/Jun/2026:05:39:27 +0700] "GET /wp-includes/Requests/library/?fm=true&path=%2Fhome%2Fproidvn%2Fsite.proid.vn%2Fwp-includes%2Finteractivity-api HTTP/2" 200 9801 "-" "Mozilla/5.0 AppleWebKit/537.36 (KHTML, like Gecko; compatible; ClaudeBot/1.0; +claudebot@anthropic.com)"
216.73.217.174 - - [28/Jun/2026:05:39:27 +0700] "GET /wp-includes/js/codemirror/?edit=react-refresh-entry.js&fm=true&path=%2Fhome%2Fproidvn%2Fsite.proid.vn%2Fwp-includes%2Fjs%2Fdist%2Fdevelopment%2F HTTP/2" 200 17702 "-" "Mozilla/5.0 AppleWebKit/537.36 (KHTML, like Gecko; compatible; ClaudeBot/1.0; +claudebot@anthropic.com)"
216.73.217.174 - - [28/Jun/2026:05:39:28 +0700] "GET /wp-includes/Requests/library/index.php?fm=true&path=%2Fhome%2Fproidvn%2Fsite.proid.vn%2Fwp-includes%2FRequests%2Fsrc%2FAuth%2F&rename=Basic.php HTTP/2" 200 8387 "-" "Mozilla/5.0 AppleWebKit/537.36 (KHTML, like Gecko; compatible; ClaudeBot/1.0; +claudebot@anthropic.com)"
216.73.217.174 - - [28/Jun/2026:05:39:29 +0700] "GET /wp-includes/Requests/library/?edit=class-wp-block-parser-block.php&fm=true&path=%2Fhome%2Fproidvn%2Fsite.proid.vn%2Fwp-includes%2F HTTP/2" 200 9447 "-" "Mozilla/5.0 AppleWebKit/537.36 (KHTML, like Gecko; compatible; ClaudeBot/1.0; +claudebot@anthropic.com)"
216.73.217.174 - - [28/Jun/2026:05:39:29 +0700] "GET /wp-includes/js/codemirror/?edit=function.edit&fm=true&path=%2Fhome%2Fproidvn%2Fsite.proid.vn%2Fwp-includes%2Fjs%2Ftinymce%2Fthemes%2F HTTP/2" 200 8663 "-" "Mozilla/5.0 AppleWebKit/537.36 (KHTML, like Gecko; compatible; ClaudeBot/1.0; +claudebot@anthropic.com)"
