File manager - Edit - /usr/local/apache/domlogs/proidvn/site.proid.vn-ssl_log
Back
163.172.78.108 - - [27/Jun/2026:16:39:37 +0700] "GET /wp-login.php HTTP/2" 200 2881 "-" "Mozilla/5.0 (X11; Ubuntu; Linux x86_64; rv:133.0) Gecko/20100101 Firefox/133.0"
163.172.78.108 - - [27/Jun/2026:16:39:38 +0700] "POST /wp-login.php HTTP/2" 200 3028 "https://site.proid.vn/wp-login.php" "Mozilla/5.0 (X11; Ubuntu; Linux x86_64; rv:133.0) Gecko/20100101 Firefox/133.0"
180.149.196.82 - - [27/Jun/2026:16:40:52 +0700] "GET /wp-login.php HTTP/2" 503 807 "-" "Mozilla/5.0 (Windows NT 10.0; Win64; x64) AppleWebKit/537.36 (KHTML, like Gecko) Chrome/120.0.0.0 Safari/537.36"
216.73.217.174 - - [27/Jun/2026:16:42:10 +0700] "GET /wp-includes/php-ai-client/third-party/Http/Discovery/Exception/PuliUnavailableException.php HTTP/2" 500 0 "-" "Mozilla/5.0 AppleWebKit/537.36 (KHTML, like Gecko; compatible; ClaudeBot/1.0; +claudebot@anthropic.com)"
47.82.11.85 - - [27/Jun/2026:16:42:48 +0700] "GET /?g=93502236403 HTTP/1.1" 200 36974 "https://site.proid.vn/" "Mozilla/5.0 (Windows NT 10.0; Win64; x64; rv:137.0) Gecko/20100101 Firefox/137.0"
65.2.42.154 - - [27/Jun/2026:16:43:06 +0700] "GET /wp-login.php HTTP/2" 200 2881 "-" "Mozilla/5.0 (Windows NT 10.0; Win64; x64) AppleWebKit/537.36 (KHTML, like Gecko) Chrome/133.0.0.0 Safari/537.36"
65.2.42.154 - - [27/Jun/2026:16:43:07 +0700] "POST /wp-login.php HTTP/2" 200 3055 "https://site.proid.vn/wp-login.php" "Mozilla/5.0 (Windows NT 10.0; Win64; x64) AppleWebKit/537.36 (KHTML, like Gecko) Chrome/133.0.0.0 Safari/537.36"
171.251.237.153 - - [27/Jun/2026:16:47:42 +0700] "GET /?l=18185256846 HTTP/2" 200 135 "https://www.google.com/" "Mozilla/5.0 (Windows NT 10.0; Win64; x64) AppleWebKit/537.36 (KHTML, like Gecko) Chrome/149.0.0.0 Safari/537.36 Edg/149.0.0.0"
97.74.87.194 - - [27/Jun/2026:16:49:24 +0700] "GET /wp-login.php HTTP/2" 503 807 "-" "Mozilla/5.0 (X11; CrOS x86_64 14541.0.0) AppleWebKit/537.36 (KHTML, like Gecko) Chrome/133.0.0.0 Safari/537.36"
97.74.87.194 - - [27/Jun/2026:16:49:25 +0700] "POST /wp-login.php HTTP/2" 200 2881 "https://site.proid.vn/wp-login.php" "Mozilla/5.0 (X11; CrOS x86_64 14541.0.0) AppleWebKit/537.36 (KHTML, like Gecko) Chrome/133.0.0.0 Safari/537.36"
78.142.18.172 - - [27/Jun/2026:16:50:29 +0700] "GET /wp-login.php HTTP/2" 200 2881 "-" "Mozilla/5.0 (X11; Fedora; Linux x86_64) AppleWebKit/537.36 (KHTML, like Gecko) Chrome/133.0.0.0 Safari/537.36"
78.142.18.172 - - [27/Jun/2026:16:50:29 +0700] "POST /wp-login.php HTTP/2" 200 3028 "https://site.proid.vn/wp-login.php" "Mozilla/5.0 (X11; Fedora; Linux x86_64) AppleWebKit/537.36 (KHTML, like Gecko) Chrome/133.0.0.0 Safari/537.36"
47.82.11.114 - - [27/Jun/2026:16:51:41 +0700] "GET /?v=88733113037 HTTP/1.1" 503 807 "https://site.proid.vn/" "Mozilla/5.0 (Macintosh; Intel Mac OS X 10_15_7) AppleWebKit/537.36 (KHTML, like Gecko) Chrome/135.0.0.0 Safari/537.36"
155.254.17.105 - - [27/Jun/2026:16:53:42 +0700] "GET /wp-login.php HTTP/2" 200 2881 "-" "Mozilla/5.0 (Windows NT 10.0; Win64; x64; rv:133.0) Gecko/20100101 Firefox/133.0"
155.254.17.105 - - [27/Jun/2026:16:53:43 +0700] "POST /wp-login.php HTTP/2" 200 3055 "https://site.proid.vn/wp-login.php" "Mozilla/5.0 (Windows NT 10.0; Win64; x64; rv:133.0) Gecko/20100101 Firefox/133.0"
216.73.217.174 - - [27/Jun/2026:16:56:28 +0700] "GET /wp-includes/sodium_compat/namespaced/Core/Curve25519/Ge/Precomp.php HTTP/2" 500 0 "-" "Mozilla/5.0 AppleWebKit/537.36 (KHTML, like Gecko; compatible; ClaudeBot/1.0; +claudebot@anthropic.com)"
216.73.217.174 - - [27/Jun/2026:16:56:32 +0700] "GET /wp-includes/class-http.php HTTP/2" 500 0 "-" "Mozilla/5.0 AppleWebKit/537.36 (KHTML, like Gecko; compatible; ClaudeBot/1.0; +claudebot@anthropic.com)"
216.73.217.174 - - [27/Jun/2026:16:56:37 +0700] "GET /wp-includes/SimplePie/src/HTTP/ClientException.php HTTP/2" 500 0 "-" "Mozilla/5.0 AppleWebKit/537.36 (KHTML, like Gecko; compatible; ClaudeBot/1.0; +claudebot@anthropic.com)"
216.73.217.174 - - [27/Jun/2026:16:56:42 +0700] "GET /wp-includes/SimplePie/src/File.php HTTP/2" 500 0 "-" "Mozilla/5.0 AppleWebKit/537.36 (KHTML, like Gecko; compatible; ClaudeBot/1.0; +claudebot@anthropic.com)"
216.73.217.174 - - [27/Jun/2026:16:56:47 +0700] "GET / HTTP/2" 200 36993 "-" "Mozilla/5.0 AppleWebKit/537.36 (KHTML, like Gecko; compatible; ClaudeBot/1.0; +claudebot@anthropic.com)"
213.128.70.19 - - [27/Jun/2026:16:59:19 +0700] "GET /wp-login.php HTTP/2" 200 2881 "-" "Mozilla/5.0 (X11; Linux i686) AppleWebKit/537.36 (KHTML, like Gecko) Chrome/133.0.0.0 Safari/537.36"
213.128.70.19 - - [27/Jun/2026:16:59:20 +0700] "POST /wp-login.php HTTP/2" 200 3053 "https://site.proid.vn/wp-login.php" "Mozilla/5.0 (X11; Linux i686) AppleWebKit/537.36 (KHTML, like Gecko) Chrome/133.0.0.0 Safari/537.36"
216.73.217.174 - - [27/Jun/2026:16:59:23 +0700] "GET /wp-includes/sitemaps/providers/class-wp-sitemaps-posts.php HTTP/2" 500 0 "-" "Mozilla/5.0 AppleWebKit/537.36 (KHTML, like Gecko; compatible; ClaudeBot/1.0; +claudebot@anthropic.com)"
104.244.79.40 - - [27/Jun/2026:17:00:08 +0700] "GET /wp-login.php HTTP/2" 200 2881 "-" "Mozilla/5.0 (X11; Ubuntu; Linux x86_64) AppleWebKit/537.36 (KHTML, like Gecko) Chrome/133.0.0.0 Safari/537.36"
104.244.79.40 - - [27/Jun/2026:17:00:08 +0700] "POST /wp-login.php HTTP/2" 200 3028 "https://site.proid.vn/wp-login.php" "Mozilla/5.0 (X11; Ubuntu; Linux x86_64) AppleWebKit/537.36 (KHTML, like Gecko) Chrome/133.0.0.0 Safari/537.36"
160.16.96.171 - - [27/Jun/2026:17:02:09 +0700] "GET /wp-login.php HTTP/2" 200 2881 "-" "Mozilla/5.0 (Windows NT 10.0; Win64; x64; rv:133.0) Gecko/20100101 Firefox/133.0"
160.16.96.171 - - [27/Jun/2026:17:02:09 +0700] "POST /wp-login.php HTTP/2" 200 3028 "https://site.proid.vn/wp-login.php" "Mozilla/5.0 (Windows NT 10.0; Win64; x64; rv:133.0) Gecko/20100101 Firefox/133.0"
47.82.11.194 - - [27/Jun/2026:17:03:01 +0700] "GET /?g=9350257985 HTTP/1.1" 200 36972 "https://site.proid.vn/" "Mozilla/5.0 (Windows NT 10.0; Win64; x64) AppleWebKit/537.36 (KHTML, like Gecko) Chrome/128.0.0.0 Safari/537.36"
85.215.252.72 - hafebers [27/Jun/2026:17:03:44 +0700] "GET /wp-json/wp/v2/users/me HTTP/2" 401 113 "-" "Mozilla/5.0 (X11; Linux x86_64) AppleWebKit/537.36 (KHTML, like Gecko) Chrome/133.0.0.0 Safari/537.36 Edg/133.0.0.0"
20.16.180.61 - - [27/Jun/2026:17:07:36 +0700] "GET /wp-login.php HTTP/2" 200 2881 "-" "Mozilla/5.0 (Windows NT 10.0; Win64; x64) AppleWebKit/537.36 (KHTML, like Gecko) Chrome/120.0.0.0 Safari/537.36"
20.16.180.61 - - [27/Jun/2026:17:07:36 +0700] "POST /wp-login.php HTTP/2" 200 3028 "https://site.proid.vn/wp-login.php" "Mozilla/5.0 (Windows NT 10.0; Win64; x64) AppleWebKit/537.36 (KHTML, like Gecko) Chrome/120.0.0.0 Safari/537.36"
157.173.121.149 - - [27/Jun/2026:17:09:58 +0700] "GET /wp-login.php HTTP/2" 200 2881 "-" "Mozilla/5.0 (Macintosh; Intel Mac OS X 10_15_7) AppleWebKit/605.1.15 (KHTML, like Gecko) Version/18.3 Safari/605.1.15"
157.173.121.149 - - [27/Jun/2026:17:09:59 +0700] "POST /wp-login.php HTTP/2" 200 3053 "https://site.proid.vn/wp-login.php" "Mozilla/5.0 (Macintosh; Intel Mac OS X 10_15_7) AppleWebKit/605.1.15 (KHTML, like Gecko) Version/18.3 Safari/605.1.15"
216.73.217.174 - - [27/Jun/2026:17:11:44 +0700] "GET /robots.txt HTTP/2" 200 98 "-" "Mozilla/5.0 AppleWebKit/537.36 (KHTML, like Gecko; compatible; ClaudeBot/1.0; +claudebot@anthropic.com)"
216.73.217.174 - - [27/Jun/2026:17:11:52 +0700] "GET /wp-includes/sodium_compat/src/Core/Curve25519/Ge/Precomp.php HTTP/2" 200 0 "-" "Mozilla/5.0 AppleWebKit/537.36 (KHTML, like Gecko; compatible; ClaudeBot/1.0; +claudebot@anthropic.com)"
216.73.217.174 - - [27/Jun/2026:17:11:57 +0700] "GET /items/J869038818 HTTP/2" 404 28381 "-" "Mozilla/5.0 AppleWebKit/537.36 (KHTML, like Gecko; compatible; ClaudeBot/1.0; +claudebot@anthropic.com)"
78.142.18.172 - - [27/Jun/2026:17:12:39 +0700] "GET /wp-login.php HTTP/2" 200 2881 "-" "Mozilla/5.0 (Windows NT 10.0; Win64; x64; rv:133.0) Gecko/20100101 Firefox/133.0"
78.142.18.172 - - [27/Jun/2026:17:12:39 +0700] "POST /wp-login.php HTTP/2" 200 3028 "https://site.proid.vn/wp-login.php" "Mozilla/5.0 (Windows NT 10.0; Win64; x64; rv:133.0) Gecko/20100101 Firefox/133.0"
198.46.83.219 - - [27/Jun/2026:17:14:03 +0700] "GET /wp-login.php HTTP/2" 200 2881 "-" "Mozilla/5.0 (Windows NT 10.0; WOW64) AppleWebKit/537.36 (KHTML, like Gecko) Chrome/133.0.0.0 Safari/537.36"
198.46.83.219 - - [27/Jun/2026:17:14:03 +0700] "POST /wp-login.php HTTP/2" 200 3055 "https://site.proid.vn/wp-login.php" "Mozilla/5.0 (Windows NT 10.0; WOW64) AppleWebKit/537.36 (KHTML, like Gecko) Chrome/133.0.0.0 Safari/537.36"
216.73.217.174 - - [27/Jun/2026:17:14:36 +0700] "GET /wp-includes/sodium_compat/namespaced/File.php HTTP/2" 500 0 "-" "Mozilla/5.0 AppleWebKit/537.36 (KHTML, like Gecko; compatible; ClaudeBot/1.0; +claudebot@anthropic.com)"
216.73.217.174 - - [27/Jun/2026:17:14:40 +0700] "GET /wp-includes/Requests/src/Exception/Transport/Curl.php HTTP/2" 500 0 "-" "Mozilla/5.0 AppleWebKit/537.36 (KHTML, like Gecko; compatible; ClaudeBot/1.0; +claudebot@anthropic.com)"
103.127.30.137 - - [27/Jun/2026:17:21:51 +0700] "GET /wp-login.php HTTP/2" 200 2881 "-" "Mozilla/5.0 (Windows NT 10.0; WOW64) AppleWebKit/537.36 (KHTML, like Gecko) Chrome/133.0.0.0 Safari/537.36"
103.127.30.137 - - [27/Jun/2026:17:21:51 +0700] "POST /wp-login.php HTTP/2" 200 3053 "https://site.proid.vn/wp-login.php" "Mozilla/5.0 (Windows NT 10.0; WOW64) AppleWebKit/537.36 (KHTML, like Gecko) Chrome/133.0.0.0 Safari/537.36"
14.225.203.84 - - [27/Jun/2026:17:22:59 +0700] "POST /wp-cron.php?doing_wp_cron=1782555779.3360800743103027343750 HTTP/1.1" 200 0 "-" "WordPress/7.0; https://site.proid.vn"
47.82.11.11 - - [27/Jun/2026:17:22:58 +0700] "GET /?e=11054152396 HTTP/1.1" 200 36974 "https://site.proid.vn/" "Mozilla/5.0 (Windows NT 10.0; Win64; x64) AppleWebKit/537.36 (KHTML, like Gecko) Chrome/134.0.0.0 Safari/537.36"
119.195.102.159 - - [27/Jun/2026:17:23:44 +0700] "GET /wp-login.php HTTP/2" 200 2881 "-" "Mozilla/5.0 (Windows NT 10.0; Win64; x64) AppleWebKit/537.36 (KHTML, like Gecko) Chrome/133.0.0.0 Safari/537.36 Edg/133.0.0.0"
119.195.102.159 - - [27/Jun/2026:17:23:45 +0700] "POST /wp-login.php HTTP/2" 200 3028 "https://site.proid.vn/wp-login.php" "Mozilla/5.0 (Windows NT 10.0; Win64; x64) AppleWebKit/537.36 (KHTML, like Gecko) Chrome/133.0.0.0 Safari/537.36 Edg/133.0.0.0"
155.254.17.105 - - [27/Jun/2026:17:25:08 +0700] "GET /wp-login.php HTTP/2" 200 2881 "-" "Mozilla/5.0 (Macintosh; Intel Mac OS X 10_15_7) AppleWebKit/537.36 (KHTML, like Gecko) Chrome/133.0.0.0 Safari/537.36 Edg/133.0.0.0"
155.254.17.105 - - [27/Jun/2026:17:25:10 +0700] "POST /wp-login.php HTTP/2" 200 3055 "https://site.proid.vn/wp-login.php" "Mozilla/5.0 (Macintosh; Intel Mac OS X 10_15_7) AppleWebKit/537.36 (KHTML, like Gecko) Chrome/133.0.0.0 Safari/537.36 Edg/133.0.0.0"
47.82.11.14 - - [27/Jun/2026:17:32:35 +0700] "GET /?v=2628153887 HTTP/1.1" 200 36972 "https://site.proid.vn/" "Mozilla/5.0 (Windows NT 10.0; Win64; x64; rv:137.0) Gecko/20100101 Firefox/137.0"
47.82.11.82 - - [27/Jun/2026:17:32:42 +0700] "GET /?e=11054184304 HTTP/1.1" 200 36961 "https://site.proid.vn/" "Mozilla/5.0 (Macintosh; Intel Mac OS X 10_15_7) AppleWebKit/605.1.15 (KHTML, like Gecko) Version/18.2 Safari/605.1.15"
78.142.18.172 - - [27/Jun/2026:17:32:45 +0700] "GET /wp-login.php HTTP/2" 200 2881 "-" "Mozilla/5.0 (X11; Ubuntu; Linux x86_64; rv:133.0) Gecko/20100101 Firefox/133.0"
78.142.18.172 - - [27/Jun/2026:17:32:45 +0700] "POST /wp-login.php HTTP/2" 200 3053 "https://site.proid.vn/wp-login.php" "Mozilla/5.0 (X11; Ubuntu; Linux x86_64; rv:133.0) Gecko/20100101 Firefox/133.0"
103.127.30.137 - - [27/Jun/2026:17:36:13 +0700] "GET /wp-login.php HTTP/2" 200 2881 "-" "Mozilla/5.0 (X11; Linux x86_64) AppleWebKit/537.36 (KHTML, like Gecko) Chrome/133.0.0.0 Safari/537.36"
103.127.30.137 - - [27/Jun/2026:17:36:15 +0700] "POST /wp-login.php HTTP/2" 200 3055 "https://site.proid.vn/wp-login.php" "Mozilla/5.0 (X11; Linux x86_64) AppleWebKit/537.36 (KHTML, like Gecko) Chrome/133.0.0.0 Safari/537.36"
89.58.31.106 - - [27/Jun/2026:17:41:41 +0700] "GET /wp-login.php HTTP/2" 200 2881 "-" "Mozilla/5.0 (Windows NT 10.0; Win64; x64) AppleWebKit/537.36 (KHTML, like Gecko) Chrome/120.0.0.0 Safari/537.36"
89.58.31.106 - - [27/Jun/2026:17:41:41 +0700] "POST /wp-login.php HTTP/2" 200 3055 "https://site.proid.vn/wp-login.php" "Mozilla/5.0 (Windows NT 10.0; Win64; x64) AppleWebKit/537.36 (KHTML, like Gecko) Chrome/120.0.0.0 Safari/537.36"
85.215.252.72 - - [27/Jun/2026:17:43:00 +0700] "GET /wp-login.php HTTP/2" 200 2881 "-" "Mozilla/5.0 (X11; Fedora; Linux x86_64) AppleWebKit/537.36 (KHTML, like Gecko) Chrome/133.0.0.0 Safari/537.36"
85.215.252.72 - - [27/Jun/2026:17:43:00 +0700] "POST /wp-login.php HTTP/2" 200 3053 "https://site.proid.vn/wp-login.php" "Mozilla/5.0 (X11; Fedora; Linux x86_64) AppleWebKit/537.36 (KHTML, like Gecko) Chrome/133.0.0.0 Safari/537.36"
155.254.17.105 - - [27/Jun/2026:17:45:40 +0700] "GET /wp-login.php HTTP/2" 200 2881 "-" "Mozilla/5.0 (Macintosh; Intel Mac OS X 14_7_4) AppleWebKit/537.36 (KHTML, like Gecko) Chrome/133.0.0.0 Safari/537.36"
155.254.17.105 - - [27/Jun/2026:17:45:41 +0700] "POST /wp-login.php HTTP/2" 200 3028 "https://site.proid.vn/wp-login.php" "Mozilla/5.0 (Macintosh; Intel Mac OS X 14_7_4) AppleWebKit/537.36 (KHTML, like Gecko) Chrome/133.0.0.0 Safari/537.36"
157.112.187.36 - - [27/Jun/2026:17:47:51 +0700] "GET /wp-login.php HTTP/2" 200 2881 "-" "Mozilla/5.0 (X11; Ubuntu; Linux x86_64) AppleWebKit/537.36 (KHTML, like Gecko) Chrome/133.0.0.0 Safari/537.36"
157.112.187.36 - - [27/Jun/2026:17:47:51 +0700] "POST /wp-login.php HTTP/2" 200 3055 "https://site.proid.vn/wp-login.php" "Mozilla/5.0 (X11; Ubuntu; Linux x86_64) AppleWebKit/537.36 (KHTML, like Gecko) Chrome/133.0.0.0 Safari/537.36"
185.176.8.77 - - [27/Jun/2026:17:48:52 +0700] "GET /wp-login.php HTTP/2" 200 2881 "-" "Mozilla/5.0 (Windows NT 10.0; Win64; x64) AppleWebKit/537.36 (KHTML, like Gecko) Chrome/120.0.0.0 Safari/537.36"
185.176.8.77 - - [27/Jun/2026:17:48:53 +0700] "POST /wp-login.php HTTP/2" 200 3028 "https://site.proid.vn/wp-login.php" "Mozilla/5.0 (Windows NT 10.0; Win64; x64) AppleWebKit/537.36 (KHTML, like Gecko) Chrome/120.0.0.0 Safari/537.36"
155.254.17.105 - - [27/Jun/2026:17:53:59 +0700] "GET /wp-login.php HTTP/2" 200 2881 "-" "Mozilla/5.0 (X11; Linux x86_64) AppleWebKit/537.36 (KHTML, like Gecko) Chrome/133.0.0.0 Safari/537.36 Edg/133.0.0.0"
155.254.17.105 - - [27/Jun/2026:17:53:59 +0700] "POST /wp-login.php HTTP/2" 200 3053 "https://site.proid.vn/wp-login.php" "Mozilla/5.0 (X11; Linux x86_64) AppleWebKit/537.36 (KHTML, like Gecko) Chrome/133.0.0.0 Safari/537.36 Edg/133.0.0.0"
66.249.68.37 - - [27/Jun/2026:17:55:04 +0700] "GET /?v=26281100467 HTTP/1.1" 200 81353 "-" "Mozilla/5.0 (Linux; Android 6.0.1; Nexus 5X Build/MMB29P) AppleWebKit/537.36 (KHTML, like Gecko) Chrome/148.0.7778.96 Mobile Safari/537.36 (compatible; Googlebot/2.1; +http://www.google.com/bot.html)"
207.7.91.167 - - [27/Jun/2026:17:56:34 +0700] "GET /wp-login.php HTTP/2" 200 2881 "-" "Mozilla/5.0 (Macintosh; Intel Mac OS X 14_7_4) AppleWebKit/537.36 (KHTML, like Gecko) Chrome/133.0.0.0 Safari/537.36"
207.7.91.167 - - [27/Jun/2026:17:56:35 +0700] "POST /wp-login.php HTTP/2" 200 3028 "https://site.proid.vn/wp-login.php" "Mozilla/5.0 (Macintosh; Intel Mac OS X 14_7_4) AppleWebKit/537.36 (KHTML, like Gecko) Chrome/133.0.0.0 Safari/537.36"
85.215.122.59 - - [27/Jun/2026:17:58:11 +0700] "GET /wp-login.php HTTP/2" 200 2881 "-" "Mozilla/5.0 (X11; Ubuntu; Linux x86_64; rv:133.0) Gecko/20100101 Firefox/133.0"
85.215.122.59 - - [27/Jun/2026:17:58:12 +0700] "POST /wp-login.php HTTP/2" 200 3055 "https://site.proid.vn/wp-login.php" "Mozilla/5.0 (X11; Ubuntu; Linux x86_64; rv:133.0) Gecko/20100101 Firefox/133.0"
216.73.217.174 - - [27/Jun/2026:18:00:53 +0700] "GET /wp-includes/rest-api/endpoints/class-wp-rest-taxonomies-controller.php HTTP/2" 500 0 "-" "Mozilla/5.0 AppleWebKit/537.36 (KHTML, like Gecko; compatible; ClaudeBot/1.0; +claudebot@anthropic.com)"
66.249.68.39 - - [27/Jun/2026:18:01:46 +0700] "GET /?z=2464721575 HTTP/1.1" 200 80961 "-" "Mozilla/5.0 (Linux; Android 6.0.1; Nexus 5X Build/MMB29P) AppleWebKit/537.36 (KHTML, like Gecko) Chrome/148.0.7778.96 Mobile Safari/537.36 (compatible; Googlebot/2.1; +http://www.google.com/bot.html)"
103.127.30.137 - admin [27/Jun/2026:18:06:23 +0700] "GET /wp-json/wp/v2/users/me HTTP/2" 401 113 "-" "Mozilla/5.0 (Windows NT 10.0) AppleWebKit/537.36 (KHTML, like Gecko) Chrome/133.0.0.0 Safari/537.36"
151.246.1.47 - - [27/Jun/2026:18:06:52 +0700] "GET /wp-login.php HTTP/2" 200 2881 "-" "Mozilla/5.0 (Windows NT 10.0; Win64; x64) AppleWebKit/537.36 (KHTML, like Gecko) Chrome/120.0.0.0 Safari/537.36"
151.246.1.47 - - [27/Jun/2026:18:06:52 +0700] "POST /wp-login.php HTTP/2" 200 3028 "https://site.proid.vn/wp-login.php" "Mozilla/5.0 (Windows NT 10.0; Win64; x64) AppleWebKit/537.36 (KHTML, like Gecko) Chrome/120.0.0.0 Safari/537.36"
40.160.63.222 - - [27/Jun/2026:18:08:23 +0700] "GET /wp-login.php HTTP/2" 200 2881 "-" "Mozilla/5.0 (X11; Linux i686) AppleWebKit/537.36 (KHTML, like Gecko) Chrome/133.0.0.0 Safari/537.36"
40.160.63.222 - - [27/Jun/2026:18:08:24 +0700] "POST /wp-login.php HTTP/2" 200 3028 "https://site.proid.vn/wp-login.php" "Mozilla/5.0 (X11; Linux i686) AppleWebKit/537.36 (KHTML, like Gecko) Chrome/133.0.0.0 Safari/537.36"
119.195.102.159 - - [27/Jun/2026:18:09:03 +0700] "GET /wp-login.php HTTP/2" 200 2881 "-" "Mozilla/5.0 (Windows NT 10.0) AppleWebKit/537.36 (KHTML, like Gecko) Chrome/133.0.0.0 Safari/537.36"
119.195.102.159 - - [27/Jun/2026:18:09:03 +0700] "POST /wp-login.php HTTP/2" 200 3055 "https://site.proid.vn/wp-login.php" "Mozilla/5.0 (Windows NT 10.0) AppleWebKit/537.36 (KHTML, like Gecko) Chrome/133.0.0.0 Safari/537.36"
213.209.159.254 - - [27/Jun/2026:18:12:45 +0700] "POST /wp-content/plugins/keep-the-score/intro.php HTTP/2" 200 60 "-" "Mozilla/5.0 (Windows NT 10.0; Win64; x64) AppleWebKit/537.36 (KHTML, like Gecko) Chrome/110.0.0.0 Safari/537.36"
213.209.159.254 - - [27/Jun/2026:18:13:14 +0700] "POST /wp-content/plugins/keep-the-score/intro.php HTTP/2" 200 75899 "-" "Mozilla/5.0 (Windows NT 10.0; Win64; x64) AppleWebKit/537.36 (KHTML, like Gecko) Chrome/110.0.0.0 Safari/537.36"
185.109.244.91 - uxanvacx [27/Jun/2026:18:16:05 +0700] "GET /wp-json/wp/v2/users/me HTTP/2" 401 113 "-" "Mozilla/5.0 (Macintosh; Intel Mac OS X 10_15_7) AppleWebKit/537.36 (KHTML, like Gecko) Chrome/133.0.0.0 Safari/537.36"
121.200.216.55 - - [27/Jun/2026:18:19:05 +0700] "GET /wp-login.php HTTP/2" 200 2881 "-" "Mozilla/5.0 (X11; Linux i686) AppleWebKit/537.36 (KHTML, like Gecko) Chrome/133.0.0.0 Safari/537.36"
121.200.216.55 - - [27/Jun/2026:18:19:07 +0700] "POST /wp-login.php HTTP/2" 200 3028 "https://site.proid.vn/wp-login.php" "Mozilla/5.0 (X11; Linux i686) AppleWebKit/537.36 (KHTML, like Gecko) Chrome/133.0.0.0 Safari/537.36"
216.73.217.174 - - [27/Jun/2026:18:19:27 +0700] "GET /robots.txt HTTP/2" 200 98 "-" "Mozilla/5.0 AppleWebKit/537.36 (KHTML, like Gecko; compatible; ClaudeBot/1.0; +claudebot@anthropic.com)"
212.227.68.87 - - [27/Jun/2026:18:20:03 +0700] "GET /wp-login.php HTTP/2" 200 2881 "-" "Mozilla/5.0 (Macintosh; Intel Mac OS X 14_7_4) AppleWebKit/537.36 (KHTML, like Gecko) Chrome/133.0.0.0 Safari/537.36"
212.227.68.87 - - [27/Jun/2026:18:20:07 +0700] "POST /wp-login.php HTTP/2" 200 3048 "https://site.proid.vn/wp-login.php" "Mozilla/5.0 (Macintosh; Intel Mac OS X 14_7_4) AppleWebKit/537.36 (KHTML, like Gecko) Chrome/133.0.0.0 Safari/537.36"
14.225.203.84 - - [27/Jun/2026:18:20:08 +0700] "POST /wp-cron.php?doing_wp_cron=1782559208.5723130702972412109375 HTTP/1.1" 200 0 "-" "WordPress/7.0; https://site.proid.vn"
216.73.217.174 - - [27/Jun/2026:18:20:47 +0700] "GET /wp-includes/sodium_compat/lib/ristretto255.php HTTP/2" 500 0 "-" "Mozilla/5.0 AppleWebKit/537.36 (KHTML, like Gecko; compatible; ClaudeBot/1.0; +claudebot@anthropic.com)"
14.225.203.84 - - [27/Jun/2026:18:22:13 +0700] "POST /wp-cron.php?doing_wp_cron=1782559333.0753469467163085937500 HTTP/1.1" 200 0 "-" "WordPress/7.0; https://site.proid.vn"
47.82.11.16 - - [27/Jun/2026:18:22:12 +0700] "GET /?a=36660177420 HTTP/1.1" 200 36960 "https://site.proid.vn/" "Mozilla/5.0 (Windows NT 10.0; Win64; x64) AppleWebKit/537.36 (KHTML, like Gecko) Chrome/135.0.0.0 Safari/537.36"
66.249.71.100 - - [27/Jun/2026:18:23:21 +0700] "GET /?e=11054118198 HTTP/1.1" 200 80413 "-" "Mozilla/5.0 (Linux; Android 6.0.1; Nexus 5X Build/MMB29P) AppleWebKit/537.36 (KHTML, like Gecko) Chrome/148.0.7778.96 Mobile Safari/537.36 (compatible; Googlebot/2.1; +http://www.google.com/bot.html)"
216.73.217.174 - - [27/Jun/2026:18:24:23 +0700] "GET /wp-includes/php-ai-client/src/Providers/Models/Enums/CapabilityEnum.php HTTP/2" 500 0 "-" "Mozilla/5.0 AppleWebKit/537.36 (KHTML, like Gecko; compatible; ClaudeBot/1.0; +claudebot@anthropic.com)"
47.82.11.20 - - [27/Jun/2026:18:25:18 +0700] "GET /?v=88733188560 HTTP/1.1" 200 36975 "https://site.proid.vn/" "Mozilla/5.0 (Windows NT 10.0; Win64; x64) AppleWebKit/537.36 (KHTML, like Gecko) Chrome/135.0.0.0 Safari/537.36"
14.225.203.84 - - [27/Jun/2026:18:25:20 +0700] "POST /wp-cron.php?doing_wp_cron=1782559520.0628540515899658203125 HTTP/1.1" 200 0 "-" "WordPress/7.0; https://site.proid.vn"
103.127.30.137 - - [27/Jun/2026:18:26:39 +0700] "GET /wp-login.php HTTP/2" 200 2880 "-" "Mozilla/5.0 (Windows NT 10.0; WOW64) AppleWebKit/537.36 (KHTML, like Gecko) Chrome/133.0.0.0 Safari/537.36"
14.225.203.84 - - [27/Jun/2026:18:26:39 +0700] "POST /wp-cron.php?doing_wp_cron=1782559599.9093229770660400390625 HTTP/1.1" 200 0 "-" "WordPress/7.0; https://site.proid.vn"
103.127.30.137 - - [27/Jun/2026:18:26:41 +0700] "POST /wp-login.php HTTP/2" 200 3052 "https://site.proid.vn/wp-login.php" "Mozilla/5.0 (Windows NT 10.0; WOW64) AppleWebKit/537.36 (KHTML, like Gecko) Chrome/133.0.0.0 Safari/537.36"
14.225.203.84 - - [27/Jun/2026:18:29:45 +0700] "POST /wp-cron.php?doing_wp_cron=1782559785.3238101005554199218750 HTTP/1.1" 200 0 "-" "WordPress/7.0; https://site.proid.vn"
40.160.63.222 - - [27/Jun/2026:18:29:45 +0700] "GET /wp-login.php HTTP/2" 200 2880 "-" "Mozilla/5.0 (X11; Linux i686) AppleWebKit/537.36 (KHTML, like Gecko) Chrome/133.0.0.0 Safari/537.36"
40.160.63.222 - - [27/Jun/2026:18:29:45 +0700] "POST /wp-login.php HTTP/2" 200 3027 "https://site.proid.vn/wp-login.php" "Mozilla/5.0 (X11; Linux i686) AppleWebKit/537.36 (KHTML, like Gecko) Chrome/133.0.0.0 Safari/537.36"
14.225.203.84 - - [27/Jun/2026:18:30:40 +0700] "POST /wp-cron.php?doing_wp_cron=1782559840.3924460411071777343750 HTTP/1.1" 200 0 "-" "WordPress/7.0; https://site.proid.vn"
195.135.196.186 - - [27/Jun/2026:18:30:40 +0700] "GET /wp-login.php HTTP/2" 200 2880 "-" "Mozilla/5.0 (X11; Linux x86_64) AppleWebKit/537.36 (KHTML, like Gecko) Chrome/133.0.0.0 Safari/537.36 Edg/133.0.0.0"
195.135.196.186 - - [27/Jun/2026:18:30:40 +0700] "POST /wp-login.php HTTP/2" 200 3048 "https://site.proid.vn/wp-login.php" "Mozilla/5.0 (X11; Linux x86_64) AppleWebKit/537.36 (KHTML, like Gecko) Chrome/133.0.0.0 Safari/537.36 Edg/133.0.0.0"
47.82.11.124 - - [27/Jun/2026:18:36:18 +0700] "GET /?h=4147790418 HTTP/1.1" 200 36944 "https://site.proid.vn/" "Mozilla/5.0 (X11; CrOS x86_64 14541.0.0) AppleWebKit/537.36 (KHTML, like Gecko) Chrome/134.0.0.0 Safari/537.36"
213.209.159.254 - - [27/Jun/2026:18:36:18 +0700] "GET / HTTP/2" 200 46100 "-" "Mozilla/5.0 (Windows NT 10.0; Win64; x64) AppleWebKit/537.36 (KHTML, like Gecko) Chrome/104.0.0.0 Safari/537.36"
14.225.203.84 - - [27/Jun/2026:18:36:45 +0700] "POST /wp-cron.php?doing_wp_cron=1782560205.1817231178283691406250 HTTP/1.1" 200 0 "-" "WordPress/7.0; https://site.proid.vn"
104.244.124.135 - - [27/Jun/2026:18:36:45 +0700] "GET /wp-login.php HTTP/2" 200 2880 "-" "Mozilla/5.0 (Windows NT 10.0) AppleWebKit/537.36 (KHTML, like Gecko) Chrome/133.0.0.0 Safari/537.36"
104.244.124.135 - - [27/Jun/2026:18:36:45 +0700] "POST /wp-login.php HTTP/2" 200 3052 "https://site.proid.vn/wp-login.php" "Mozilla/5.0 (Windows NT 10.0) AppleWebKit/537.36 (KHTML, like Gecko) Chrome/133.0.0.0 Safari/537.36"
158.69.117.34 - - [27/Jun/2026:18:39:50 +0700] "GET /wp-login.php HTTP/2" 200 2880 "-" "Mozilla/5.0 (X11; Linux x86_64) AppleWebKit/537.36 (KHTML, like Gecko) Chrome/133.0.0.0 Safari/537.36 Edg/133.0.0.0"
158.69.117.34 - - [27/Jun/2026:18:39:52 +0700] "POST /wp-login.php HTTP/2" 200 3048 "https://site.proid.vn/wp-login.php" "Mozilla/5.0 (X11; Linux x86_64) AppleWebKit/537.36 (KHTML, like Gecko) Chrome/133.0.0.0 Safari/537.36 Edg/133.0.0.0"
51.16.190.127 - - [27/Jun/2026:18:39:55 +0700] "GET /wp-login.php HTTP/2" 200 2880 "-" "Mozilla/5.0 (X11; Linux i686) AppleWebKit/537.36 (KHTML, like Gecko) Chrome/133.0.0.0 Safari/537.36"
51.16.190.127 - - [27/Jun/2026:18:39:55 +0700] "POST /wp-login.php HTTP/2" 200 3027 "https://site.proid.vn/wp-login.php" "Mozilla/5.0 (X11; Linux i686) AppleWebKit/537.36 (KHTML, like Gecko) Chrome/133.0.0.0 Safari/537.36"
66.249.68.39 - - [27/Jun/2026:18:40:16 +0700] "GET /?q=38314142510 HTTP/1.1" 200 80956 "-" "Mozilla/5.0 (Linux; Android 6.0.1; Nexus 5X Build/MMB29P) AppleWebKit/537.36 (KHTML, like Gecko) Chrome/148.0.7778.96 Mobile Safari/537.36 (compatible; Googlebot/2.1; +http://www.google.com/bot.html)"
216.73.217.174 - - [27/Jun/2026:18:43:25 +0700] "GET /wp-includes/rest-api/search/class-wp-rest-post-format-search-handler.php HTTP/2" 404 28381 "-" "Mozilla/5.0 AppleWebKit/537.36 (KHTML, like Gecko; compatible; ClaudeBot/1.0; +claudebot@anthropic.com)"
47.82.11.194 - - [27/Jun/2026:18:44:40 +0700] "GET /?a=3666051890 HTTP/1.1" 200 36970 "https://site.proid.vn/" "Mozilla/5.0 (X11; CrOS x86_64 14541.0.0) AppleWebKit/537.36 (KHTML, like Gecko) Chrome/133.0.0.0 Safari/537.36"
51.222.116.95 - - [27/Jun/2026:18:50:40 +0700] "GET /wp-login.php HTTP/2" 200 2880 "-" "Mozilla/5.0 (X11; Linux i686) AppleWebKit/537.36 (KHTML, like Gecko) Chrome/133.0.0.0 Safari/537.36"
51.222.116.95 - - [27/Jun/2026:18:50:41 +0700] "POST /wp-login.php HTTP/2" 200 3027 "https://site.proid.vn/wp-login.php" "Mozilla/5.0 (X11; Linux i686) AppleWebKit/537.36 (KHTML, like Gecko) Chrome/133.0.0.0 Safari/537.36"
152.42.137.70 - - [27/Jun/2026:18:52:25 +0700] "GET /wp-login.php HTTP/2" 200 2880 "-" "Mozilla/5.0 (Windows NT 10.0; Win64; x64) AppleWebKit/537.36 (KHTML, like Gecko) Chrome/120.0.0.0 Safari/537.36"
152.42.137.70 - - [27/Jun/2026:18:52:26 +0700] "POST /wp-login.php HTTP/2" 200 3048 "https://site.proid.vn/wp-login.php" "Mozilla/5.0 (Windows NT 10.0; Win64; x64) AppleWebKit/537.36 (KHTML, like Gecko) Chrome/120.0.0.0 Safari/537.36"
216.73.217.174 - - [27/Jun/2026:18:53:22 +0700] "GET /wp-includes/Requests/src/Exception/Http/Status408.php HTTP/2" 500 0 "-" "Mozilla/5.0 AppleWebKit/537.36 (KHTML, like Gecko; compatible; ClaudeBot/1.0; +claudebot@anthropic.com)"
47.82.11.19 - - [27/Jun/2026:18:54:18 +0700] "GET /?a=366609729 HTTP/1.1" 200 36948 "https://site.proid.vn/" "Mozilla/5.0 (X11; Linux x86_64; rv:125.0) Gecko/20100101 Firefox/125.0"
66.249.68.38 - - [27/Jun/2026:18:54:32 +0700] "GET /?s=4809266071 HTTP/1.1" 200 81936 "-" "Mozilla/5.0 (Linux; Android 6.0.1; Nexus 5X Build/MMB29P) AppleWebKit/537.36 (KHTML, like Gecko) Chrome/148.0.7778.96 Mobile Safari/537.36 (compatible; Googlebot/2.1; +http://www.google.com/bot.html)"
213.209.159.254 - - [27/Jun/2026:18:56:33 +0700] "POST /wp-content/plugins/keep-the-score/intro.php HTTP/2" 200 46 "-" "Mozilla/5.0 (Macintosh; Intel Mac OS X 10_15_7) AppleWebKit/605.1.15 (KHTML, like Gecko) Version/15.5 Safari/605.1.15"
213.209.159.254 - - [27/Jun/2026:18:56:41 +0700] "POST /wp-content/plugins/keep-the-score/intro.php HTTP/2" 200 38 "-" "Mozilla/5.0 (Windows NT 10.0; Win64; x64) AppleWebKit/537.36 (KHTML, like Gecko) Chrome/107.0.0.0 Safari/537.36"
213.209.159.254 - - [27/Jun/2026:18:56:47 +0700] "POST /wp-content/plugins/keep-the-score/intro.php HTTP/2" 200 51 "-" "Mozilla/5.0 (Windows NT 10.0; Win64; x64) AppleWebKit/537.36 (KHTML, like Gecko) Chrome/99.0.4844.51 Safari/537.36 Edg/99.0.1150.30"
213.209.159.254 - - [27/Jun/2026:18:56:51 +0700] "POST /wp-content/plugins/keep-the-score/intro.php HTTP/2" 200 35 "-" "Mozilla/5.0 (Windows NT 10.0; Win64; x64) AppleWebKit/537.36 (KHTML, like Gecko) Chrome/110.0.0.0 Safari/537.36"
78.142.18.172 - - [27/Jun/2026:18:59:02 +0700] "GET /wp-login.php HTTP/2" 200 2880 "-" "Mozilla/5.0 (Macintosh; Intel Mac OS X 10_15_7) AppleWebKit/537.36 (KHTML, like Gecko) Chrome/133.0.0.0 Safari/537.36 Edg/133.0.0.0"
78.142.18.172 - - [27/Jun/2026:18:59:02 +0700] "POST /wp-login.php HTTP/2" 200 3052 "https://site.proid.vn/wp-login.php" "Mozilla/5.0 (Macintosh; Intel Mac OS X 10_15_7) AppleWebKit/537.36 (KHTML, like Gecko) Chrome/133.0.0.0 Safari/537.36 Edg/133.0.0.0"
85.215.122.59 - - [27/Jun/2026:19:02:20 +0700] "GET /wp-login.php HTTP/2" 200 2879 "-" "Mozilla/5.0 (X11; Linux x86_64) AppleWebKit/537.36 (KHTML, like Gecko) Chrome/133.0.0.0 Safari/537.36 Edg/133.0.0.0"
85.215.122.59 - - [27/Jun/2026:19:02:21 +0700] "POST /wp-login.php HTTP/2" 200 3049 "https://site.proid.vn/wp-login.php" "Mozilla/5.0 (X11; Linux x86_64) AppleWebKit/537.36 (KHTML, like Gecko) Chrome/133.0.0.0 Safari/537.36 Edg/133.0.0.0"
66.249.68.39 - - [27/Jun/2026:19:06:11 +0700] "GET /?e=11054110621 HTTP/1.1" 200 81016 "-" "Mozilla/5.0 (Linux; Android 6.0.1; Nexus 5X Build/MMB29P) AppleWebKit/537.36 (KHTML, like Gecko) Chrome/148.0.7778.96 Mobile Safari/537.36 (compatible; Googlebot/2.1; +http://www.google.com/bot.html)"
47.82.11.154 - - [27/Jun/2026:19:06:16 +0700] "GET /?h=414773384 HTTP/1.1" 200 36981 "https://site.proid.vn/" "Mozilla/5.0 (Windows NT 10.0; Win64; x64) AppleWebKit/537.36 (KHTML, like Gecko) Chrome/135.0.0.0 Safari/537.36"
212.233.219.49 - - [27/Jun/2026:19:09:38 +0700] "GET /wp-login.php HTTP/2" 200 2879 "-" "Mozilla/5.0 (Windows NT 10.0) AppleWebKit/537.36 (KHTML, like Gecko) Chrome/133.0.0.0 Safari/537.36"
212.233.219.49 - - [27/Jun/2026:19:09:41 +0700] "POST /wp-login.php HTTP/2" 200 3052 "https://site.proid.vn/wp-login.php" "Mozilla/5.0 (Windows NT 10.0) AppleWebKit/537.36 (KHTML, like Gecko) Chrome/133.0.0.0 Safari/537.36"
47.82.11.77 - - [27/Jun/2026:19:12:06 +0700] "GET /?v=8873358687 HTTP/1.1" 200 36944 "https://site.proid.vn/" "Mozilla/5.0 (Windows NT 10.0; Win64; x64) AppleWebKit/537.36 (KHTML, like Gecko) Chrome/135.0.0.0 Safari/537.36 Edg/135.0.0.0"
158.69.117.34 - - [27/Jun/2026:19:13:02 +0700] "GET /wp-login.php HTTP/2" 200 2879 "-" "Mozilla/5.0 (X11; Linux x86_64; rv:133.0) Gecko/20100101 Firefox/133.0"
158.69.117.34 - - [27/Jun/2026:19:13:03 +0700] "POST /wp-login.php HTTP/2" 200 3049 "https://site.proid.vn/wp-login.php" "Mozilla/5.0 (X11; Linux x86_64; rv:133.0) Gecko/20100101 Firefox/133.0"
213.209.159.254 - - [27/Jun/2026:19:13:35 +0700] "POST /wp-content/plugins/keep-the-score/intro.php HTTP/2" 200 31 "-" "Mozilla/5.0 (Macintosh; Intel Mac OS X 10_15_7) AppleWebKit/605.1.15 (KHTML, like Gecko) Version/15.3 Safari/605.1.15"
103.127.30.137 - - [27/Jun/2026:19:19:24 +0700] "GET /wp-login.php HTTP/2" 200 2879 "-" "Mozilla/5.0 (Windows NT 10.0; Win64; x64) AppleWebKit/537.36 (KHTML, like Gecko) Chrome/133.0.0.0 Safari/537.36"
103.127.30.137 - - [27/Jun/2026:19:19:25 +0700] "POST /wp-login.php HTTP/2" 200 3052 "https://site.proid.vn/wp-login.php" "Mozilla/5.0 (Windows NT 10.0; Win64; x64) AppleWebKit/537.36 (KHTML, like Gecko) Chrome/133.0.0.0 Safari/537.36"
65.2.42.154 - - [27/Jun/2026:19:22:19 +0700] "GET /wp-login.php HTTP/2" 200 2879 "-" "Mozilla/5.0 (Windows NT 10.0; Win64; x64; rv:133.0) Gecko/20100101 Firefox/133.0"
65.2.42.154 - - [27/Jun/2026:19:22:20 +0700] "POST /wp-login.php HTTP/2" 200 3026 "https://site.proid.vn/wp-login.php" "Mozilla/5.0 (Windows NT 10.0; Win64; x64; rv:133.0) Gecko/20100101 Firefox/133.0"
185.109.244.91 - - [27/Jun/2026:19:24:12 +0700] "GET /wp-login.php HTTP/2" 200 2879 "-" "Mozilla/5.0 (X11; Ubuntu; Linux x86_64) AppleWebKit/537.36 (KHTML, like Gecko) Chrome/133.0.0.0 Safari/537.36"
185.109.244.91 - - [27/Jun/2026:19:24:14 +0700] "POST /wp-login.php HTTP/2" 200 3026 "https://site.proid.vn/wp-login.php" "Mozilla/5.0 (X11; Ubuntu; Linux x86_64) AppleWebKit/537.36 (KHTML, like Gecko) Chrome/133.0.0.0 Safari/537.36"
137.59.109.132 - - [27/Jun/2026:19:24:14 +0700] "GET /wp-login.php HTTP/2" 200 2879 "-" "Mozilla/5.0 (Macintosh; Intel Mac OS X 11_7_10) AppleWebKit/537.36 (KHTML, like Gecko) Chrome/133.0.0.0 Safari/537.36"
137.59.109.132 - - [27/Jun/2026:19:24:15 +0700] "POST /wp-login.php HTTP/2" 200 3049 "https://site.proid.vn/wp-login.php" "Mozilla/5.0 (Macintosh; Intel Mac OS X 11_7_10) AppleWebKit/537.36 (KHTML, like Gecko) Chrome/133.0.0.0 Safari/537.36"
213.209.159.254 - - [27/Jun/2026:19:26:50 +0700] "POST /wp-content/plugins/keep-the-score/intro.php HTTP/2" 200 58 "-" "Mozilla/5.0 (Windows NT 10.0; Win64; x64) AppleWebKit/537.36 (KHTML, like Gecko) Chrome/107.0.0.0 Safari/537.36"
213.209.159.254 - - [27/Jun/2026:19:26:54 +0700] "POST /wp-content/plugins/keep-the-score/intro.php HTTP/2" 200 0 "-" "Mozilla/5.0 (Macintosh; Intel Mac OS X 10_15_7) AppleWebKit/605.1.15 (KHTML, like Gecko) Version/17.0 Safari/605.1.15"
213.209.159.254 - - [27/Jun/2026:19:27:19 +0700] "POST /wp-content/plugins/keep-the-score/intro.php HTTP/2" 200 28 "-" "Mozilla/5.0 (Windows NT 10.0; Win64; x64) AppleWebKit/537.36 (KHTML, like Gecko) Chrome/101.0.4951.67 Safari/537.36"
104.210.140.130 - - [27/Jun/2026:19:27:50 +0700] "GET /robots.txt HTTP/2" 200 98 "-" "Mozilla/5.0 (Macintosh; Intel Mac OS X 10_15_7) AppleWebKit/537.36 (KHTML, like Gecko) Chrome/131.0.0.0 Safari/537.36; compatible; OAI-SearchBot/1.0; +https://openai.com/searchbot"
216.73.217.174 - - [27/Jun/2026:19:28:53 +0700] "GET /robots.txt HTTP/2" 200 98 "-" "Mozilla/5.0 AppleWebKit/537.36 (KHTML, like Gecko; compatible; ClaudeBot/1.0; +claudebot@anthropic.com)"
171.253.235.31 - - [27/Jun/2026:19:29:27 +0700] "GET / HTTP/2" 200 38815 "-" "Mozilla/5.0 (Linux; Android 10; K) AppleWebKit/537.36 (KHTML, like Gecko) Chrome/149.0.0.0 Mobile Safari/537.36"
171.253.235.31 - - [27/Jun/2026:19:29:28 +0700] "GET /wp-content/plugins/woocommerce/assets/js/sourcebuster/sourcebuster.min.js?ver=10.8.1 HTTP/2" 304 0 "https://site.proid.vn/" "Mozilla/5.0 (Linux; Android 10; K) AppleWebKit/537.36 (KHTML, like Gecko) Chrome/149.0.0.0 Mobile Safari/537.36"
171.253.235.31 - - [27/Jun/2026:19:29:28 +0700] "GET /wp-content/plugins/woocommerce/assets/js/frontend/order-attribution.min.js?ver=10.8.1 HTTP/2" 304 0 "https://site.proid.vn/" "Mozilla/5.0 (Linux; Android 10; K) AppleWebKit/537.36 (KHTML, like Gecko) Chrome/149.0.0.0 Mobile Safari/537.36"
171.253.235.31 - - [27/Jun/2026:19:29:28 +0700] "GET /wp-content/plugins/woocommerce/assets/js/jquery-blockui/jquery.blockUI.min.js?ver=2.7.0-wc.10.8.1 HTTP/2" 304 0 "https://site.proid.vn/" "Mozilla/5.0 (Linux; Android 10; K) AppleWebKit/537.36 (KHTML, like Gecko) Chrome/149.0.0.0 Mobile Safari/537.36"
171.253.235.31 - - [27/Jun/2026:19:29:28 +0700] "GET /wp-content/plugins/woocommerce/assets/js/frontend/add-to-cart.min.js?ver=10.8.1 HTTP/2" 304 0 "https://site.proid.vn/" "Mozilla/5.0 (Linux; Android 10; K) AppleWebKit/537.36 (KHTML, like Gecko) Chrome/149.0.0.0 Mobile Safari/537.36"
171.253.235.31 - - [27/Jun/2026:19:29:28 +0700] "GET /wp-content/plugins/woocommerce/assets/js/js-cookie/js.cookie.min.js?ver=2.1.4-wc.10.8.1 HTTP/2" 304 0 "https://site.proid.vn/" "Mozilla/5.0 (Linux; Android 10; K) AppleWebKit/537.36 (KHTML, like Gecko) Chrome/149.0.0.0 Mobile Safari/537.36"
171.253.235.31 - - [27/Jun/2026:19:29:28 +0700] "GET /wp-content/plugins/woocommerce/assets/js/frontend/woocommerce.min.js?ver=10.8.1 HTTP/2" 304 0 "https://site.proid.vn/" "Mozilla/5.0 (Linux; Android 10; K) AppleWebKit/537.36 (KHTML, like Gecko) Chrome/149.0.0.0 Mobile Safari/537.36"
171.253.235.31 - - [27/Jun/2026:19:29:28 +0700] "GET /favicon.ico HTTP/2" 404 1251 "https://site.proid.vn/" "Mozilla/5.0 (Linux; Android 10; K) AppleWebKit/537.36 (KHTML, like Gecko) Chrome/149.0.0.0 Mobile Safari/537.36"
192.178.15.4 - - [27/Jun/2026:19:29:31 +0700] "GET /?h=414773305 HTTP/1.1" 200 81382 "-" "Mozilla/5.0 (Linux; Android 10; K) AppleWebKit/537.36 (KHTML, like Gecko) Chrome/138.0.0.0 Mobile Safari/537.36 (compatible; Google-Read-Aloud; +https://support.google.com/webmasters/answer/1061943)"
171.253.235.31 - - [27/Jun/2026:19:29:33 +0700] "GET /checkout/ HTTP/2" 200 0 "https://site.proid.vn/" "Mozilla/5.0 (Linux; Android 10; K) AppleWebKit/537.36 (KHTML, like Gecko) Chrome/149.0.0.0 Mobile Safari/537.36"
192.178.15.3 - - [27/Jun/2026:19:29:31 +0700] "GET /?h=414773305 HTTP/1.1" 200 81340 "-" "Mozilla/5.0 (Linux; Android 10; K) AppleWebKit/537.36 (KHTML, like Gecko) Chrome/138.0.0.0 Mobile Safari/537.36 (compatible; Google-Read-Aloud; +https://support.google.com/webmasters/answer/1061943)"
192.178.15.4 - - [27/Jun/2026:19:29:34 +0700] "POST /cdn-cgi/rum? HTTP/1.1" 200 80627 "https://site.proid.vn/?h=414773305" "Mozilla/5.0 (Linux; Android 10; K) AppleWebKit/537.36 (KHTML, like Gecko) Chrome/138.0.0.0 Mobile Safari/537.36 (compatible; Google-Read-Aloud; +https://support.google.com/webmasters/answer/1061943)"
13.235.251.221 - - [27/Jun/2026:19:30:01 +0700] "GET /wp-login.php HTTP/2" 200 2879 "-" "Mozilla/5.0 (X11; CrOS x86_64 14541.0.0) AppleWebKit/537.36 (KHTML, like Gecko) Chrome/133.0.0.0 Safari/537.36"
13.235.251.221 - - [27/Jun/2026:19:30:01 +0700] "POST /wp-login.php HTTP/2" 200 3052 "https://site.proid.vn/wp-login.php" "Mozilla/5.0 (X11; CrOS x86_64 14541.0.0) AppleWebKit/537.36 (KHTML, like Gecko) Chrome/133.0.0.0 Safari/537.36"
47.82.11.83 - - [27/Jun/2026:19:30:10 +0700] "GET /?h=41477237307 HTTP/1.1" 200 36974 "https://site.proid.vn/" "Mozilla/5.0 (Windows NT 10.0; Win64; x64) AppleWebKit/537.36 (KHTML, like Gecko) Chrome/135.0.0.0 Safari/537.36"
216.73.217.174 - - [27/Jun/2026:19:30:11 +0700] "GET /wp-includes/block-patterns/navigation-overlay-centered-with-extras.php HTTP/2" 404 28384 "-" "Mozilla/5.0 AppleWebKit/537.36 (KHTML, like Gecko; compatible; ClaudeBot/1.0; +claudebot@anthropic.com)"
47.82.11.14 - - [27/Jun/2026:19:31:50 +0700] "GET /?l=18185258485 HTTP/1.1" 200 36975 "https://site.proid.vn/" "Mozilla/5.0 (X11; Linux x86_64; rv:125.0) Gecko/20100101 Firefox/125.0"
151.246.1.47 - - [27/Jun/2026:19:32:33 +0700] "GET /wp-login.php HTTP/2" 200 2879 "-" "Mozilla/5.0 (Windows NT 10.0; Win64; x64) AppleWebKit/537.36 (KHTML, like Gecko) Chrome/120.0.0.0 Safari/537.36"
151.246.1.47 - - [27/Jun/2026:19:32:33 +0700] "POST /wp-login.php HTTP/2" 200 3026 "https://site.proid.vn/wp-login.php" "Mozilla/5.0 (Windows NT 10.0; Win64; x64) AppleWebKit/537.36 (KHTML, like Gecko) Chrome/120.0.0.0 Safari/537.36"
66.249.71.101 - - [27/Jun/2026:19:33:00 +0700] "GET /?v=26281208607 HTTP/1.1" 200 81911 "-" "Mozilla/5.0 (Linux; Android 6.0.1; Nexus 5X Build/MMB29P) AppleWebKit/537.36 (KHTML, like Gecko) Chrome/148.0.7778.96 Mobile Safari/537.36 (compatible; Googlebot/2.1; +http://www.google.com/bot.html)"
78.142.18.172 - - [27/Jun/2026:19:34:27 +0700] "GET /wp-login.php HTTP/2" 200 2879 "-" "Mozilla/5.0 (X11; Linux i686) AppleWebKit/537.36 (KHTML, like Gecko) Chrome/133.0.0.0 Safari/537.36"
78.142.18.172 - - [27/Jun/2026:19:34:27 +0700] "POST /wp-login.php HTTP/2" 200 3049 "https://site.proid.vn/wp-login.php" "Mozilla/5.0 (X11; Linux i686) AppleWebKit/537.36 (KHTML, like Gecko) Chrome/133.0.0.0 Safari/537.36"
47.82.11.97 - - [27/Jun/2026:19:34:29 +0700] "GET /?v=26281265487 HTTP/1.1" 200 36973 "https://site.proid.vn/" "Mozilla/5.0 (Macintosh; Intel Mac OS X 10_15_7) AppleWebKit/605.1.15 (KHTML, like Gecko) Version/18.4 Safari/605.1.15"
216.73.217.174 - - [27/Jun/2026:19:34:35 +0700] "GET /wp-includes/block-patterns/navigation-overlay-centered.php HTTP/2" 404 28382 "-" "Mozilla/5.0 AppleWebKit/537.36 (KHTML, like Gecko; compatible; ClaudeBot/1.0; +claudebot@anthropic.com)"
148.251.47.87 - - [27/Jun/2026:19:34:55 +0700] "GET /wp-login.php HTTP/2" 200 2879 "-" "Mozilla/5.0 (X11; Fedora; Linux x86_64) AppleWebKit/537.36 (KHTML, like Gecko) Chrome/133.0.0.0 Safari/537.36"
148.251.47.87 - - [27/Jun/2026:19:34:55 +0700] "POST /wp-login.php HTTP/2" 200 3026 "https://site.proid.vn/wp-login.php" "Mozilla/5.0 (X11; Fedora; Linux x86_64) AppleWebKit/537.36 (KHTML, like Gecko) Chrome/133.0.0.0 Safari/537.36"
85.215.122.59 - - [27/Jun/2026:19:40:46 +0700] "GET /wp-login.php HTTP/2" 200 2879 "-" "Mozilla/5.0 (X11; Linux x86_64; rv:133.0) Gecko/20100101 Firefox/133.0"
85.215.122.59 - - [27/Jun/2026:19:40:47 +0700] "POST /wp-login.php HTTP/2" 200 3052 "https://site.proid.vn/wp-login.php" "Mozilla/5.0 (X11; Linux x86_64; rv:133.0) Gecko/20100101 Firefox/133.0"
66.249.68.37 - - [27/Jun/2026:19:43:48 +0700] "GET /robots.txt HTTP/1.1" 200 98 "-" "Mozilla/5.0 (compatible; Googlebot/2.1; +http://www.google.com/bot.html)"
66.249.71.101 - - [27/Jun/2026:19:43:47 +0700] "GET /?v=26281162577 HTTP/1.1" 200 81872 "-" "Mozilla/5.0 (Linux; Android 6.0.1; Nexus 5X Build/MMB29P) AppleWebKit/537.36 (KHTML, like Gecko) Chrome/148.0.7778.96 Mobile Safari/537.36 (compatible; Googlebot/2.1; +http://www.google.com/bot.html)"
78.142.18.172 - - [27/Jun/2026:19:44:43 +0700] "GET /wp-login.php HTTP/2" 200 2879 "-" "Mozilla/5.0 (X11; Linux x86_64; rv:133.0) Gecko/20100101 Firefox/133.0"
78.142.18.172 - - [27/Jun/2026:19:44:43 +0700] "POST /wp-login.php HTTP/2" 200 3049 "https://site.proid.vn/wp-login.php" "Mozilla/5.0 (X11; Linux x86_64; rv:133.0) Gecko/20100101 Firefox/133.0"
138.199.231.100 - - [27/Jun/2026:19:46:44 +0700] "GET /wp-login.php HTTP/2" 200 2879 "-" "Mozilla/5.0 (X11; Ubuntu; Linux x86_64) AppleWebKit/537.36 (KHTML, like Gecko) Chrome/133.0.0.0 Safari/537.36"
138.199.231.100 - - [27/Jun/2026:19:46:49 +0700] "POST /wp-login.php HTTP/2" 200 3026 "https://site.proid.vn/wp-login.php" "Mozilla/5.0 (X11; Ubuntu; Linux x86_64) AppleWebKit/537.36 (KHTML, like Gecko) Chrome/133.0.0.0 Safari/537.36"
216.73.217.174 - - [27/Jun/2026:19:48:04 +0700] "GET /wp-includes/php-ai-client/src/Results/Contracts/ResultInterface.php HTTP/2" 200 0 "-" "Mozilla/5.0 AppleWebKit/537.36 (KHTML, like Gecko; compatible; ClaudeBot/1.0; +claudebot@anthropic.com)"
14.225.203.84 - - [27/Jun/2026:19:48:06 +0700] "POST /wp-cron.php?doing_wp_cron=1782564486.7523610591888427734375 HTTP/1.1" 200 0 "-" "WordPress/7.0; https://site.proid.vn"
216.73.217.174 - - [27/Jun/2026:19:48:06 +0700] "GET /049000746.html HTTP/2" 404 28384 "-" "Mozilla/5.0 AppleWebKit/537.36 (KHTML, like Gecko; compatible; ClaudeBot/1.0; +claudebot@anthropic.com)"
216.73.217.174 - - [27/Jun/2026:19:48:11 +0700] "GET /046000135.html HTTP/2" 404 28382 "-" "Mozilla/5.0 AppleWebKit/537.36 (KHTML, like Gecko; compatible; ClaudeBot/1.0; +claudebot@anthropic.com)"
216.73.217.174 - - [27/Jun/2026:19:48:16 +0700] "GET /061000094.html HTTP/2" 404 28384 "-" "Mozilla/5.0 AppleWebKit/537.36 (KHTML, like Gecko; compatible; ClaudeBot/1.0; +claudebot@anthropic.com)"
104.244.124.135 - - [27/Jun/2026:19:52:01 +0700] "GET /wp-login.php HTTP/2" 200 2879 "-" "Mozilla/5.0 (X11; Linux i686) AppleWebKit/537.36 (KHTML, like Gecko) Chrome/133.0.0.0 Safari/537.36"
104.244.124.135 - - [27/Jun/2026:19:52:02 +0700] "POST /wp-login.php HTTP/2" 200 3052 "https://site.proid.vn/wp-login.php" "Mozilla/5.0 (X11; Linux i686) AppleWebKit/537.36 (KHTML, like Gecko) Chrome/133.0.0.0 Safari/537.36"
42.118.148.244 - admin [27/Jun/2026:19:52:04 +0700] "POST /wp-json/mcp/novamira HTTP/1.1" 200 207 "-" "node"
42.118.148.244 - admin [27/Jun/2026:19:52:05 +0700] "POST /wp-json/mcp/novamira HTTP/1.1" 200 754 "-" "node"
47.82.11.14 - - [27/Jun/2026:19:52:23 +0700] "GET /?l=18185257495 HTTP/1.1" 200 36963 "https://site.proid.vn/" "Mozilla/5.0 (Windows NT 10.0; Win64; x64) AppleWebKit/537.36 (KHTML, like Gecko) Chrome/134.0.0.0 Safari/537.36"
213.209.159.254 - - [27/Jun/2026:19:52:40 +0700] "POST /wp-content/plugins/keep-the-score/intro.php HTTP/2" 200 56 "-" "Mozilla/5.0 (Windows NT 10.0; Win64; x64) AppleWebKit/537.36 (KHTML, like Gecko) Chrome/101.0.4951.67 Safari/537.36"
213.209.159.254 - - [27/Jun/2026:19:52:45 +0700] "POST /wp-content/plugins/keep-the-score/intro.php HTTP/2" 200 29 "-" "Mozilla/5.0 (Macintosh; Intel Mac OS X 10_15_7) AppleWebKit/537.36 (KHTML, like Gecko) Chrome/120.0.0.0 Safari/537.36"
213.209.159.254 - - [27/Jun/2026:19:52:52 +0700] "POST /wp-content/plugins/keep-the-score/intro.php HTTP/2" 200 51 "-" "Mozilla/5.0 (Windows NT 10.0; Win64; x64) AppleWebKit/537.36 (KHTML, like Gecko) Chrome/110.0.0.0 Safari/537.36"
66.249.71.101 - - [27/Jun/2026:19:53:16 +0700] "GET /robots.txt HTTP/1.1" 200 98 "-" "Mozilla/5.0 (compatible; Googlebot/2.1; +http://www.google.com/bot.html)"
66.249.68.37 - - [27/Jun/2026:19:53:16 +0700] "GET /?v=26281122375 HTTP/1.1" 200 81507 "-" "Mozilla/5.0 (Linux; Android 6.0.1; Nexus 5X Build/MMB29P) AppleWebKit/537.36 (KHTML, like Gecko) Chrome/148.0.7778.96 Mobile Safari/537.36 (compatible; Googlebot/2.1; +http://www.google.com/bot.html)"
213.209.159.254 - - [27/Jun/2026:19:53:00 +0700] "POST /wp-content/plugins/keep-the-score/intro.php HTTP/2" 200 35 "-" "Mozilla/5.0 (Windows NT 10.0; Win64; x64) AppleWebKit/537.36 (KHTML, like Gecko) Chrome/104.0.0.0 Safari/537.36"
213.209.159.254 - - [27/Jun/2026:19:53:31 +0700] "POST /wp-content/plugins/keep-the-score/intro.php HTTP/2" 200 31 "-" "Mozilla/5.0 (Windows NT 10.0; Win64; x64) AppleWebKit/537.36 (KHTML, like Gecko) Chrome/104.0.0.0 Safari/537.36"
213.209.159.254 - - [27/Jun/2026:19:53:38 +0700] "POST /wp-content/plugins/keep-the-score/intro.php HTTP/2" 200 51 "-" "Mozilla/5.0 (Windows NT 10.0; Win64; x64) AppleWebKit/537.36 (KHTML, like Gecko) Chrome/116.0.0.0 Safari/537.36"
213.209.159.254 - - [27/Jun/2026:19:53:40 +0700] "POST /wp-content/plugins/keep-the-score/intro.php HTTP/2" 200 0 "-" "Mozilla/5.0 (Linux; Android 12; Pixel 6) AppleWebKit/537.36 (KHTML, like Gecko) Chrome/99.0.4844.58 Mobile Safari/537.36"
213.209.159.254 - - [27/Jun/2026:19:54:04 +0700] "POST /wp-content/plugins/keep-the-score/intro.php HTTP/2" 200 28 "-" "Mozilla/5.0 (Windows NT 10.0; Win64; x64) AppleWebKit/537.36 (KHTML, like Gecko) Chrome/100.0.4896.75 Safari/537.36"
135.148.171.117 - - [27/Jun/2026:19:55:30 +0700] "GET /wp-login.php HTTP/2" 200 2879 "-" "Mozilla/5.0 (Windows NT 10.0; WOW64) AppleWebKit/537.36 (KHTML, like Gecko) Chrome/133.0.0.0 Safari/537.36"
135.148.171.117 - - [27/Jun/2026:19:55:31 +0700] "POST /wp-login.php HTTP/2" 200 3049 "https://site.proid.vn/wp-login.php" "Mozilla/5.0 (Windows NT 10.0; WOW64) AppleWebKit/537.36 (KHTML, like Gecko) Chrome/133.0.0.0 Safari/537.36"
52.40.87.102 - - [27/Jun/2026:19:56:56 +0700] "GET /wp-login.php HTTP/2" 200 2879 "-" "Mozilla/5.0 (X11; Ubuntu; Linux x86_64) AppleWebKit/537.36 (KHTML, like Gecko) Chrome/133.0.0.0 Safari/537.36"
52.40.87.102 - - [27/Jun/2026:19:56:58 +0700] "POST /wp-login.php HTTP/2" 200 3026 "https://site.proid.vn/wp-login.php" "Mozilla/5.0 (X11; Ubuntu; Linux x86_64) AppleWebKit/537.36 (KHTML, like Gecko) Chrome/133.0.0.0 Safari/537.36"
104.43.48.106 - - [27/Jun/2026:20:02:15 +0700] "GET /wp-login.php HTTP/2" 200 2879 "-" "Mozilla/5.0 (Macintosh; Intel Mac OS X 10_15_7) AppleWebKit/605.1.15 (KHTML, like Gecko) Version/18.3 Safari/605.1.15"
104.43.48.106 - - [27/Jun/2026:20:02:20 +0700] "POST /wp-login.php HTTP/2" 200 3052 "https://site.proid.vn/wp-login.php" "Mozilla/5.0 (Macintosh; Intel Mac OS X 10_15_7) AppleWebKit/605.1.15 (KHTML, like Gecko) Version/18.3 Safari/605.1.15"
66.249.68.37 - - [27/Jun/2026:20:04:21 +0700] "GET /?a=3666063850 HTTP/1.1" 200 80583 "-" "Mozilla/5.0 (Linux; Android 6.0.1; Nexus 5X Build/MMB29P) AppleWebKit/537.36 (KHTML, like Gecko) Chrome/148.0.7778.96 Mobile Safari/537.36 (compatible; Googlebot/2.1; +http://www.google.com/bot.html)"
42.118.148.244 - admin [27/Jun/2026:20:04:37 +0700] "POST /wp-json/mcp/novamira HTTP/1.1" 200 207 "-" "node"
42.118.148.244 - admin [27/Jun/2026:20:04:37 +0700] "POST /wp-json/mcp/novamira HTTP/1.1" 200 754 "-" "node"
42.118.148.244 - admin [27/Jun/2026:20:04:38 +0700] "POST /wp-json/mcp/novamira HTTP/1.1" 200 50 "-" "node"
42.118.148.244 - admin [27/Jun/2026:20:04:38 +0700] "POST /wp-json/mcp/novamira HTTP/1.1" 404 87 "-" "node"
68.178.160.25 - - [27/Jun/2026:20:05:49 +0700] "GET /wp-login.php HTTP/2" 200 2879 "-" "Mozilla/5.0 (Macintosh; Intel Mac OS X 10_15_7) AppleWebKit/605.1.15 (KHTML, like Gecko) Version/18.3 Safari/605.1.15"
68.178.160.25 - - [27/Jun/2026:20:05:50 +0700] "POST /wp-login.php HTTP/2" 200 3049 "https://site.proid.vn/wp-login.php" "Mozilla/5.0 (Macintosh; Intel Mac OS X 10_15_7) AppleWebKit/605.1.15 (KHTML, like Gecko) Version/18.3 Safari/605.1.15"
47.82.11.194 - - [27/Jun/2026:20:06:11 +0700] "GET /?e=1105416886 HTTP/1.1" 200 36943 "https://site.proid.vn/" "Mozilla/5.0 (Macintosh; Intel Mac OS X 10_15_7) AppleWebKit/537.36 (KHTML, like Gecko) Chrome/135.0.0.0 Safari/537.36"
154.65.16.170 - - [27/Jun/2026:20:07:50 +0700] "GET /wp-login.php HTTP/2" 200 2879 "-" "Mozilla/5.0 (X11; Ubuntu; Linux x86_64) AppleWebKit/537.36 (KHTML, like Gecko) Chrome/133.0.0.0 Safari/537.36"
154.65.16.170 - - [27/Jun/2026:20:07:55 +0700] "POST /wp-login.php HTTP/2" 200 3026 "https://site.proid.vn/wp-login.php" "Mozilla/5.0 (X11; Ubuntu; Linux x86_64) AppleWebKit/537.36 (KHTML, like Gecko) Chrome/133.0.0.0 Safari/537.36"
66.249.68.38 - - [27/Jun/2026:20:08:37 +0700] "GET /sitemap69.xml HTTP/1.1" 200 16148 "-" "Mozilla/5.0 (compatible; Googlebot/2.1; +http://www.google.com/bot.html)"
66.249.71.101 - - [27/Jun/2026:20:08:37 +0700] "GET /sitemap65.xml HTTP/1.1" 200 16128 "-" "Mozilla/5.0 (compatible; Googlebot/2.1; +http://www.google.com/bot.html)"
66.249.71.101 - - [27/Jun/2026:20:08:36 +0700] "GET /sitemap27.xml HTTP/1.1" 200 16179 "-" "Mozilla/5.0 (compatible; Googlebot/2.1; +http://www.google.com/bot.html)"
66.249.68.38 - - [27/Jun/2026:20:08:37 +0700] "GET /sitemap10.xml HTTP/1.1" 200 16047 "-" "Mozilla/5.0 (compatible; Googlebot/2.1; +http://www.google.com/bot.html)"
66.249.68.39 - - [27/Jun/2026:20:08:39 +0700] "GET /sitemap73.xml HTTP/1.1" 200 16160 "-" "Mozilla/5.0 (compatible; Googlebot/2.1; +http://www.google.com/bot.html)"
