66.249.71.100 - - [27/Jun/2026:20:09:51 +0700] "GET /?h=4147783053 HTTP/1.1" 200 81144 "-" "Mozilla/5.0 (Linux; Android 6.0.1; Nexus 5X Build/MMB29P) AppleWebKit/537.36 (KHTML, like Gecko) Chrome/148.0.7778.96 Mobile Safari/537.36 (compatible; Googlebot/2.1; +http://www.google.com/bot.html)"
42.118.148.244 - admin [27/Jun/2026:20:10:03 +0700] "POST /wp-json/mcp/novamira HTTP/1.1" 200 207 "-" "node"
42.118.148.244 - admin [27/Jun/2026:20:10:04 +0700] "POST /wp-json/mcp/novamira HTTP/1.1" 200 754 "-" "node"
42.118.148.244 - admin [27/Jun/2026:20:10:04 +0700] "POST /wp-json/mcp/novamira HTTP/1.1" 200 50 "-" "node"
42.118.148.244 - admin [27/Jun/2026:20:10:04 +0700] "POST /wp-json/mcp/novamira HTTP/1.1" 404 87 "-" "node"
115.78.9.138 - - [27/Jun/2026:20:10:53 +0700] "GET /wp-login.php HTTP/2" 200 2879 "-" "Mozilla/5.0 (Windows NT 10.0; Win64; x64) AppleWebKit/537.36 (KHTML, like Gecko) Chrome/120.0.0.0 Safari/537.36"
115.78.9.138 - - [27/Jun/2026:20:10:53 +0700] "POST /wp-login.php HTTP/2" 200 3026 "https://site.proid.vn/wp-login.php" "Mozilla/5.0 (Windows NT 10.0; Win64; x64) AppleWebKit/537.36 (KHTML, like Gecko) Chrome/120.0.0.0 Safari/537.36"
66.249.68.37 - - [27/Jun/2026:20:12:35 +0700] "GET /?a=3666029565 HTTP/1.1" 200 81129 "-" "Mozilla/5.0 (Linux; Android 6.0.1; Nexus 5X Build/MMB29P) AppleWebKit/537.36 (KHTML, like Gecko) Chrome/148.0.7778.96 Mobile Safari/537.36 (compatible; Googlebot/2.1; +http://www.google.com/bot.html)"
104.244.124.135 - - [27/Jun/2026:20:12:36 +0700] "GET /wp-login.php HTTP/2" 200 2879 "-" "Mozilla/5.0 (Macintosh; Intel Mac OS X 10_15_7) AppleWebKit/537.36 (KHTML, like Gecko) Chrome/133.0.0.0 Safari/537.36 Edg/133.0.0.0"
104.244.124.135 - - [27/Jun/2026:20:12:37 +0700] "POST /wp-login.php HTTP/2" 200 3052 "https://site.proid.vn/wp-login.php" "Mozilla/5.0 (Macintosh; Intel Mac OS X 10_15_7) AppleWebKit/537.36 (KHTML, like Gecko) Chrome/133.0.0.0 Safari/537.36 Edg/133.0.0.0"
66.249.71.102 - - [27/Jun/2026:20:13:15 +0700] "GET /?z=2464779649 HTTP/1.1" 200 80602 "-" "Mozilla/5.0 (Linux; Android 6.0.1; Nexus 5X Build/MMB29P) AppleWebKit/537.36 (KHTML, like Gecko) Chrome/148.0.7778.96 Mobile Safari/537.36 (compatible; Googlebot/2.1; +http://www.google.com/bot.html)"
213.209.159.254 - - [27/Jun/2026:20:17:09 +0700] "POST /wp-content/plugins/keep-the-score/intro.php HTTP/2" 200 47 "-" "Mozilla/5.0 (Windows NT 10.0; Win64; x64) AppleWebKit/537.36 (KHTML, like Gecko) Chrome/99.0.4844.51 Safari/537.36"
213.209.159.254 - - [27/Jun/2026:20:17:15 +0700] "POST /wp-content/plugins/keep-the-score/intro.php HTTP/2" 200 29 "-" "Mozilla/5.0 (Windows NT 10.0; Win64; x64) AppleWebKit/537.36 (KHTML, like Gecko) Chrome/101.0.4951.67 Safari/537.36"
213.209.159.254 - - [27/Jun/2026:20:17:18 +0700] "POST /wp-content/plugins/keep-the-score/intro.php HTTP/2" 200 52 "-" "Mozilla/5.0 (Windows NT 10.0; Win64; x64) AppleWebKit/537.36 (KHTML, like Gecko) Chrome/101.0.4951.67 Safari/537.36"
119.195.102.159 - - [27/Jun/2026:20:17:32 +0700] "GET /wp-login.php HTTP/2" 200 2879 "-" "Mozilla/5.0 (X11; Linux i686) AppleWebKit/537.36 (KHTML, like Gecko) Chrome/133.0.0.0 Safari/537.36"
119.195.102.159 - - [27/Jun/2026:20:17:32 +0700] "POST /wp-login.php HTTP/2" 200 3049 "https://site.proid.vn/wp-login.php" "Mozilla/5.0 (X11; Linux i686) AppleWebKit/537.36 (KHTML, like Gecko) Chrome/133.0.0.0 Safari/537.36"
213.209.159.254 - - [27/Jun/2026:20:17:27 +0700] "POST /wp-content/plugins/keep-the-score/intro.php HTTP/2" 200 35 "-" "Mozilla/5.0 (Windows NT 10.0; Win64; x64) AppleWebKit/537.36 (KHTML, like Gecko) Chrome/101.0.4951.67 Safari/537.36"
85.215.252.72 - - [27/Jun/2026:20:18:54 +0700] "GET /wp-login.php HTTP/2" 200 2879 "-" "Mozilla/5.0 (X11; Ubuntu; Linux x86_64) AppleWebKit/537.36 (KHTML, like Gecko) Chrome/133.0.0.0 Safari/537.36"
85.215.252.72 - - [27/Jun/2026:20:18:54 +0700] "POST /wp-login.php HTTP/2" 200 3026 "https://site.proid.vn/wp-login.php" "Mozilla/5.0 (X11; Ubuntu; Linux x86_64) AppleWebKit/537.36 (KHTML, like Gecko) Chrome/133.0.0.0 Safari/537.36"
47.82.11.140 - - [27/Jun/2026:20:21:52 +0700] "GET /?e=1105447526 HTTP/1.1" 200 36943 "https://site.proid.vn/" "Mozilla/5.0 (Windows NT 10.0; Win64; x64) AppleWebKit/537.36 (KHTML, like Gecko) Chrome/135.0.0.0 Safari/537.36"
42.118.148.244 - admin [27/Jun/2026:20:24:08 +0700] "POST /wp-json/mcp/novamira HTTP/1.1" 200 207 "-" "node"
42.118.148.244 - admin [27/Jun/2026:20:24:09 +0700] "POST /wp-json/mcp/novamira HTTP/1.1" 200 754 "-" "node"
14.225.203.84 - - [27/Jun/2026:20:24:09 +0700] "POST /wp-cron.php?doing_wp_cron=1782566648.9520750045776367187500 HTTP/1.1" 200 0 "-" "WordPress/7.0; https://site.proid.vn"
42.118.148.244 - admin [27/Jun/2026:20:24:09 +0700] "POST /wp-json/mcp/novamira HTTP/1.1" 200 50 "-" "node"
42.118.148.244 - admin [27/Jun/2026:20:24:09 +0700] "POST /wp-json/mcp/novamira HTTP/1.1" 404 87 "-" "node"
66.249.68.38 - - [27/Jun/2026:20:24:38 +0700] "GET /?v=88733278446 HTTP/1.1" 200 80846 "-" "Mozilla/5.0 (Linux; Android 6.0.1; Nexus 5X Build/MMB29P) AppleWebKit/537.36 (KHTML, like Gecko) Chrome/148.0.7778.96 Mobile Safari/537.36 (compatible; Googlebot/2.1; +http://www.google.com/bot.html)"
185.176.8.77 - - [27/Jun/2026:20:24:56 +0700] "GET /wp-login.php HTTP/2" 200 2879 "-" "Mozilla/5.0 (Windows NT 10.0; Win64; x64) AppleWebKit/537.36 (KHTML, like Gecko) Chrome/120.0.0.0 Safari/537.36"
185.176.8.77 - - [27/Jun/2026:20:24:56 +0700] "POST /wp-login.php HTTP/2" 200 3026 "https://site.proid.vn/wp-login.php" "Mozilla/5.0 (Windows NT 10.0; Win64; x64) AppleWebKit/537.36 (KHTML, like Gecko) Chrome/120.0.0.0 Safari/537.36"
66.249.68.39 - - [27/Jun/2026:20:26:49 +0700] "GET /?h=4147751328 HTTP/1.1" 200 81752 "-" "Mozilla/5.0 (Linux; Android 6.0.1; Nexus 5X Build/MMB29P) AppleWebKit/537.36 (KHTML, like Gecko) Chrome/148.0.7778.96 Mobile Safari/537.36 (compatible; Googlebot/2.1; +http://www.google.com/bot.html)"
213.209.159.254 - - [27/Jun/2026:20:28:07 +0700] "POST /wp-content/plugins/keep-the-score/intro.php HTTP/2" 200 47 "-" "Mozilla/5.0 (Macintosh; Intel Mac OS X 10_15_7) AppleWebKit/537.36 (KHTML, like Gecko) Chrome/119.0.0.0 Safari/537.36"
213.209.159.254 - - [27/Jun/2026:20:28:12 +0700] "POST /wp-content/plugins/keep-the-score/intro.php HTTP/2" 200 31 "-" "Mozilla/5.0 (Macintosh; Intel Mac OS X 10_15_7) AppleWebKit/605.1.15 (KHTML, like Gecko) Version/17.0 Safari/605.1.15"
213.209.159.254 - - [27/Jun/2026:20:28:19 +0700] "POST /wp-content/plugins/keep-the-score/intro.php HTTP/2" 200 48 "-" "Mozilla/5.0 (Macintosh; Intel Mac OS X 10_15_7) AppleWebKit/605.1.15 (KHTML, like Gecko) Version/15.5 Safari/605.1.15"
213.209.159.254 - - [27/Jun/2026:20:28:21 +0700] "POST /wp-content/plugins/keep-the-score/intro.php HTTP/2" 200 0 "-" "Mozilla/5.0 (Windows NT 10.0; Win64; x64) AppleWebKit/537.36 (KHTML, like Gecko) Chrome/101.0.4951.64 Safari/537.36 Edg/101.0.1210.47"
213.209.159.254 - - [27/Jun/2026:20:28:36 +0700] "POST /wp-content/plugins/keep-the-score/intro.php HTTP/2" 200 80314 "-" "Mozilla/5.0 (Windows NT 10.0; Win64; x64) AppleWebKit/537.36 (KHTML, like Gecko) Chrome/110.0.0.0 Safari/537.36"
213.209.159.254 - - [27/Jun/2026:20:28:44 +0700] "POST /wp-content/plugins/keep-the-score/intro.php HTTP/2" 200 28 "-" "Mozilla/5.0 (Windows NT 10.0; Win64; x64) AppleWebKit/537.36 (KHTML, like Gecko) Chrome/99.0.4844.51 Safari/537.36 Edg/99.0.1150.30"
192.64.118.208 - - [27/Jun/2026:20:29:58 +0700] "GET /wp-login.php HTTP/2" 200 2879 "-" "Mozilla/5.0 (X11; CrOS x86_64 14541.0.0) AppleWebKit/537.36 (KHTML, like Gecko) Chrome/133.0.0.0 Safari/537.36"
192.64.118.208 - - [27/Jun/2026:20:29:59 +0700] "POST /wp-login.php HTTP/2" 200 3026 "https://site.proid.vn/wp-login.php" "Mozilla/5.0 (X11; CrOS x86_64 14541.0.0) AppleWebKit/537.36 (KHTML, like Gecko) Chrome/133.0.0.0 Safari/537.36"
216.73.217.174 - - [27/Jun/2026:20:30:56 +0700] "GET /robots.txt HTTP/2" 200 98 "-" "Mozilla/5.0 AppleWebKit/537.36 (KHTML, like Gecko; compatible; ClaudeBot/1.0; +claudebot@anthropic.com)"
42.118.148.244 - admin [27/Jun/2026:20:31:09 +0700] "POST /wp-json/mcp/novamira HTTP/1.1" 200 207 "-" "node"
42.118.148.244 - admin [27/Jun/2026:20:31:10 +0700] "POST /wp-json/mcp/novamira HTTP/1.1" 200 754 "-" "node"
42.118.148.244 - admin [27/Jun/2026:20:31:11 +0700] "POST /wp-json/mcp/novamira HTTP/1.1" 200 50 "-" "node"
42.118.148.244 - admin [27/Jun/2026:20:31:11 +0700] "POST /wp-json/mcp/novamira HTTP/1.1" 404 87 "-" "node"
216.73.217.174 - - [27/Jun/2026:20:31:11 +0700] "GET / HTTP/2" 200 36966 "-" "Mozilla/5.0 AppleWebKit/537.36 (KHTML, like Gecko; compatible; ClaudeBot/1.0; +claudebot@anthropic.com)"
66.249.68.39 - - [27/Jun/2026:20:33:26 +0700] "GET /?s=48092147439 HTTP/1.1" 200 81014 "-" "Mozilla/5.0 (Linux; Android 6.0.1; Nexus 5X Build/MMB29P) AppleWebKit/537.36 (KHTML, like Gecko) Chrome/148.0.7778.96 Mobile Safari/537.36 (compatible; Googlebot/2.1; +http://www.google.com/bot.html)"
47.82.11.64 - - [27/Jun/2026:20:33:58 +0700] "GET /?z=24647150546 HTTP/1.1" 200 36964 "https://site.proid.vn/" "Mozilla/5.0 (Windows NT 10.0; Win64; x64) AppleWebKit/537.36 (KHTML, like Gecko) Chrome/135.0.0.0 Safari/537.36"
42.118.148.244 - admin [27/Jun/2026:20:35:40 +0700] "POST /wp-json/mcp/novamira HTTP/1.1" 200 207 "-" "node"
42.118.148.244 - admin [27/Jun/2026:20:35:40 +0700] "POST /wp-json/mcp/novamira HTTP/1.1" 200 754 "-" "node"
42.118.148.244 - admin [27/Jun/2026:20:35:41 +0700] "POST /wp-json/mcp/novamira HTTP/1.1" 200 207 "-" "node"
42.118.148.244 - admin [27/Jun/2026:20:35:42 +0700] "POST /wp-json/mcp/novamira HTTP/1.1" 200 754 "-" "node"
47.82.11.83 - - [27/Jun/2026:20:35:54 +0700] "GET /?z=2464710002 HTTP/1.1" 200 36946 "https://site.proid.vn/" "Mozilla/5.0 (Windows NT 10.0; Win64; x64) AppleWebKit/537.36 (KHTML, like Gecko) Chrome/135.0.0.0 Safari/537.36"
42.118.148.244 - admin [27/Jun/2026:20:37:31 +0700] "POST /wp-json/mcp/novamira HTTP/1.1" 200 207 "-" "node"
42.118.148.244 - admin [27/Jun/2026:20:37:33 +0700] "POST /wp-json/mcp/novamira HTTP/1.1" 404 87 "-" "node"
42.118.148.244 - admin [27/Jun/2026:20:37:32 +0700] "POST /wp-json/mcp/novamira HTTP/1.1" 200 754 "-" "node"
42.118.148.244 - admin [27/Jun/2026:20:37:33 +0700] "POST /wp-json/mcp/novamira HTTP/1.1" 200 50 "-" "node"
66.249.68.39 - - [27/Jun/2026:20:37:41 +0700] "GET /?h=41477155442 HTTP/1.1" 200 81928 "-" "Mozilla/5.0 (Linux; Android 6.0.1; Nexus 5X Build/MMB29P) AppleWebKit/537.36 (KHTML, like Gecko) Chrome/148.0.7778.96 Mobile Safari/537.36 (compatible; Googlebot/2.1; +http://www.google.com/bot.html)"
78.142.18.172 - - [27/Jun/2026:20:37:57 +0700] "GET /wp-login.php HTTP/2" 200 2879 "-" "Mozilla/5.0 (Windows NT 10.0; WOW64) AppleWebKit/537.36 (KHTML, like Gecko) Chrome/133.0.0.0 Safari/537.36"
78.142.18.172 - - [27/Jun/2026:20:37:57 +0700] "POST /wp-login.php HTTP/2" 200 3049 "https://site.proid.vn/wp-login.php" "Mozilla/5.0 (Windows NT 10.0; WOW64) AppleWebKit/537.36 (KHTML, like Gecko) Chrome/133.0.0.0 Safari/537.36"
185.109.244.91 - - [27/Jun/2026:20:38:03 +0700] "GET /wp-login.php HTTP/2" 200 2879 "-" "Mozilla/5.0 (Macintosh; Intel Mac OS X 11_7_10) AppleWebKit/537.36 (KHTML, like Gecko) Chrome/133.0.0.0 Safari/537.36"
185.109.244.91 - - [27/Jun/2026:20:38:05 +0700] "POST /wp-login.php HTTP/2" 200 3052 "https://site.proid.vn/wp-login.php" "Mozilla/5.0 (Macintosh; Intel Mac OS X 11_7_10) AppleWebKit/537.36 (KHTML, like Gecko) Chrome/133.0.0.0 Safari/537.36"
185.139.40.253 - - [27/Jun/2026:20:39:49 +0700] "GET /wp-login.php HTTP/2" 200 2879 "-" "Mozilla/5.0 (X11; Linux x86_64) AppleWebKit/537.36 (KHTML, like Gecko) Chrome/133.0.0.0 Safari/537.36"
185.139.40.253 - - [27/Jun/2026:20:39:49 +0700] "POST /wp-login.php HTTP/2" 200 3026 "https://site.proid.vn/wp-login.php" "Mozilla/5.0 (X11; Linux x86_64) AppleWebKit/537.36 (KHTML, like Gecko) Chrome/133.0.0.0 Safari/537.36"
66.249.71.101 - - [27/Jun/2026:20:41:30 +0700] "GET /?v=8873340068 HTTP/1.1" 200 80725 "-" "Mozilla/5.0 (Linux; Android 6.0.1; Nexus 5X Build/MMB29P) AppleWebKit/537.36 (KHTML, like Gecko) Chrome/148.0.7778.96 Mobile Safari/537.36 (compatible; Googlebot/2.1; +http://www.google.com/bot.html)"
103.166.182.186 - - [27/Jun/2026:20:41:47 +0700] "GET /wp-login.php HTTP/2" 200 2879 "-" "Mozilla/5.0 (Windows NT 10.0; WOW64) AppleWebKit/537.36 (KHTML, like Gecko) Chrome/133.0.0.0 Safari/537.36"
103.166.182.186 - - [27/Jun/2026:20:41:48 +0700] "POST /wp-login.php HTTP/2" 200 3026 "https://site.proid.vn/wp-login.php" "Mozilla/5.0 (Windows NT 10.0; WOW64) AppleWebKit/537.36 (KHTML, like Gecko) Chrome/133.0.0.0 Safari/537.36"
42.118.148.244 - admin [27/Jun/2026:20:42:40 +0700] "POST /wp-json/mcp/novamira HTTP/1.1" 200 207 "-" "node"
42.118.148.244 - admin [27/Jun/2026:20:42:40 +0700] "POST /wp-json/mcp/novamira HTTP/1.1" 200 754 "-" "node"
42.118.148.244 - admin [27/Jun/2026:20:42:41 +0700] "POST /wp-json/mcp/novamira HTTP/1.1" 200 50 "-" "node"
42.118.148.244 - admin [27/Jun/2026:20:42:41 +0700] "POST /wp-json/mcp/novamira HTTP/1.1" 404 87 "-" "node"
213.209.159.254 - - [27/Jun/2026:20:46:39 +0700] "POST /wp-content/plugins/keep-the-score/intro.php HTTP/2" 200 49 "-" "Mozilla/5.0 (Macintosh; Intel Mac OS X 10_15_7) AppleWebKit/605.1.15 (KHTML, like Gecko) Version/15.3 Safari/605.1.15"
213.209.159.254 - - [27/Jun/2026:20:46:45 +0700] "POST /wp-content/plugins/keep-the-score/intro.php HTTP/2" 200 37 "-" "Mozilla/5.0 (Windows NT 10.0; Win64; x64) AppleWebKit/537.36 (KHTML, like Gecko) Chrome/101.0.4951.67 Safari/537.36"
213.209.159.254 - - [27/Jun/2026:20:46:50 +0700] "POST /wp-content/plugins/keep-the-score/intro.php HTTP/2" 200 48 "-" "Mozilla/5.0 (Macintosh; Intel Mac OS X 10_15_7) AppleWebKit/605.1.15 (KHTML, like Gecko) Version/17.0 Safari/605.1.15"
213.209.159.254 - - [27/Jun/2026:20:46:55 +0700] "POST /wp-content/plugins/keep-the-score/intro.php HTTP/2" 200 35 "-" "Mozilla/5.0 (Macintosh; Intel Mac OS X 10_15_7) AppleWebKit/605.1.15 (KHTML, like Gecko) Version/15.3 Safari/605.1.15"
66.249.68.39 - - [27/Jun/2026:20:48:47 +0700] "GET /?g=9350226659 HTTP/1.1" 200 81077 "-" "Mozilla/5.0 (Linux; Android 6.0.1; Nexus 5X Build/MMB29P) AppleWebKit/537.36 (KHTML, like Gecko) Chrome/148.0.7778.96 Mobile Safari/537.36 (compatible; Googlebot/2.1; +http://www.google.com/bot.html)"
216.73.217.174 - - [27/Jun/2026:20:49:07 +0700] "GET / HTTP/2" 200 36993 "-" "Mozilla/5.0 AppleWebKit/537.36 (KHTML, like Gecko; compatible; ClaudeBot/1.0; +claudebot@anthropic.com)"
42.118.148.244 - admin [27/Jun/2026:20:51:36 +0700] "POST /wp-json/mcp/novamira HTTP/1.1" 200 207 "-" "node"
42.118.148.244 - admin [27/Jun/2026:20:51:36 +0700] "POST /wp-json/mcp/novamira HTTP/1.1" 200 754 "-" "node"
42.118.148.244 - admin [27/Jun/2026:20:51:37 +0700] "POST /wp-json/mcp/novamira HTTP/1.1" 200 50 "-" "node"
42.118.148.244 - admin [27/Jun/2026:20:51:37 +0700] "POST /wp-json/mcp/novamira HTTP/1.1" 404 87 "-" "node"
216.73.217.174 - - [27/Jun/2026:20:52:17 +0700] "GET /wp-includes/sodium_compat/src/Core32/X25519.php HTTP/2" 500 0 "-" "Mozilla/5.0 AppleWebKit/537.36 (KHTML, like Gecko; compatible; ClaudeBot/1.0; +claudebot@anthropic.com)"
85.215.252.72 - - [27/Jun/2026:20:52:39 +0700] "GET /wp-login.php HTTP/2" 200 2879 "-" "Mozilla/5.0 (X11; Linux i686) AppleWebKit/537.36 (KHTML, like Gecko) Chrome/133.0.0.0 Safari/537.36"
85.215.252.72 - - [27/Jun/2026:20:52:40 +0700] "POST /wp-login.php HTTP/2" 200 3049 "https://site.proid.vn/wp-login.php" "Mozilla/5.0 (X11; Linux i686) AppleWebKit/537.36 (KHTML, like Gecko) Chrome/133.0.0.0 Safari/537.36"
158.69.117.34 - - [27/Jun/2026:20:52:46 +0700] "GET /wp-login.php HTTP/2" 200 2879 "-" "Mozilla/5.0 (Windows NT 10.0; WOW64) AppleWebKit/537.36 (KHTML, like Gecko) Chrome/133.0.0.0 Safari/537.36"
158.69.117.34 - - [27/Jun/2026:20:52:47 +0700] "POST /wp-login.php HTTP/2" 200 3026 "https://site.proid.vn/wp-login.php" "Mozilla/5.0 (Windows NT 10.0; WOW64) AppleWebKit/537.36 (KHTML, like Gecko) Chrome/133.0.0.0 Safari/537.36"
84.247.151.140 - - [27/Jun/2026:20:58:16 +0700] "GET /wp-login.php HTTP/2" 200 2879 "-" "Mozilla/5.0 (Windows NT 10.0; Win64; x64) AppleWebKit/537.36 (KHTML, like Gecko) Chrome/120.0.0.0 Safari/537.36"
84.247.151.140 - - [27/Jun/2026:20:58:16 +0700] "POST /wp-login.php HTTP/2" 200 3052 "https://site.proid.vn/wp-login.php" "Mozilla/5.0 (Windows NT 10.0; Win64; x64) AppleWebKit/537.36 (KHTML, like Gecko) Chrome/120.0.0.0 Safari/537.36"
52.40.87.102 - - [27/Jun/2026:20:58:57 +0700] "GET /wp-login.php HTTP/2" 200 2879 "-" "Mozilla/5.0 (Macintosh; Intel Mac OS X 11_7_10) AppleWebKit/537.36 (KHTML, like Gecko) Chrome/133.0.0.0 Safari/537.36"
52.40.87.102 - - [27/Jun/2026:20:58:58 +0700] "POST /wp-login.php HTTP/2" 200 3052 "https://site.proid.vn/wp-login.php" "Mozilla/5.0 (Macintosh; Intel Mac OS X 11_7_10) AppleWebKit/537.36 (KHTML, like Gecko) Chrome/133.0.0.0 Safari/537.36"
213.209.159.254 - - [27/Jun/2026:20:59:25 +0700] "POST /wp-content/plugins/keep-the-score/intro.php HTTP/2" 200 56 "-" "Mozilla/5.0 (Macintosh; Intel Mac OS X 10_15_7) AppleWebKit/537.36 (KHTML, like Gecko) Chrome/120.0.0.0 Safari/537.36"
213.209.159.254 - - [27/Jun/2026:20:59:27 +0700] "POST /wp-content/plugins/keep-the-score/intro.php HTTP/2" 200 29 "-" "Mozilla/5.0 (Windows NT 10.0; Win64; x64) AppleWebKit/537.36 (KHTML, like Gecko) Chrome/104.0.0.0 Safari/537.36"
213.209.159.254 - - [27/Jun/2026:20:59:31 +0700] "POST /wp-content/plugins/keep-the-score/intro.php HTTP/2" 200 54 "-" "Mozilla/5.0 (Windows NT 10.0; Win64; x64) AppleWebKit/537.36 (KHTML, like Gecko) Chrome/110.0.0.0 Safari/537.36"
213.209.159.254 - - [27/Jun/2026:20:59:34 +0700] "POST /wp-content/plugins/keep-the-score/intro.php HTTP/2" 200 3377 "-" "Mozilla/5.0 (Windows NT 10.0; Win64; x64) AppleWebKit/537.36 (KHTML, like Gecko) Chrome/99.0.4844.51 Safari/537.36"
47.82.11.221 - - [27/Jun/2026:21:02:48 +0700] "GET /?v=8873385796 HTTP/1.1" 200 36944 "https://site.proid.vn/" "Mozilla/5.0 (Windows NT 10.0; Win64; x64; rv:137.0) Gecko/20100101 Firefox/137.0"
43.157.243.191 - - [27/Jun/2026:21:03:10 +0700] "GET /wp-login.php HTTP/2" 200 2879 "-" "Mozilla/5.0 (X11; Linux x86_64; rv:133.0) Gecko/20100101 Firefox/133.0"
43.157.243.191 - - [27/Jun/2026:21:03:11 +0700] "POST /wp-login.php HTTP/2" 200 3049 "https://site.proid.vn/wp-login.php" "Mozilla/5.0 (X11; Linux x86_64; rv:133.0) Gecko/20100101 Firefox/133.0"
148.251.47.87 - - [27/Jun/2026:21:03:26 +0700] "GET /wp-login.php HTTP/2" 200 2879 "-" "Mozilla/5.0 (Windows NT 10.0; WOW64) AppleWebKit/537.36 (KHTML, like Gecko) Chrome/133.0.0.0 Safari/537.36"
148.251.47.87 - - [27/Jun/2026:21:03:26 +0700] "POST /wp-login.php HTTP/2" 200 3026 "https://site.proid.vn/wp-login.php" "Mozilla/5.0 (Windows NT 10.0; WOW64) AppleWebKit/537.36 (KHTML, like Gecko) Chrome/133.0.0.0 Safari/537.36"
213.209.159.254 - - [27/Jun/2026:21:07:53 +0700] "POST /wp-content/plugins/keep-the-score/intro.php HTTP/2" 200 48 "-" "Mozilla/5.0 (Windows NT 10.0; Win64; x64) AppleWebKit/537.36 (KHTML, like Gecko) Chrome/101.0.4951.64 Safari/537.36 Edg/101.0.1210.47"
213.209.159.254 - - [27/Jun/2026:21:07:55 +0700] "POST /wp-content/plugins/keep-the-score/intro.php HTTP/2" 200 38 "-" "Mozilla/5.0 (Windows NT 10.0; Win64; x64) AppleWebKit/537.36 (KHTML, like Gecko) Chrome/99.0.4844.51 Safari/537.36"
213.209.159.254 - - [27/Jun/2026:21:07:59 +0700] "POST /wp-content/plugins/keep-the-score/intro.php HTTP/2" 200 49 "-" "Mozilla/5.0 (Macintosh; Intel Mac OS X 10_15_7) AppleWebKit/537.36 (KHTML, like Gecko) Chrome/120.0.0.0 Safari/537.36"
213.209.159.254 - - [27/Jun/2026:21:08:03 +0700] "POST /wp-content/plugins/keep-the-score/intro.php HTTP/2" 200 35 "-" "Mozilla/5.0 (Macintosh; Intel Mac OS X 10_15_7) AppleWebKit/605.1.15 (KHTML, like Gecko) Version/15.3 Safari/605.1.15"
14.225.203.84 - - [27/Jun/2026:21:08:43 +0700] "POST /wp-cron.php?doing_wp_cron=1782569323.2229790687561035156250 HTTP/1.1" 200 0 "-" "WordPress/7.0; https://site.proid.vn"
137.59.109.132 - - [27/Jun/2026:21:08:43 +0700] "GET /wp-login.php HTTP/2" 200 2879 "-" "Mozilla/5.0 (Macintosh; Intel Mac OS X 10_15_7) AppleWebKit/537.36 (KHTML, like Gecko) Chrome/133.0.0.0 Safari/537.36"
137.59.109.132 - - [27/Jun/2026:21:08:43 +0700] "POST /wp-login.php HTTP/2" 200 3052 "https://site.proid.vn/wp-login.php" "Mozilla/5.0 (Macintosh; Intel Mac OS X 10_15_7) AppleWebKit/537.36 (KHTML, like Gecko) Chrome/133.0.0.0 Safari/537.36"
216.73.217.174 - - [27/Jun/2026:21:13:28 +0700] "GET /wp-includes/widgets/class-wp-widget-media-audio.php HTTP/2" 500 0 "-" "Mozilla/5.0 AppleWebKit/537.36 (KHTML, like Gecko; compatible; ClaudeBot/1.0; +claudebot@anthropic.com)"
148.251.47.87 - - [27/Jun/2026:21:13:28 +0700] "GET /wp-login.php HTTP/2" 200 2879 "-" "Mozilla/5.0 (Macintosh; Intel Mac OS X 10_15_7) AppleWebKit/605.1.15 (KHTML, like Gecko) Version/18.3 Safari/605.1.15"
148.251.47.87 - - [27/Jun/2026:21:13:29 +0700] "POST /wp-login.php HTTP/2" 200 3049 "https://site.proid.vn/wp-login.php" "Mozilla/5.0 (Macintosh; Intel Mac OS X 10_15_7) AppleWebKit/605.1.15 (KHTML, like Gecko) Version/18.3 Safari/605.1.15"
173.247.255.22 - - [27/Jun/2026:21:13:38 +0700] "GET /wp-login.php HTTP/2" 200 2879 "-" "Mozilla/5.0 (Windows NT 10.0; Win64; x64) AppleWebKit/537.36 (KHTML, like Gecko) Chrome/133.0.0.0 Safari/537.36 Edg/133.0.0.0"
173.247.255.22 - - [27/Jun/2026:21:13:39 +0700] "POST /wp-login.php HTTP/2" 200 3026 "https://site.proid.vn/wp-login.php" "Mozilla/5.0 (Windows NT 10.0; Win64; x64) AppleWebKit/537.36 (KHTML, like Gecko) Chrome/133.0.0.0 Safari/537.36 Edg/133.0.0.0"
213.209.159.254 - - [27/Jun/2026:21:14:46 +0700] "POST /wp-content/plugins/keep-the-score/intro.php HTTP/2" 200 31 "-" "Mozilla/5.0 (Windows NT 10.0; Win64; x64) AppleWebKit/537.36 (KHTML, like Gecko) Chrome/101.0.4951.64 Safari/537.36 Edg/101.0.1210.47"
213.209.159.254 - - [27/Jun/2026:21:14:53 +0700] "POST /wp-content/plugins/keep-the-score/intro.php HTTP/2" 200 56 "-" "Mozilla/5.0 (Windows NT 10.0; Win64; x64) AppleWebKit/537.36 (KHTML, like Gecko) Chrome/116.0.0.0 Safari/537.36"
213.209.159.254 - - [27/Jun/2026:21:14:56 +0700] "POST /wp-content/plugins/keep-the-score/intro.php HTTP/2" 200 0 "-" "Mozilla/5.0 (Windows NT 10.0; Win64; x64) AppleWebKit/537.36 (KHTML, like Gecko) Chrome/101.0.4951.67 Safari/537.36"
213.209.159.254 - - [27/Jun/2026:21:15:18 +0700] "POST /wp-content/plugins/keep-the-score/intro.php HTTP/2" 200 28 "-" "Mozilla/5.0 (Macintosh; Intel Mac OS X 10_15_7) AppleWebKit/537.36 (KHTML, like Gecko) Chrome/119.0.0.0 Safari/537.36"
216.73.217.174 - - [27/Jun/2026:21:17:07 +0700] "GET /wp-includes/sodium_compat/src/Core/ChaCha20/IetfCtx.php HTTP/2" 500 0 "-" "Mozilla/5.0 AppleWebKit/537.36 (KHTML, like Gecko; compatible; ClaudeBot/1.0; +claudebot@anthropic.com)"
78.142.18.172 - - [27/Jun/2026:21:19:01 +0700] "GET /wp-login.php HTTP/2" 200 2879 "-" "Mozilla/5.0 (Windows NT 10.0) AppleWebKit/537.36 (KHTML, like Gecko) Chrome/133.0.0.0 Safari/537.36"
78.142.18.172 - - [27/Jun/2026:21:19:02 +0700] "POST /wp-login.php HTTP/2" 200 3026 "https://site.proid.vn/wp-login.php" "Mozilla/5.0 (Windows NT 10.0) AppleWebKit/537.36 (KHTML, like Gecko) Chrome/133.0.0.0 Safari/537.36"
152.53.87.135 - - [27/Jun/2026:21:19:27 +0700] "GET /wp-login.php HTTP/2" 200 2879 "-" "Mozilla/5.0 (Windows NT 10.0; Win64; x64) AppleWebKit/537.36 (KHTML, like Gecko) Chrome/120.0.0.0 Safari/537.36"
152.53.87.135 - - [27/Jun/2026:21:19:27 +0700] "POST /wp-login.php HTTP/2" 200 3052 "https://site.proid.vn/wp-login.php" "Mozilla/5.0 (Windows NT 10.0; Win64; x64) AppleWebKit/537.36 (KHTML, like Gecko) Chrome/120.0.0.0 Safari/537.36"
209.145.56.119 - - [27/Jun/2026:21:19:29 +0700] "GET /wp-login.php HTTP/2" 200 2879 "-" "Mozilla/5.0 (Windows NT 10.0; WOW64) AppleWebKit/537.36 (KHTML, like Gecko) Chrome/133.0.0.0 Safari/537.36"
209.145.56.119 - - [27/Jun/2026:21:19:30 +0700] "POST /wp-login.php HTTP/2" 200 3052 "https://site.proid.vn/wp-login.php" "Mozilla/5.0 (Windows NT 10.0; WOW64) AppleWebKit/537.36 (KHTML, like Gecko) Chrome/133.0.0.0 Safari/537.36"
47.82.11.209 - - [27/Jun/2026:21:22:03 +0700] "GET /?g=93502217040 HTTP/1.1" 200 36962 "https://site.proid.vn/" "Mozilla/5.0 (Windows NT 10.0; Win64; x64) AppleWebKit/537.36 (KHTML, like Gecko) Chrome/135.0.0.0 Safari/537.36"
154.222.29.83 - - [27/Jun/2026:21:23:50 +0700] "GET /wp-login.php HTTP/2" 200 2880 "-" "Mozilla/5.0 (X11; Ubuntu; Linux x86_64) AppleWebKit/537.36 (KHTML, like Gecko) Chrome/133.0.0.0 Safari/537.36"
154.222.29.83 - - [27/Jun/2026:21:23:53 +0700] "POST /wp-login.php HTTP/2" 200 3056 "https://site.proid.vn/wp-login.php" "Mozilla/5.0 (X11; Ubuntu; Linux x86_64) AppleWebKit/537.36 (KHTML, like Gecko) Chrome/133.0.0.0 Safari/537.36"
66.249.68.39 - - [27/Jun/2026:21:26:04 +0700] "GET /?l=18185149403 HTTP/1.1" 200 81012 "-" "Mozilla/5.0 (Linux; Android 6.0.1; Nexus 5X Build/MMB29P) AppleWebKit/537.36 (KHTML, like Gecko) Chrome/148.0.7778.96 Mobile Safari/537.36 (compatible; Googlebot/2.1; +http://www.google.com/bot.html)"
213.209.159.254 - - [27/Jun/2026:21:27:28 +0700] "POST /wp-content/plugins/keep-the-score/intro.php HTTP/2" 200 53 "-" "Mozilla/5.0 (Windows NT 10.0; Win64; x64) AppleWebKit/537.36 (KHTML, like Gecko) Chrome/100.0.4896.75 Safari/537.36"
213.209.159.254 - - [27/Jun/2026:21:27:34 +0700] "POST /wp-content/plugins/keep-the-score/intro.php HTTP/2" 200 29 "-" "Mozilla/5.0 (Windows NT 10.0; Win64; x64) AppleWebKit/537.36 (KHTML, like Gecko) Chrome/99.0.4844.51 Safari/537.36"
213.209.159.254 - - [27/Jun/2026:21:27:38 +0700] "POST /wp-content/plugins/keep-the-score/intro.php HTTP/2" 200 45 "-" "Mozilla/5.0 (Windows NT 10.0; Win64; x64) AppleWebKit/537.36 (KHTML, like Gecko) Chrome/104.0.0.0 Safari/537.36"
213.209.159.254 - - [27/Jun/2026:21:27:43 +0700] "POST /wp-content/plugins/keep-the-score/intro.php HTTP/2" 200 35 "-" "Mozilla/5.0 (Windows NT 10.0; Win64; x64) AppleWebKit/537.36 (KHTML, like Gecko) Chrome/99.0.4844.51 Safari/537.36"
66.249.68.39 - - [27/Jun/2026:21:29:45 +0700] "GET /?v=26281210947 HTTP/1.1" 200 81225 "-" "Mozilla/5.0 (Linux; Android 6.0.1; Nexus 5X Build/MMB29P) AppleWebKit/537.36 (KHTML, like Gecko) Chrome/148.0.7778.96 Mobile Safari/537.36 (compatible; Googlebot/2.1; +http://www.google.com/bot.html)"
178.104.236.211 - - [27/Jun/2026:21:29:48 +0700] "GET /wp-login.php HTTP/2" 200 2880 "-" "Mozilla/5.0 (Windows NT 10.0) AppleWebKit/537.36 (KHTML, like Gecko) Chrome/133.0.0.0 Safari/537.36"
178.104.236.211 - - [27/Jun/2026:21:29:48 +0700] "POST /wp-login.php HTTP/2" 200 3029 "https://site.proid.vn/wp-login.php" "Mozilla/5.0 (Windows NT 10.0) AppleWebKit/537.36 (KHTML, like Gecko) Chrome/133.0.0.0 Safari/537.36"
173.247.255.22 - - [27/Jun/2026:21:29:59 +0700] "GET /wp-login.php HTTP/2" 200 2880 "-" "Mozilla/5.0 (X11; Ubuntu; Linux x86_64; rv:133.0) Gecko/20100101 Firefox/133.0"
173.247.255.22 - - [27/Jun/2026:21:29:59 +0700] "POST /wp-login.php HTTP/2" 200 3053 "https://site.proid.vn/wp-login.php" "Mozilla/5.0 (X11; Ubuntu; Linux x86_64; rv:133.0) Gecko/20100101 Firefox/133.0"
66.249.71.102 - - [27/Jun/2026:21:31:07 +0700] "GET /?s=4809247980 HTTP/1.1" 200 80777 "-" "Mozilla/5.0 (Linux; Android 6.0.1; Nexus 5X Build/MMB29P) AppleWebKit/537.36 (KHTML, like Gecko) Chrome/148.0.7778.96 Mobile Safari/537.36 (compatible; Googlebot/2.1; +http://www.google.com/bot.html)"
216.73.217.174 - - [27/Jun/2026:21:31:52 +0700] "GET /robots.txt HTTP/2" 200 98 "-" "Mozilla/5.0 AppleWebKit/537.36 (KHTML, like Gecko; compatible; ClaudeBot/1.0; +claudebot@anthropic.com)"
213.209.159.254 - - [27/Jun/2026:21:32:05 +0700] "POST /wp-content/plugins/keep-the-score/intro.php HTTP/2" 200 31 "-" "Mozilla/5.0 (Windows NT 10.0; Win64; x64) AppleWebKit/537.36 (KHTML, like Gecko) Chrome/107.0.0.0 Safari/537.36"
66.249.68.39 - - [27/Jun/2026:21:33:20 +0700] "GET /?l=1818551099 HTTP/1.1" 200 81524 "-" "Mozilla/5.0 (Linux; Android 6.0.1; Nexus 5X Build/MMB29P) AppleWebKit/537.36 (KHTML, like Gecko) Chrome/148.0.7778.96 Mobile Safari/537.36 (compatible; Googlebot/2.1; +http://www.google.com/bot.html)"
206.189.36.80 - - [27/Jun/2026:21:33:30 +0700] "GET /wp-login.php HTTP/2" 200 2880 "-" "Mozilla/5.0 (X11; Ubuntu; Linux x86_64; rv:133.0) Gecko/20100101 Firefox/133.0"
206.189.36.80 - - [27/Jun/2026:21:33:30 +0700] "POST /wp-login.php HTTP/2" 200 3056 "https://site.proid.vn/wp-login.php" "Mozilla/5.0 (X11; Ubuntu; Linux x86_64; rv:133.0) Gecko/20100101 Firefox/133.0"
213.209.159.254 - - [27/Jun/2026:21:35:50 +0700] "POST /wp-content/plugins/keep-the-score/intro.php HTTP/2" 200 51 "-" "Mozilla/5.0 (Windows NT 10.0; Win64; x64) AppleWebKit/537.36 (KHTML, like Gecko) Chrome/99.0.4844.51 Safari/537.36"
213.209.159.254 - - [27/Jun/2026:21:35:53 +0700] "POST /wp-content/plugins/keep-the-score/intro.php HTTP/2" 200 0 "-" "Mozilla/5.0 (Windows NT 10.0; Win64; x64) AppleWebKit/537.36 (KHTML, like Gecko) Chrome/116.0.0.0 Safari/537.36"
213.209.159.254 - - [27/Jun/2026:21:36:16 +0700] "POST /wp-content/plugins/keep-the-score/intro.php HTTP/2" 200 28 "-" "Mozilla/5.0 (iPhone; CPU iPhone OS 17_2 like Mac OS X) AppleWebKit/605.1.15 (KHTML, like Gecko) Version/17.2 Mobile/15E148 Safari/604.1"
66.249.68.38 - - [27/Jun/2026:21:37:21 +0700] "GET /?v=88733278521 HTTP/1.1" 200 80688 "-" "Mozilla/5.0 (Linux; Android 6.0.1; Nexus 5X Build/MMB29P) AppleWebKit/537.36 (KHTML, like Gecko) Chrome/148.0.7778.96 Mobile Safari/537.36 (compatible; Googlebot/2.1; +http://www.google.com/bot.html)"
66.249.68.38 - - [27/Jun/2026:21:38:05 +0700] "GET /?l=1818513253 HTTP/1.1" 200 81392 "-" "Mozilla/5.0 (Linux; Android 6.0.1; Nexus 5X Build/MMB29P) AppleWebKit/537.36 (KHTML, like Gecko) Chrome/148.0.7778.96 Mobile Safari/537.36 (compatible; Googlebot/2.1; +http://www.google.com/bot.html)"
103.82.195.111 - - [27/Jun/2026:21:40:14 +0700] "GET /wp-login.php HTTP/2" 200 2880 "-" "Mozilla/5.0 (X11; Fedora; Linux x86_64) AppleWebKit/537.36 (KHTML, like Gecko) Chrome/133.0.0.0 Safari/537.36"
103.82.195.111 - - [27/Jun/2026:21:40:14 +0700] "POST /wp-login.php HTTP/2" 200 3053 "https://site.proid.vn/wp-login.php" "Mozilla/5.0 (X11; Fedora; Linux x86_64) AppleWebKit/537.36 (KHTML, like Gecko) Chrome/133.0.0.0 Safari/537.36"
78.142.18.172 - - [27/Jun/2026:21:40:17 +0700] "GET /wp-login.php HTTP/2" 200 2880 "-" "Mozilla/5.0 (X11; Linux i686) AppleWebKit/537.36 (KHTML, like Gecko) Chrome/133.0.0.0 Safari/537.36"
78.142.18.172 - - [27/Jun/2026:21:40:17 +0700] "POST /wp-login.php HTTP/2" 200 3029 "https://site.proid.vn/wp-login.php" "Mozilla/5.0 (X11; Linux i686) AppleWebKit/537.36 (KHTML, like Gecko) Chrome/133.0.0.0 Safari/537.36"
66.249.68.38 - - [27/Jun/2026:21:41:48 +0700] "GET /?h=41477134486 HTTP/1.1" 200 80928 "-" "Mozilla/5.0 (Linux; Android 6.0.1; Nexus 5X Build/MMB29P) AppleWebKit/537.36 (KHTML, like Gecko) Chrome/148.0.7778.96 Mobile Safari/537.36 (compatible; Googlebot/2.1; +http://www.google.com/bot.html)"
152.53.87.135 - - [27/Jun/2026:21:44:26 +0700] "GET /wp-login.php HTTP/2" 200 2880 "-" "Mozilla/5.0 (Windows NT 10.0; Win64; x64) AppleWebKit/537.36 (KHTML, like Gecko) Chrome/120.0.0.0 Safari/537.36"
152.53.87.135 - - [27/Jun/2026:21:44:27 +0700] "POST /wp-login.php HTTP/2" 200 3053 "https://site.proid.vn/wp-login.php" "Mozilla/5.0 (Windows NT 10.0; Win64; x64) AppleWebKit/537.36 (KHTML, like Gecko) Chrome/120.0.0.0 Safari/537.36"
213.209.159.254 - - [27/Jun/2026:21:45:10 +0700] "POST /wp-content/plugins/keep-the-score/intro.php HTTP/2" 200 51 "-" "Mozilla/5.0 (Macintosh; Intel Mac OS X 10_15_7) AppleWebKit/605.1.15 (KHTML, like Gecko) Version/17.0 Safari/605.1.15"
213.209.159.254 - - [27/Jun/2026:21:45:22 +0700] "POST /wp-content/plugins/keep-the-score/intro.php HTTP/2" 200 29 "-" "Mozilla/5.0 (Windows NT 10.0; Win64; x64) AppleWebKit/537.36 (KHTML, like Gecko) Chrome/100.0.4896.75 Safari/537.36"
213.209.159.254 - - [27/Jun/2026:21:45:25 +0700] "POST /wp-content/plugins/keep-the-score/intro.php HTTP/2" 200 54 "-" "Mozilla/5.0 (Windows NT 10.0; Win64; x64) AppleWebKit/537.36 (KHTML, like Gecko) Chrome/101.0.4951.64 Safari/537.36 Edg/101.0.1210.47"
66.249.68.39 - - [27/Jun/2026:21:45:34 +0700] "GET /?v=8873334813 HTTP/1.1" 200 81182 "-" "Mozilla/5.0 (Linux; Android 6.0.1; Nexus 5X Build/MMB29P) AppleWebKit/537.36 (KHTML, like Gecko) Chrome/148.0.7778.96 Mobile Safari/537.36 (compatible; Googlebot/2.1; +http://www.google.com/bot.html)"
213.209.159.254 - - [27/Jun/2026:21:45:29 +0700] "POST /wp-content/plugins/keep-the-score/intro.php HTTP/2" 200 35 "-" "Mozilla/5.0 (Windows NT 10.0; Win64; x64) AppleWebKit/537.36 (KHTML, like Gecko) Chrome/99.0.4844.51 Safari/537.36 Edg/99.0.1150.30"
213.209.159.254 - - [27/Jun/2026:21:49:14 +0700] "POST /wp-content/plugins/keep-the-score/intro.php HTTP/2" 200 31 "-" "Mozilla/5.0 (Windows NT 10.0; Win64; x64) AppleWebKit/537.36 (KHTML, like Gecko) Chrome/100.0.4896.75 Safari/537.36"
78.142.18.172 - - [27/Jun/2026:21:49:59 +0700] "GET /wp-login.php HTTP/2" 200 2880 "-" "Mozilla/5.0 (X11; Linux x86_64) AppleWebKit/537.36 (KHTML, like Gecko) Chrome/133.0.0.0 Safari/537.36 Edg/133.0.0.0"
78.142.18.172 - - [27/Jun/2026:21:49:59 +0700] "POST /wp-login.php HTTP/2" 200 3053 "https://site.proid.vn/wp-login.php" "Mozilla/5.0 (X11; Linux x86_64) AppleWebKit/537.36 (KHTML, like Gecko) Chrome/133.0.0.0 Safari/537.36 Edg/133.0.0.0"
158.69.215.39 - - [27/Jun/2026:21:51:08 +0700] "GET /wp-login.php HTTP/2" 200 2880 "-" "Mozilla/5.0 (X11; Linux i686) AppleWebKit/537.36 (KHTML, like Gecko) Chrome/133.0.0.0 Safari/537.36"
158.69.215.39 - - [27/Jun/2026:21:51:08 +0700] "POST /wp-login.php HTTP/2" 200 3029 "https://site.proid.vn/wp-login.php" "Mozilla/5.0 (X11; Linux i686) AppleWebKit/537.36 (KHTML, like Gecko) Chrome/133.0.0.0 Safari/537.36"
213.209.159.254 - - [27/Jun/2026:21:51:52 +0700] "POST /wp-content/plugins/keep-the-score/intro.php HTTP/2" 200 53 "-" "Mozilla/5.0 (Macintosh; Intel Mac OS X 10_15_7) AppleWebKit/605.1.15 (KHTML, like Gecko) Version/17.0 Safari/605.1.15"
213.209.159.254 - - [27/Jun/2026:21:52:00 +0700] "POST /wp-content/plugins/keep-the-score/intro.php HTTP/2" 200 0 "-" "Mozilla/5.0 (Windows NT 10.0; Win64; x64) AppleWebKit/537.36 (KHTML, like Gecko) Chrome/101.0.4951.67 Safari/537.36"
213.209.159.254 - - [27/Jun/2026:21:52:25 +0700] "POST /wp-content/plugins/keep-the-score/intro.php HTTP/2" 200 28 "-" "Mozilla/5.0 (Macintosh; Intel Mac OS X 10_15_7) AppleWebKit/605.1.15 (KHTML, like Gecko) Version/15.3 Safari/605.1.15"
66.249.68.38 - - [27/Jun/2026:21:52:44 +0700] "GET /?v=2628110234 HTTP/1.1" 200 80868 "-" "Mozilla/5.0 (Linux; Android 6.0.1; Nexus 5X Build/MMB29P) AppleWebKit/537.36 (KHTML, like Gecko) Chrome/148.0.7778.96 Mobile Safari/537.36 (compatible; Googlebot/2.1; +http://www.google.com/bot.html)"
167.71.218.184 - - [27/Jun/2026:21:54:01 +0700] "GET /wp-login.php HTTP/2" 200 2880 "-" "Mozilla/5.0 (Macintosh; Intel Mac OS X 14_7_4) AppleWebKit/537.36 (KHTML, like Gecko) Chrome/133.0.0.0 Safari/537.36"
167.71.218.184 - - [27/Jun/2026:21:54:03 +0700] "POST /wp-login.php HTTP/2" 200 3056 "https://site.proid.vn/wp-login.php" "Mozilla/5.0 (Macintosh; Intel Mac OS X 14_7_4) AppleWebKit/537.36 (KHTML, like Gecko) Chrome/133.0.0.0 Safari/537.36"
66.249.71.101 - - [27/Jun/2026:21:55:19 +0700] "GET /?a=36660218834 HTTP/1.1" 503 807 "-" "Mozilla/5.0 (Linux; Android 6.0.1; Nexus 5X Build/MMB29P) AppleWebKit/537.36 (KHTML, like Gecko) Chrome/148.0.7778.96 Mobile Safari/537.36 (compatible; Googlebot/2.1; +http://www.google.com/bot.html)"
216.73.217.174 - - [27/Jun/2026:21:56:02 +0700] "GET / HTTP/2" 200 36966 "-" "Mozilla/5.0 AppleWebKit/537.36 (KHTML, like Gecko; compatible; ClaudeBot/1.0; +claudebot@anthropic.com)"
213.209.159.254 - - [27/Jun/2026:21:56:58 +0700] "POST /wp-content/plugins/keep-the-score/intro.php HTTP/2" 200 56 "-" "Mozilla/5.0 (Windows NT 10.0; Win64; x64) AppleWebKit/537.36 (KHTML, like Gecko) Chrome/104.0.0.0 Safari/537.36"
213.209.159.254 - - [27/Jun/2026:21:57:05 +0700] "POST /wp-content/plugins/keep-the-score/intro.php HTTP/2" 200 29 "-" "Mozilla/5.0 (Windows NT 10.0; Win64; x64) AppleWebKit/537.36 (KHTML, like Gecko) Chrome/110.0.0.0 Safari/537.36"
213.209.159.254 - - [27/Jun/2026:21:57:09 +0700] "POST /wp-content/plugins/keep-the-score/intro.php HTTP/2" 200 55 "-" "Mozilla/5.0 (Linux; Android 12; Pixel 6) AppleWebKit/537.36 (KHTML, like Gecko) Chrome/99.0.4844.58 Mobile Safari/537.36"
213.209.159.254 - - [27/Jun/2026:21:57:16 +0700] "POST /wp-content/plugins/keep-the-score/intro.php HTTP/2" 200 35 "-" "Mozilla/5.0 (Windows NT 10.0; Win64; x64) AppleWebKit/537.36 (KHTML, like Gecko) Chrome/100.0.4896.75 Safari/537.36"
213.209.159.254 - - [27/Jun/2026:21:58:25 +0700] "POST /wp-content/plugins/keep-the-score/intro.php HTTP/2" 200 31 "-" "Mozilla/5.0 (Macintosh; Intel Mac OS X 10_15_7) AppleWebKit/605.1.15 (KHTML, like Gecko) Version/15.5 Safari/605.1.15"
66.249.68.38 - - [27/Jun/2026:21:59:21 +0700] "GET /?s=48092158934 HTTP/1.1" 200 81806 "-" "Mozilla/5.0 (Linux; Android 6.0.1; Nexus 5X Build/MMB29P) AppleWebKit/537.36 (KHTML, like Gecko) Chrome/148.0.7778.96 Mobile Safari/537.36 (compatible; Googlebot/2.1; +http://www.google.com/bot.html)"
213.209.159.254 - - [27/Jun/2026:21:59:44 +0700] "POST /wp-content/plugins/keep-the-score/intro.php HTTP/2" 200 31 "-" "Mozilla/5.0 (Windows NT 10.0; Win64; x64) AppleWebKit/537.36 (KHTML, like Gecko) Chrome/101.0.4951.64 Safari/537.36 Edg/101.0.1210.47"
158.69.215.39 - - [27/Jun/2026:22:00:26 +0700] "GET /wp-login.php HTTP/2" 200 2880 "-" "Mozilla/5.0 (Macintosh; Intel Mac OS X 11_7_10) AppleWebKit/537.36 (KHTML, like Gecko) Chrome/133.0.0.0 Safari/537.36"
158.69.215.39 - - [27/Jun/2026:22:00:26 +0700] "POST /wp-login.php HTTP/2" 200 3053 "https://site.proid.vn/wp-login.php" "Mozilla/5.0 (Macintosh; Intel Mac OS X 11_7_10) AppleWebKit/537.36 (KHTML, like Gecko) Chrome/133.0.0.0 Safari/537.36"
213.209.159.254 - - [27/Jun/2026:22:01:46 +0700] "POST /wp-content/plugins/keep-the-score/intro.php HTTP/2" 200 46 "-" "Mozilla/5.0 (Windows NT 10.0; Win64; x64) AppleWebKit/537.36 (KHTML, like Gecko) Chrome/110.0.0.0 Safari/537.36"
66.249.71.100 - - [27/Jun/2026:22:01:49 +0700] "GET /?g=93502252973 HTTP/1.1" 200 82151 "-" "Mozilla/5.0 (Linux; Android 6.0.1; Nexus 5X Build/MMB29P) AppleWebKit/537.36 (KHTML, like Gecko) Chrome/148.0.7778.96 Mobile Safari/537.36 (compatible; Googlebot/2.1; +http://www.google.com/bot.html)"
213.209.159.254 - - [27/Jun/2026:22:01:51 +0700] "POST /wp-content/plugins/keep-the-score/intro.php HTTP/2" 200 0 "-" "Mozilla/5.0 (Windows NT 10.0; Win64; x64) AppleWebKit/537.36 (KHTML, like Gecko) Chrome/110.0.0.0 Safari/537.36"
213.209.159.254 - - [27/Jun/2026:22:02:15 +0700] "POST /wp-content/plugins/keep-the-score/intro.php HTTP/2" 200 28 "-" "Mozilla/5.0 (Windows NT 10.0; Win64; x64) AppleWebKit/537.36 (KHTML, like Gecko) Chrome/99.0.4844.51 Safari/537.36 Edg/99.0.1150.30"
47.82.11.209 - - [27/Jun/2026:22:03:10 +0700] "GET /?g=93502123677 HTTP/1.1" 200 36972 "https://site.proid.vn/" "Mozilla/5.0 (Windows NT 10.0; Win64; x64) AppleWebKit/537.36 (KHTML, like Gecko) Chrome/135.0.0.0 Safari/537.36"
103.174.51.103 - - [27/Jun/2026:22:03:53 +0700] "GET /wp-login.php HTTP/2" 200 2879 "-" "Mozilla/5.0 (X11; Linux x86_64) AppleWebKit/537.36 (KHTML, like Gecko) Chrome/133.0.0.0 Safari/537.36 Edg/133.0.0.0"
103.174.51.103 - - [27/Jun/2026:22:03:57 +0700] "POST /wp-login.php HTTP/2" 200 3049 "https://site.proid.vn/wp-login.php" "Mozilla/5.0 (X11; Linux x86_64) AppleWebKit/537.36 (KHTML, like Gecko) Chrome/133.0.0.0 Safari/537.36 Edg/133.0.0.0"
66.249.68.39 - - [27/Jun/2026:22:03:57 +0700] "GET /?h=414779565 HTTP/1.1" 200 80674 "-" "Mozilla/5.0 (Linux; Android 6.0.1; Nexus 5X Build/MMB29P) AppleWebKit/537.36 (KHTML, like Gecko) Chrome/148.0.7778.96 Mobile Safari/537.36 (compatible; Googlebot/2.1; +http://www.google.com/bot.html)"
213.209.159.254 - - [27/Jun/2026:22:05:58 +0700] "POST /wp-content/plugins/keep-the-score/intro.php HTTP/2" 200 51 "-" "Mozilla/5.0 (Macintosh; Intel Mac OS X 10_15_7) AppleWebKit/605.1.15 (KHTML, like Gecko) Version/15.5 Safari/605.1.15"
213.209.159.254 - - [27/Jun/2026:22:05:59 +0700] "POST /wp-content/plugins/keep-the-score/intro.php HTTP/2" 200 29 "-" "Mozilla/5.0 (Windows NT 10.0; Win64; x64) AppleWebKit/537.36 (KHTML, like Gecko) Chrome/99.0.4844.51 Safari/537.36"
213.209.159.254 - - [27/Jun/2026:22:06:07 +0700] "POST /wp-content/plugins/keep-the-score/intro.php HTTP/2" 200 48 "-" "Mozilla/5.0 (Windows NT 10.0; Win64; x64) AppleWebKit/537.36 (KHTML, like Gecko) Chrome/101.0.4951.67 Safari/537.36"
213.209.159.254 - - [27/Jun/2026:22:06:12 +0700] "POST /wp-content/plugins/keep-the-score/intro.php HTTP/2" 200 35 "-" "Mozilla/5.0 (Windows NT 10.0; Win64; x64) AppleWebKit/537.36 (KHTML, like Gecko) Chrome/99.0.4844.51 Safari/537.36"
213.209.159.254 - - [27/Jun/2026:22:08:09 +0700] "POST /wp-content/plugins/keep-the-score/intro.php HTTP/2" 200 35 "-" "Mozilla/5.0 (Windows NT 10.0; Win64; x64) AppleWebKit/537.36 (KHTML, like Gecko) Chrome/99.0.4844.51 Safari/537.36 Edg/99.0.1150.30"
213.209.159.254 - - [27/Jun/2026:22:10:00 +0700] "POST /wp-content/plugins/keep-the-score/intro.php HTTP/2" 200 35 "-" "Mozilla/5.0 (iPhone; CPU iPhone OS 17_2 like Mac OS X) AppleWebKit/605.1.15 (KHTML, like Gecko) Version/17.2 Mobile/15E148 Safari/604.1"
213.209.159.254 - - [27/Jun/2026:22:10:06 +0700] "POST /wp-content/plugins/keep-the-score/intro.php HTTP/2" 200 35 "-" "Mozilla/5.0 (Windows NT 10.0; Win64; x64) AppleWebKit/537.36 (KHTML, like Gecko) Chrome/104.0.0.0 Safari/537.36"
213.209.159.254 - - [27/Jun/2026:22:11:09 +0700] "POST /wp-content/plugins/keep-the-score/intro.php HTTP/2" 200 35 "-" "Mozilla/5.0 (Windows NT 10.0; Win64; x64) AppleWebKit/537.36 (KHTML, like Gecko) Chrome/99.0.4844.51 Safari/537.36"
207.7.91.167 - - [27/Jun/2026:22:11:14 +0700] "GET /wp-login.php HTTP/2" 200 2879 "-" "Mozilla/5.0 (X11; CrOS x86_64 14541.0.0) AppleWebKit/537.36 (KHTML, like Gecko) Chrome/133.0.0.0 Safari/537.36"
207.7.91.167 - - [27/Jun/2026:22:11:15 +0700] "POST /wp-login.php HTTP/2" 200 3052 "https://site.proid.vn/wp-login.php" "Mozilla/5.0 (X11; CrOS x86_64 14541.0.0) AppleWebKit/537.36 (KHTML, like Gecko) Chrome/133.0.0.0 Safari/537.36"
173.247.255.22 - - [27/Jun/2026:22:11:58 +0700] "GET /wp-login.php HTTP/2" 200 2879 "-" "Mozilla/5.0 (X11; Linux i686) AppleWebKit/537.36 (KHTML, like Gecko) Chrome/133.0.0.0 Safari/537.36"
173.247.255.22 - - [27/Jun/2026:22:11:59 +0700] "POST /wp-login.php HTTP/2" 200 3026 "https://site.proid.vn/wp-login.php" "Mozilla/5.0 (X11; Linux i686) AppleWebKit/537.36 (KHTML, like Gecko) Chrome/133.0.0.0 Safari/537.36"
213.209.159.254 - - [27/Jun/2026:22:12:20 +0700] "POST /wp-content/plugins/keep-the-score/intro.php HTTP/2" 200 35 "-" "Mozilla/5.0 (Windows NT 10.0; Win64; x64) AppleWebKit/537.36 (KHTML, like Gecko) Chrome/101.0.4951.64 Safari/537.36 Edg/101.0.1210.47"
216.73.217.174 - - [27/Jun/2026:22:12:41 +0700] "GET /wp-includes/images/icon-library/replace.svg HTTP/2" 200 283 "-" "Mozilla/5.0 AppleWebKit/537.36 (KHTML, like Gecko; compatible; ClaudeBot/1.0; +claudebot@anthropic.com)"
216.73.217.174 - - [27/Jun/2026:22:12:41 +0700] "GET /wp-includes/images/icon-library/shortcode.svg HTTP/2" 200 197 "-" "Mozilla/5.0 AppleWebKit/537.36 (KHTML, like Gecko; compatible; ClaudeBot/1.0; +claudebot@anthropic.com)"
216.73.217.174 - - [27/Jun/2026:22:12:42 +0700] "GET /wp-includes/sodium_compat/namespaced/Core/ChaCha20.php HTTP/2" 500 0 "-" "Mozilla/5.0 AppleWebKit/537.36 (KHTML, like Gecko; compatible; ClaudeBot/1.0; +claudebot@anthropic.com)"
216.73.217.174 - - [27/Jun/2026:22:12:44 +0700] "GET /wp-includes/images/icon-library/stack.svg HTTP/2" 200 160 "-" "Mozilla/5.0 AppleWebKit/537.36 (KHTML, like Gecko; compatible; ClaudeBot/1.0; +claudebot@anthropic.com)"
216.73.217.174 - - [27/Jun/2026:22:12:44 +0700] "GET /wp-includes/sodium_compat/src/Core32/ChaCha20/IetfCtx.php HTTP/2" 500 0 "-" "Mozilla/5.0 AppleWebKit/537.36 (KHTML, like Gecko; compatible; ClaudeBot/1.0; +claudebot@anthropic.com)"
216.73.217.174 - - [27/Jun/2026:22:12:45 +0700] "GET /wp-includes/images/icon-library/code.svg HTTP/2" 200 169 "-" "Mozilla/5.0 AppleWebKit/537.36 (KHTML, like Gecko; compatible; ClaudeBot/1.0; +claudebot@anthropic.com)"
216.73.217.174 - - [27/Jun/2026:22:12:44 +0700] "GET /outlet/058000288 HTTP/2" 200 0 "-" "Mozilla/5.0 AppleWebKit/537.36 (KHTML, like Gecko; compatible; ClaudeBot/1.0; +claudebot@anthropic.com)"
216.73.217.174 - - [27/Jun/2026:22:12:53 +0700] "GET /wp-includes/sodium_compat/src/Core/Curve25519/Fe.php HTTP/2" 200 0 "-" "Mozilla/5.0 AppleWebKit/537.36 (KHTML, like Gecko; compatible; ClaudeBot/1.0; +claudebot@anthropic.com)"
216.73.217.174 - - [27/Jun/2026:22:12:54 +0700] "GET /wp-includes/js/dist/vendor/react.min.js HTTP/2" 200 4117 "-" "Mozilla/5.0 AppleWebKit/537.36 (KHTML, like Gecko; compatible; ClaudeBot/1.0; +claudebot@anthropic.com)"
216.73.217.174 - - [27/Jun/2026:22:12:56 +0700] "GET /wp-includes/php-ai-client/src/Tools/DTO/FunctionCall.php HTTP/2" 500 0 "-" "Mozilla/5.0 AppleWebKit/537.36 (KHTML, like Gecko; compatible; ClaudeBot/1.0; +claudebot@anthropic.com)"
216.73.217.174 - - [27/Jun/2026:22:12:57 +0700] "GET /wp-includes/block-patterns/query-medium-posts.php HTTP/2" 404 28384 "-" "Mozilla/5.0 AppleWebKit/537.36 (KHTML, like Gecko; compatible; ClaudeBot/1.0; +claudebot@anthropic.com)"
216.73.217.174 - - [27/Jun/2026:22:12:58 +0700] "GET / HTTP/2" 200 36966 "-" "Mozilla/5.0 AppleWebKit/537.36 (KHTML, like Gecko; compatible; ClaudeBot/1.0; +claudebot@anthropic.com)"
216.73.217.174 - - [27/Jun/2026:22:12:59 +0700] "GET /items/J843934179 HTTP/2" 200 0 "-" "Mozilla/5.0 AppleWebKit/537.36 (KHTML, like Gecko; compatible; ClaudeBot/1.0; +claudebot@anthropic.com)"
213.209.159.254 - - [27/Jun/2026:22:13:49 +0700] "POST /wp-content/plugins/keep-the-score/intro.php HTTP/2" 200 35 "-" "Mozilla/5.0 (Macintosh; Intel Mac OS X 10_15_7) AppleWebKit/605.1.15 (KHTML, like Gecko) Version/15.5 Safari/605.1.15"
213.209.159.254 - - [27/Jun/2026:22:13:55 +0700] "POST /wp-content/plugins/keep-the-score/intro.php HTTP/2" 200 35 "-" "Mozilla/5.0 (Macintosh; Intel Mac OS X 10_15_7) AppleWebKit/605.1.15 (KHTML, like Gecko) Version/15.3 Safari/605.1.15"
155.254.17.105 - - [27/Jun/2026:22:14:29 +0700] "GET /wp-login.php HTTP/2" 200 2879 "-" "Mozilla/5.0 (X11; CrOS x86_64 14541.0.0) AppleWebKit/537.36 (KHTML, like Gecko) Chrome/133.0.0.0 Safari/537.36"
155.254.17.105 - - [27/Jun/2026:22:14:30 +0700] "POST /wp-login.php HTTP/2" 200 3049 "https://site.proid.vn/wp-login.php" "Mozilla/5.0 (X11; CrOS x86_64 14541.0.0) AppleWebKit/537.36 (KHTML, like Gecko) Chrome/133.0.0.0 Safari/537.36"
85.215.252.72 - - [27/Jun/2026:22:17:33 +0700] "POST /wp-content/plugins/keep-the-score/intro.php HTTP/2" 200 42 "-" "Mozilla/5.0 (Macintosh; Intel Mac OS X 10_15_7) AppleWebKit/537.36 (KHTML, like Gecko) Chrome/119.0.0.0 Safari/537.36"
85.215.252.72 - - [27/Jun/2026:22:17:50 +0700] "POST /wp-content/plugins/keep-the-score/intro.php HTTP/2" 200 31 "-" "Mozilla/5.0 (Windows NT 10.0; Win64; x64) AppleWebKit/537.36 (KHTML, like Gecko) Chrome/116.0.0.0 Safari/537.36"
85.215.252.72 - - [27/Jun/2026:22:19:22 +0700] "POST /wp-content/plugins/keep-the-score/intro.php HTTP/2" 200 54 "-" "Mozilla/5.0 (Macintosh; Intel Mac OS X 10_15_7) AppleWebKit/605.1.15 (KHTML, like Gecko) Version/17.0 Safari/605.1.15"
85.215.252.72 - - [27/Jun/2026:22:19:26 +0700] "POST /wp-content/plugins/keep-the-score/intro.php HTTP/2" 200 0 "-" "Mozilla/5.0 (Macintosh; Intel Mac OS X 10_15_7) AppleWebKit/605.1.15 (KHTML, like Gecko) Version/15.5 Safari/605.1.15"
85.215.252.72 - - [27/Jun/2026:22:19:53 +0700] "POST /wp-content/plugins/keep-the-score/intro.php HTTP/2" 200 28 "-" "Mozilla/5.0 (Windows NT 10.0; Win64; x64) AppleWebKit/537.36 (KHTML, like Gecko) Chrome/107.0.0.0 Safari/537.36"
85.215.252.72 - - [27/Jun/2026:22:21:54 +0700] "POST /wp-content/plugins/keep-the-score/intro.php HTTP/2" 200 41 "-" "Mozilla/5.0 (Windows NT 10.0; Win64; x64) AppleWebKit/537.36 (KHTML, like Gecko) Chrome/101.0.4951.67 Safari/537.36"
85.215.252.72 - - [27/Jun/2026:22:21:58 +0700] "POST /wp-content/plugins/keep-the-score/intro.php HTTP/2" 200 29 "-" "Mozilla/5.0 (Windows NT 10.0; Win64; x64) AppleWebKit/537.36 (KHTML, like Gecko) Chrome/101.0.4951.67 Safari/537.36"
47.82.11.132 - - [27/Jun/2026:22:21:56 +0700] "GET /?v=26281101626 HTTP/1.1" 200 36961 "https://site.proid.vn/" "Mozilla/5.0 (Windows NT 10.0; Win64; x64) AppleWebKit/537.36 (KHTML, like Gecko) Chrome/135.0.0.0 Safari/537.36"
85.215.252.72 - - [27/Jun/2026:22:22:11 +0700] "POST /wp-content/plugins/keep-the-score/intro.php HTTP/2" 200 51 "-" "Mozilla/5.0 (Windows NT 10.0; Win64; x64) AppleWebKit/537.36 (KHTML, like Gecko) Chrome/100.0.4896.75 Safari/537.36"
152.42.137.70 - - [27/Jun/2026:22:22:36 +0700] "GET /wp-login.php HTTP/2" 200 2879 "-" "Mozilla/5.0 (X11; Fedora; Linux x86_64) AppleWebKit/537.36 (KHTML, like Gecko) Chrome/133.0.0.0 Safari/537.36"
152.42.137.70 - - [27/Jun/2026:22:22:37 +0700] "POST /wp-login.php HTTP/2" 200 3052 "https://site.proid.vn/wp-login.php" "Mozilla/5.0 (X11; Fedora; Linux x86_64) AppleWebKit/537.36 (KHTML, like Gecko) Chrome/133.0.0.0 Safari/537.36"
85.215.252.72 - - [27/Jun/2026:22:22:17 +0700] "POST /wp-content/plugins/keep-the-score/intro.php HTTP/2" 200 35 "-" "Mozilla/5.0 (Linux; Android 12; Pixel 6) AppleWebKit/537.36 (KHTML, like Gecko) Chrome/99.0.4844.58 Mobile Safari/537.36"
213.209.159.254 - - [27/Jun/2026:22:23:32 +0700] "POST /wp-content/plugins/keep-the-score/intro.php HTTP/2" 200 45 "-" "Mozilla/5.0 (iPhone; CPU iPhone OS 17_2 like Mac OS X) AppleWebKit/605.1.15 (KHTML, like Gecko) Version/17.2 Mobile/15E148 Safari/604.1"
85.215.252.72 - - [27/Jun/2026:22:23:30 +0700] "POST /wp-content/plugins/keep-the-score/intro.php HTTP/2" 200 31 "-" "Mozilla/5.0 (Macintosh; Intel Mac OS X 10_15_7) AppleWebKit/605.1.15 (KHTML, like Gecko) Version/17.0 Safari/605.1.15"
213.209.159.254 - - [27/Jun/2026:22:23:37 +0700] "POST /wp-content/plugins/keep-the-score/intro.php HTTP/2" 200 0 "-" "Mozilla/5.0 (Windows NT 10.0; Win64; x64) AppleWebKit/537.36 (KHTML, like Gecko) Chrome/116.0.0.0 Safari/537.36"
